{"id":491,"date":"2022-11-30T22:04:09","date_gmt":"2022-11-30T21:04:09","guid":{"rendered":"https:\/\/blogsaverroes.juntadeandalucia.es\/ies-azahar\/?page_id=491"},"modified":"2024-06-28T00:02:19","modified_gmt":"2024-06-27T22:02:19","slug":"instituto","status":"publish","type":"page","link":"https:\/\/blogsaverroes.juntadeandalucia.es\/ies-azahar\/instituto\/","title":{"rendered":"Mosaico de azulejos con el logo del IES AZAHAR"},"content":{"rendered":"<div dir=\"auto\">&nbsp;<\/div>\n<div dir=\"auto\"><img loading=\"lazy\" decoding=\"async\" class=\"size-medium wp-image-586 aligncenter\" src=\"https:\/\/blogsaverroes.juntadeandalucia.es\/ies-azahar\/files\/2024\/06\/azulejos-logo-iesazahar-225x300.jpg\" alt=\"\" width=\"225\" height=\"300\" srcset=\"https:\/\/blogsaverroes.juntadeandalucia.es\/ies-azahar\/files\/2024\/06\/azulejos-logo-iesazahar-225x300.jpg 225w, https:\/\/blogsaverroes.juntadeandalucia.es\/ies-azahar\/files\/2024\/06\/azulejos-logo-iesazahar-768x1024.jpg 768w, https:\/\/blogsaverroes.juntadeandalucia.es\/ies-azahar\/files\/2024\/06\/azulejos-logo-iesazahar-1152x1536.jpg 1152w, https:\/\/blogsaverroes.juntadeandalucia.es\/ies-azahar\/files\/2024\/06\/azulejos-logo-iesazahar.jpg 1536w\" sizes=\"(max-width: 225px) 100vw, 225px\" \/><\/div>\n<div dir=\"auto\">&nbsp;<\/div>\n<div dir=\"auto\"><span style=\"font-family: helvetica, arial, sans-serif\">El IES Azahar despide el curso con una bonita novedad.<\/span><\/div>\n<div dir=\"auto\">&nbsp;<\/div>\n<div dir=\"auto\"><span style=\"font-family: helvetica, arial, sans-serif\">Los alumnos de 3\u00ba A, junto a su tutor Jes\u00fas Sol\u00eds, han realizado durante todo el tercer trimestre un mosaico de azulejos con el logotipo del IES Azahar, en la entrada del edificio del propio instituto.<\/span><\/div>\n<div dir=\"auto\">&nbsp;<\/div>\n<div dir=\"auto\"><span style=\"font-family: helvetica, arial, sans-serif\">El mosaico, que&nbsp; tiene unas dimensiones de 2,6 metros de alto por 2,1 metros de ancho, est\u00e1 compuesto por m\u00e1s de 7.000 peque\u00f1as&nbsp; piezas de azulejos de cinco colores diferentes, que el propio alumnado ha ido partiendo y encajando una a una.&nbsp;<\/span><\/div>\n<div dir=\"auto\">&nbsp;<\/div>\n<div dir=\"auto\"><span style=\"font-family: helvetica, arial, sans-serif\">Recordemos que el logotipo del centro representa un naranjo ba\u00f1ado por el&nbsp; r\u00edo Guadiaro y fue dise\u00f1ado por una antigua alumna del centro.<\/span><\/div>\n<div dir=\"auto\">&nbsp;<\/div>\n<div dir=\"auto\"><span style=\"font-family: helvetica, arial, sans-serif\">\u00a1Enhorabuena por el gran trabajo!<\/span><\/div>\n","protected":false},"excerpt":{"rendered":"<p>&nbsp; &nbsp; El IES Azahar despide el curso con una bonita novedad. &nbsp; Los alumnos de 3\u00ba A, junto a su tutor Jes\u00fas Sol\u00eds, han realizado durante todo el tercer trimestre un mosaico de&#46;&#46;&#46;<\/p>\n","protected":false},"author":7262,"featured_media":0,"parent":0,"menu_order":0,"comment_status":"closed","ping_status":"closed","template":"","meta":{"ngg_post_thumbnail":0,"footnotes":""},"aioseo_notices":[],"_links":{"self":[{"href":"https:\/\/blogsaverroes.juntadeandalucia.es\/ies-azahar\/wp-json\/wp\/v2\/pages\/491"}],"collection":[{"href":"https:\/\/blogsaverroes.juntadeandalucia.es\/ies-azahar\/wp-json\/wp\/v2\/pages"}],"about":[{"href":"https:\/\/blogsaverroes.juntadeandalucia.es\/ies-azahar\/wp-json\/wp\/v2\/types\/page"}],"author":[{"embeddable":true,"href":"https:\/\/blogsaverroes.juntadeandalucia.es\/ies-azahar\/wp-json\/wp\/v2\/users\/7262"}],"replies":[{"embeddable":true,"href":"https:\/\/blogsaverroes.juntadeandalucia.es\/ies-azahar\/wp-json\/wp\/v2\/comments?post=491"}],"version-history":[{"count":6,"href":"https:\/\/blogsaverroes.juntadeandalucia.es\/ies-azahar\/wp-json\/wp\/v2\/pages\/491\/revisions"}],"predecessor-version":[{"id":588,"href":"https:\/\/blogsaverroes.juntadeandalucia.es\/ies-azahar\/wp-json\/wp\/v2\/pages\/491\/revisions\/588"}],"wp:attachment":[{"href":"https:\/\/blogsaverroes.juntadeandalucia.es\/ies-azahar\/wp-json\/wp\/v2\/media?parent=491"}],"curies":[{"name":"wp","href":"https:\/\/api.w.org\/{rel}","templated":true}]}}

<div dir="auto">&nbsp;</div>
<div dir="auto"><img loading="lazy" decoding="async" class="size-medium wp-image-586 aligncenter" src="https://blogsaverroes.juntadeandalucia.es/ies-azahar/files/2024/06/azulejos-logo-iesazahar-225x300.jpg" alt="" width="225" height="300" srcset="https://blogsaverroes.juntadeandalucia.es/ies-azahar/files/2024/06/azulejos-logo-iesazahar-225x300.jpg 225w, https://blogsaverroes.juntadeandalucia.es/ies-azahar/files/2024/06/azulejos-logo-iesazahar-768x1024.jpg 768w, https://blogsaverroes.juntadeandalucia.es/ies-azahar/files/2024/06/azulejos-logo-iesazahar-1152x1536.jpg 1152w, https://blogsaverroes.juntadeandalucia.es/ies-azahar/files/2024/06/azulejos-logo-iesazahar.jpg 1536w" sizes="(max-width: 225px) 100vw, 225px" /></div>
<div dir="auto">&nbsp;</div>
<div dir="auto"><span style="font-family: helvetica, arial, sans-serif">El IES Azahar despide el curso con una bonita novedad.</span></div>
<div dir="auto">&nbsp;</div>
<div dir="auto"><span style="font-family: helvetica, arial, sans-serif">Los alumnos de 3º A, junto a su tutor Jesús Solís, han realizado durante todo el tercer trimestre un mosaico de azulejos con el logotipo del IES Azahar, en la entrada del edificio del propio instituto.</span></div>
<div dir="auto">&nbsp;</div>
<div dir="auto"><span style="font-family: helvetica, arial, sans-serif">El mosaico, que&nbsp; tiene unas dimensiones de 2,6 metros de alto por 2,1 metros de ancho, está compuesto por más de 7.000 pequeñas&nbsp; piezas de azulejos de cinco colores diferentes, que el propio alumnado ha ido partiendo y encajando una a una.&nbsp;</span></div>
<div dir="auto">&nbsp;</div>
<div dir="auto"><span style="font-family: helvetica, arial, sans-serif">Recordemos que el logotipo del centro representa un naranjo bañado por el&nbsp; río Guadiaro y fue diseñado por una antigua alumna del centro.</span></div>
<div dir="auto">&nbsp;</div>
<div dir="auto"><span style="font-family: helvetica, arial, sans-serif">¡Enhorabuena por el gran trabajo!</span></div>

<p>&nbsp; &nbsp; El IES Azahar despide el curso con una bonita novedad. &nbsp; Los alumnos de 3º A, junto a su tutor Jesús Solís, han realizado durante todo el tercer trimestre un mosaico de&#46;&#46;&#46;</p>
