{"id":246,"date":"2017-03-30T07:01:48","date_gmt":"2017-03-30T07:01:48","guid":{"rendered":"https:\/\/iesmurillo.com\/?page_id=246"},"modified":"2023-05-15T08:08:14","modified_gmt":"2023-05-15T07:08:14","slug":"historia","status":"publish","type":"page","link":"https:\/\/blogsaverroes.juntadeandalucia.es\/ies-murillo\/el-centro\/historia\/","title":{"rendered":"Historia"},"content":{"rendered":"<p style=\"text-align: justify\"><img loading=\"lazy\" decoding=\"async\" class=\"size-full wp-image-404\" src=\"https:\/\/blogsaverroes.juntadeandalucia.es\/ies-murillo\/files\/2017\/03\/fondo-cabecera1.jpg\" alt=\"\" width=\"1000\" height=\"256\" srcset=\"https:\/\/blogsaverroes.juntadeandalucia.es\/ies-murillo\/files\/2017\/03\/fondo-cabecera1.jpg 1000w, https:\/\/blogsaverroes.juntadeandalucia.es\/ies-murillo\/files\/2017\/03\/fondo-cabecera1-300x77.jpg 300w, https:\/\/blogsaverroes.juntadeandalucia.es\/ies-murillo\/files\/2017\/03\/fondo-cabecera1-768x197.jpg 768w, https:\/\/blogsaverroes.juntadeandalucia.es\/ies-murillo\/files\/2017\/03\/fondo-cabecera1-980x251.jpg 980w, https:\/\/blogsaverroes.juntadeandalucia.es\/ies-murillo\/files\/2017\/03\/fondo-cabecera1-480x123.jpg 480w\" sizes=\"(max-width: 1000px) 100vw, 1000px\" \/><\/p>\n<h2 style=\"text-align: center\"><strong>Historia del Instituto Murillo.<br \/>\nSus cuatro sedes.<\/strong><\/h2>\n<p style=\"text-align: justify\">El a\u00f1o 2008 se celebr\u00f3 el 75\u00ba aniversario de la creaci\u00f3n del Instituto Murillo en la ciudad de Sevilla. Es un Instituto antiguo en el tiempo, con la solidez de la tradici\u00f3n, pero moderno y adaptado a las nuevas necesidades educativas del siglo XXI, como iremos viendo a lo largo de este paseo por su historia, sus aulas y su comunidad educativa.<\/p>\n<h2 style=\"text-align: center\"><strong>Los primeros a\u00f1os en La Florida<\/strong><\/h2>\n<p style=\"text-align: justify\"><img loading=\"lazy\" decoding=\"async\" class=\"alignleft wp-image-409 size-medium\" src=\"https:\/\/blogsaverroes.juntadeandalucia.es\/ies-murillo\/files\/2017\/03\/histfoto1-300x209.jpg\" alt=\"\" width=\"300\" height=\"209\" srcset=\"https:\/\/blogsaverroes.juntadeandalucia.es\/ies-murillo\/files\/2017\/03\/histfoto1-300x209.jpg 300w, https:\/\/blogsaverroes.juntadeandalucia.es\/ies-murillo\/files\/2017\/03\/histfoto1-480x334.jpg 480w, https:\/\/blogsaverroes.juntadeandalucia.es\/ies-murillo\/files\/2017\/03\/histfoto1.jpg 500w\" sizes=\"(max-width: 300px) 100vw, 300px\" \/>Sus inicios se remontan al 29 de octubre del a\u00f1o 1933 cuando se funda, teniendo como director a don Enrique Anaya Padilla, denomin\u00e1ndose Instituto Nacional de 2\u00aa Ense\u00f1anza. La sede estaba en la calle Men\u00e9ndez Pelayo n\u00famero 39 y formaba parte de su Claustro entre otras insignes personalidades de la cultura y el saber el profesor don Antonio Dom\u00ednguez Ortiz, encargado de un curso de Geograf\u00eda e Historia. Ser\u00e1 un a\u00f1o m\u00e1s tarde, el 4 de marzo de 1934, cuando se propone el nombre de Instituto Murillo.<\/p>\n<p style=\"text-align: justify\">All\u00ed se asist\u00edan en r\u00e9gimen de coeducaci\u00f3n sevillanos y sevillanas de familias acomodadas que recib\u00edan ense\u00f1anzas con el esp\u00edritu liberal del Instituto Escuela. Hoy d\u00eda, una de esas primeras promociones, la de 1935, se sigue reuniendo anualmente. Como ellos mismos relatan, se escapaban cuando pod\u00edan a comer palomitas y caramelos en un jard\u00edn pr\u00f3ximo, la calificaci\u00f3n m\u00e1xima era un 6 y el prestigio del profesorado muy reconocido. Hac\u00edan deportes y juegos en el campo del Sevilla FC que los mi\u00e9rcoles ced\u00eda sus instalaciones.<\/p>\n<p style=\"text-align: justify\">La guerra civil espa\u00f1ola provoc\u00f3 en estas aulas modificaciones sustanciales. As\u00ed, a partir de 1938, se suprime la coeducaci\u00f3n y se convierte en instituto femenino. La profesionalidad del Claustro hace que, seg\u00fan consta en los libros de actas, por razones conocidas que se eluden citar, se alarga el curso escolar en dos ocasiones.<\/p>\n<h2 style=\"text-align: center\"><strong>La segunda sede: el Pabell\u00f3n de la Argentina de 1929<\/strong><\/h2>\n<p style=\"text-align: justify\"><img loading=\"lazy\" decoding=\"async\" class=\"alignleft wp-image-411 size-medium\" title=\"Pabell\u00f3n de La Argentina, en Avenida de La Palmera (antiguo Pabell\u00f3n de Argentina, 1929)\" src=\"https:\/\/blogsaverroes.juntadeandalucia.es\/ies-murillo\/files\/2017\/03\/fotohistoria-2-300x225.jpg\" alt=\"Pabell\u00f3n de La Argentina, en Avenida de La Palmera ( antiguo Pabell\u00f3n de Argentina, 1929)\" width=\"300\" height=\"225\" srcset=\"https:\/\/blogsaverroes.juntadeandalucia.es\/ies-murillo\/files\/2017\/03\/fotohistoria-2-300x225.jpg 300w, https:\/\/blogsaverroes.juntadeandalucia.es\/ies-murillo\/files\/2017\/03\/fotohistoria-2-480x360.jpg 480w, https:\/\/blogsaverroes.juntadeandalucia.es\/ies-murillo\/files\/2017\/03\/fotohistoria-2.jpg 500w\" sizes=\"(max-width: 300px) 100vw, 300px\" \/><\/p>\n<p style=\"text-align: justify\">La segunda sede del Instituto Murillo fue el Pabell\u00f3n que, con motivo de la Exposici\u00f3n Iberoamericana de 1929, construy\u00f3 la Rep\u00fablica Argentina en uno solar cedido por el Ayuntamiento de Sevilla durante 75 a\u00f1os denominado Naranjal de la Bella Flor, en la actual Avenida de las Delicias. En 1949 debido a las muchas y delicadas gestiones del Catedr\u00e1tico de Filosof\u00eda Vicente Genov\u00e9s se convierte en Instituto Murillo, primero de los institutos femeninos de Sevilla.<\/p>\n<p style=\"text-align: justify\">A partir de esos a\u00f1os, se fue formando una magn\u00edfica Biblioteca de m\u00e1s de 12000 vol\u00famenes con fondos del Instituto escuela y libros de valor incalculable. Situada en la primera planta, en la zona central del edificio, con un artesonado de gran belleza, por su amplitud, luminosidad y entorno era el lugar ideal para la lectura y el estudio. Se dedicar\u00e1 m\u00e1s adelante un apartado especial a la actual Biblioteca del Instituto y a su archivo hist\u00f3rico.<\/p>\n<p style=\"text-align: justify\"><img loading=\"lazy\" decoding=\"async\" class=\"alignleft wp-image-416 \" title=\"El Instituto engalanado para la feria\" src=\"https:\/\/blogsaverroes.juntadeandalucia.es\/ies-murillo\/files\/2017\/03\/histfoto6.jpg\" alt=\"\" width=\"298\" height=\"434\" srcset=\"https:\/\/blogsaverroes.juntadeandalucia.es\/ies-murillo\/files\/2017\/03\/histfoto6.jpg 343w, https:\/\/blogsaverroes.juntadeandalucia.es\/ies-murillo\/files\/2017\/03\/histfoto6-206x300.jpg 206w\" sizes=\"(max-width: 298px) 100vw, 298px\" \/><\/p>\n<p style=\"text-align: justify\">Por sus aulas pasaron muchas generaciones de j\u00f3venes sevillanas con uniformes azules y grises hasta que paulatinamente, a partir de 1980, se volvi\u00f3 al anterior sistema de coeducaci\u00f3n, inicialmente con una t\u00edmida presencia de alumnos.<\/p>\n<p style=\"text-align: justify\">La actividad cultural de esos a\u00f1os fue intensa. Narciso Yepes dio recitales de guitarra. Charlas, conferencias y mesas redondas difund\u00edan la cultura por todo el barrio de Los Remedios y la Palmera de Sevilla.<\/p>\n<p style=\"text-align: justify\">El teatro era la actividad que m\u00e1s entusiasmo despertaba. Desde 1972, el catedr\u00e1tico de Griego Francisco Aparicio, del que se hablar\u00e1 m\u00e1s adelante, se dedic\u00f3 al montaje inicialmente de obras cl\u00e1sicas, Ant\u00edgona, Hip\u00f3lito, Las Troyanas, y posteriormente a obras m\u00e1s actuales como En la ardiente oscuridad y Elo\u00edsa est\u00e1 debajo de un almendro.<\/p>\n<p style=\"text-align: justify\">De los deseos de modernidad del Instituto puede dar cuenta que ya en 1979 se represent\u00f3 en su teatro la obra de Fernando Arrabal Picnic dirigida por el Catedr\u00e1tico de Lengua castellana y Literatura Francisco Mart\u00ednez Cuadrado. Igualmente se realiz\u00f3 una exposici\u00f3n fotogr\u00e1fica acompa\u00f1ada de textos recitados y representados de la vida y obra de Luis Cernuda, en su momento muy espectacular y calificada por algunos de excesiva para un centro educativo femenino. Como se ir\u00e1 viendo, el teatro y la fotograf\u00eda han acompa\u00f1ado siempre las actividades culturales del Instituto Murillo<\/p>\n<p style=\"text-align: justify\">Las tradiciones y costumbres sevillanas tambi\u00e9n estaban presentes. Era un acontecimiento esperado por el alumnado que, vestido con el traje regional, celebraba la Feria de Abril que tambi\u00e9n ten\u00eda su caseta en el patio del Instituto, con concursos de sevillanas, de letras y de bailes. El Pabell\u00f3n de la Argentina, por su proximidad con el recinto ferial, se convert\u00eda en puente para toda la comunidad educativa.<\/p>\n<h2 style=\"text-align: center\"><strong>La tercera sede: el Palacio de San Telmo<\/strong><\/h2>\n<p style=\"text-align: justify\"><img loading=\"lazy\" decoding=\"async\" class=\"alignleft wp-image-418 size-medium\" title=\"Palacio de San Telmo\" src=\"https:\/\/blogsaverroes.juntadeandalucia.es\/ies-murillo\/files\/2017\/03\/foto-4-300x196.jpg\" alt=\"\" width=\"300\" height=\"196\" srcset=\"https:\/\/blogsaverroes.juntadeandalucia.es\/ies-murillo\/files\/2017\/03\/foto-4-300x196.jpg 300w, https:\/\/blogsaverroes.juntadeandalucia.es\/ies-murillo\/files\/2017\/03\/foto-4-480x313.jpg 480w, https:\/\/blogsaverroes.juntadeandalucia.es\/ies-murillo\/files\/2017\/03\/foto-4.jpg 500w\" sizes=\"(max-width: 300px) 100vw, 300px\" \/>En enero de 1991 hubo que abandonar este edificio de la Avenida de las Delicias por problemas de derrumbamiento y el Instituto Murillo estuvo durante breve tiempo en el Palacio de San Telmo, patrimonio en ese momento de la iglesia antes de que fuera Palacio presidencial.<\/p>\n<p style=\"text-align: justify\">Las gestiones del entonces Obispo de Sevilla, don Carlos Amigo y del Presidente de la Comunidad aut\u00f3noma, don Manuel Chaves, hicieron posible esta estancia. El Presidente, con suma generosidad, esper\u00f3 al inicio de remodelaci\u00f3n del Palacio de San Telmo para convertirlo en palacio de la Presidencia hasta que la nueva sede del Instituto Murillo estuviera finalizada.<\/p>\n<p style=\"text-align: justify\">La comunidad educativa sorte\u00f3 toda clase de inconvenientes para poner adaptar sus estancias en aulas provisionales. La belleza del edificio y el empe\u00f1o del profesorado y alumnado hicieron de esos meses una experiencia dif\u00edcil pero enriquecedora.<\/p>\n<h2 style=\"text-align: center\"><strong>La actual sede, en el Barrio sevillano de Nervi\u00f3n<\/strong><\/h2>\n<p style=\"text-align: justify\"><img loading=\"lazy\" decoding=\"async\" class=\"alignleft size-medium wp-image-419\" src=\"https:\/\/blogsaverroes.juntadeandalucia.es\/ies-murillo\/files\/2017\/03\/foto-5-300x225.jpg\" alt=\"\" width=\"300\" height=\"225\" srcset=\"https:\/\/blogsaverroes.juntadeandalucia.es\/ies-murillo\/files\/2017\/03\/foto-5-300x225.jpg 300w, https:\/\/blogsaverroes.juntadeandalucia.es\/ies-murillo\/files\/2017\/03\/foto-5-480x360.jpg 480w, https:\/\/blogsaverroes.juntadeandalucia.es\/ies-murillo\/files\/2017\/03\/foto-5.jpg 500w\" sizes=\"(max-width: 300px) 100vw, 300px\" \/>Desde el curso 1991\/1992, el Instituto Murillo se ubica en un barrio moderno, rodeado de ambiente universitario y empresarial. Los universitarios de las Facultades de Econ\u00f3micas y Empresariales, Psicolog\u00eda y Derecho son vecinos de nuestro alumnado.<\/p>\n<p style=\"text-align: justify\">Con un dise\u00f1o arquitect\u00f3nico vanguardista y adecuado a las nuevas necesidades educativas, el Instituto Murillo de Sevilla pertenece a la red de Centros TIC de la Consejer\u00eda de Educaci\u00f3n de la Junta de Andaluc\u00eda. Es centro biling\u00fce espa\u00f1ol-ingl\u00e9s y tiene en marcha 11 Proyectos de innovaci\u00f3n educativa.<\/p>\n<p style=\"text-align: justify\">Sus aulas, funcionales y modernas, son cuidadas por el alumnado y cerradas al final de cada sesi\u00f3n lectiva por el profesor responsable para garantizar su orden.<\/p>\n<p style=\"text-align: justify\"><img loading=\"lazy\" decoding=\"async\" class=\"alignleft size-medium wp-image-420\" src=\"https:\/\/blogsaverroes.juntadeandalucia.es\/ies-murillo\/files\/2017\/03\/foto-6-300x225.jpg\" alt=\"\" width=\"300\" height=\"225\" srcset=\"https:\/\/blogsaverroes.juntadeandalucia.es\/ies-murillo\/files\/2017\/03\/foto-6-300x225.jpg 300w, https:\/\/blogsaverroes.juntadeandalucia.es\/ies-murillo\/files\/2017\/03\/foto-6-480x360.jpg 480w, https:\/\/blogsaverroes.juntadeandalucia.es\/ies-murillo\/files\/2017\/03\/foto-6.jpg 500w\" sizes=\"(max-width: 300px) 100vw, 300px\" \/>Directores del IES Murillo entre 1933 y 2008: Enrique Anaya, Jos\u00e9 S\u00e1nchez Romero, Manuel Lora Tamayo, Jos\u00e9 Hern\u00e1ndez D\u00edaz, Jaime G\u00e1lvez Mu\u00f1oz, Vicente Genov\u00e9s Amor\u00f3s, Aureliano Fern\u00e1ndez, Vicente Genov\u00e9s (segundo periodo), Felipe Mateos, Juan Rodr\u00edguez Barrueco, Epifanio Machuca, Mario P\u00e9rez, Andr\u00e9s Villegas, Salvador L\u00f3pez, Jos\u00e9 Mar\u00eda Aguilar, Carmen Calero, Eduardo Guerras, Maravillas Berdonces,&nbsp; Adolfo \u00c1vila y Jos\u00e9 Alberto G\u00f3mez Velasco.<\/p>\n<div><strong>P. D.<\/strong>: En <a  class=\"_3d-flip-book  fb3d-link-lightbox-mode\" data-id=\"10259\" data-mode=\"link-lightbox\" data-title=\"TRUE\" data-template=\"short-white-book-view\" data-lightbox=\"dark\" data-urlparam=\"fb3d-page\" data-page-n=\"0\" data-pdf=\"\" data-tax=\"null\" data-thumbnail=\"\" data-cols=\"3\" data-book-template=\"default\" data-trigger=\"\">este art\u00edculo<\/a><script type=\"text\/javascript\">window.FB3D_CLIENT_DATA = window.FB3D_CLIENT_DATA || [];FB3D_CLIENT_DATA.push('eyJwb3N0cyI6eyIxMDI1OSI6eyJJRCI6MTAyNTksInRpdGxlIjoiSElTVE9SSUEgTVVSSUxMTyIsInR5cGUiOiJwZGYiLCJyZWFkeV9mdW5jdGlvbiI6IiIsImJvb2tfc3R5bGUiOiJ2b2x1bWUiLCJib29rX3RlbXBsYXRlIjoibm9uZSIsIm91dGxpbmUiOltdLCJkYXRhIjp7InBvc3RfSUQiOiIxMDI2MCIsImd1aWQiOiJodHRwczpcL1wvYmxvZ3NhdmVycm9lcy5qdW50YWRlYW5kYWx1Y2lhLmVzXC9pZXMtbXVyaWxsb1wvZmlsZXNcLzIwMjNcLzA1XC9BcnRcdTAwZWRjdWxvLUp1YW4tTHVpcy1IaXN0b3JpYS1NdXJpbGxvLTEucGRmIiwicGRmX3BhZ2VzIjoiNiIsInBhZ2VzX2N1c3RvbWl6YXRpb24iOiJub25lIn0sInRodW1ibmFpbCI6eyJkYXRhIjp7InBvc3RfSUQiOiIwIn0sInR5cGUiOiJhdXRvIn0sInByb3BzIjp7ImJhY2tncm91bmRDb2xvciI6ImF1dG8iLCJiYWNrZ3JvdW5kSW1hZ2UiOiJhdXRvIiwiYmFja2dyb3VuZFN0eWxlIjoiYXV0byIsImhpZ2hsaWdodExpbmtzIjoiYXV0byIsImxpZ2h0aW5nIjoiYXV0byIsImNhY2hlZFBhZ2VzIjoiYXV0byIsInJlbmRlckluYWN0aXZlUGFnZXMiOiJhdXRvIiwicmVuZGVySW5hY3RpdmVQYWdlc09uTW9iaWxlIjoiYXV0byIsInJlbmRlcldoaWxlRmxpcHBpbmciOiJhdXRvIiwicHJlbG9hZFBhZ2VzIjoiYXV0byIsImF1dG9QbGF5RHVyYXRpb24iOiJhdXRvIiwicnRsIjoiYXV0byIsImludGVyYWN0aXZlQ29ybmVycyI6ImF1dG8iLCJtYXhEZXB0aCI6ImF1dG8iLCJzaGVldCI6eyJzdGFydFZlbG9jaXR5IjoiYXV0byIsIndhdmUiOiJhdXRvIiwic2hhcGUiOiJhdXRvIiwid2lkdGhUZXhlbHMiOiJhdXRvIiwiY29sb3IiOiJhdXRvIiwic2lkZSI6ImF1dG8iLCJjb3JuZXJEZXZpYXRpb24iOiJhdXRvIiwiZmxleGliaWxpdHkiOiJhdXRvIiwiZmxleGlibGVDb3JuZXIiOiJhdXRvIiwiYmVuZGluZyI6ImF1dG8iLCJoZWlnaHRUZXhlbHMiOiJhdXRvIn0sImNvdmVyIjp7IndhdmUiOiJhdXRvIiwiY29sb3IiOiJhdXRvIiwic2lkZSI6ImF1dG8iLCJiaW5kZXJUZXh0dXJlIjoiYXV0byIsImRlcHRoIjoiYXV0byIsInBhZGRpbmciOiJhdXRvIiwic3RhcnRWZWxvY2l0eSI6ImF1dG8iLCJmbGV4aWJpbGl0eSI6ImF1dG8iLCJmbGV4aWJsZUNvcm5lciI6ImF1dG8iLCJiZW5kaW5nIjoiYXV0byIsIndpZHRoVGV4ZWxzIjoiYXV0byIsImhlaWdodFRleGVscyI6ImF1dG8iLCJtYXNzIjoiYXV0byIsInNoYXBlIjoiYXV0byJ9LCJwYWdlIjp7IndhdmUiOiJhdXRvIiwiY29sb3IiOiJhdXRvIiwic2lkZSI6ImF1dG8iLCJkZXB0aCI6ImF1dG8iLCJzdGFydFZlbG9jaXR5IjoiYXV0byIsImZsZXhpYmlsaXR5IjoiYXV0byIsImZsZXhpYmxlQ29ybmVyIjoiYXV0byIsImJlbmRpbmciOiJhdXRvIiwid2lkdGhUZXhlbHMiOiJhdXRvIiwiaGVpZ2h0VGV4ZWxzIjoiYXV0byIsIm1hc3MiOiJhdXRvIiwic2hhcGUiOiJhdXRvIn0sImhlaWdodCI6ImF1dG8iLCJ3aWR0aCI6ImF1dG8iLCJncmF2aXR5IjoiYXV0byIsInBhZ2VzRm9yUHJlZGljdGluZyI6ImF1dG8ifSwiY29udHJvbFByb3BzIjp7ImFjdGlvbnMiOnsiY21kVG9jIjp7ImVuYWJsZWQiOiJhdXRvIiwiZW5hYmxlZEluTmFycm93IjoiYXV0byIsImFjdGl2ZSI6ImF1dG8iLCJkZWZhdWx0VGFiIjoiYXV0byJ9LCJjbWRBdXRvUGxheSI6eyJlbmFibGVkIjoiYXV0byIsImVuYWJsZWRJbk5hcnJvdyI6ImF1dG8iLCJhY3RpdmUiOiJhdXRvIn0sImNtZFNhdmUiOnsiZW5hYmxlZCI6ImF1dG8iLCJlbmFibGVkSW5OYXJyb3ciOiJhdXRvIn0sImNtZFByaW50Ijp7ImVuYWJsZWQiOiJhdXRvIiwiZW5hYmxlZEluTmFycm93IjoiYXV0byJ9LCJjbWRTaW5nbGVQYWdlIjp7ImVuYWJsZWQiOiJhdXRvIiwiZW5hYmxlZEluTmFycm93IjoiYXV0byIsImFjdGl2ZSI6ImF1dG8iLCJhY3RpdmVGb3JNb2JpbGUiOiJhdXRvIn0sIndpZFRvb2xiYXIiOnsiZW5hYmxlZCI6ImF1dG8iLCJlbmFibGVkSW5OYXJyb3ciOiJhdXRvIn19fSwiYXV0b1RodW1ibmFpbCI6Imh0dHBzOlwvXC9ibG9nc2F2ZXJyb2VzLmp1bnRhZGVhbmRhbHVjaWEuZXNcL2llcy1tdXJpbGxvXC9maWxlc1wvM2QtZmxpcC1ib29rXC9hdXRvLXRodW1ibmFpbHNcLzEwMjU5LnBuZyIsInBvc3RfbmFtZSI6Imhpc3RvcmlhLW11cmlsbG8iLCJwb3N0X3R5cGUiOiIzZC1mbGlwLWJvb2sifX0sInBhZ2VzIjpbXSwiZmlyc3RQYWdlcyI6W119');window.FB3D_CLIENT_LOCALE && FB3D_CLIENT_LOCALE.render && FB3D_CLIENT_LOCALE.render();<\/script> de <em>Juan Luis Villalobos Ca\u00f1ete<\/em>, vicedirector y profesor de Geograf\u00eda e Historia y de Historia del Arte en el IES Murillo, se puede obtener informaci\u00f3n m\u00e1s detallada sobre el tema.<\/div>\n<div>&nbsp;<\/div>\n<div>\n<div>&nbsp;<\/div>\n<div>&nbsp;<\/div>\n<\/div>\n","protected":false},"excerpt":{"rendered":"<p>Historia del Instituto Murillo. Sus cuatro sedes. El a\u00f1o 2008 se celebr\u00f3 el 75\u00ba aniversario de la creaci\u00f3n del Instituto Murillo en la ciudad de&hellip;<\/p>\n","protected":false},"author":17290,"featured_media":419,"parent":243,"menu_order":0,"comment_status":"closed","ping_status":"closed","template":"","meta":{"ngg_post_thumbnail":0,"footnotes":""},"aioseo_notices":[],"_links":{"self":[{"href":"https:\/\/blogsaverroes.juntadeandalucia.es\/ies-murillo\/wp-json\/wp\/v2\/pages\/246"}],"collection":[{"href":"https:\/\/blogsaverroes.juntadeandalucia.es\/ies-murillo\/wp-json\/wp\/v2\/pages"}],"about":[{"href":"https:\/\/blogsaverroes.juntadeandalucia.es\/ies-murillo\/wp-json\/wp\/v2\/types\/page"}],"author":[{"embeddable":true,"href":"https:\/\/blogsaverroes.juntadeandalucia.es\/ies-murillo\/wp-json\/wp\/v2\/users\/17290"}],"replies":[{"embeddable":true,"href":"https:\/\/blogsaverroes.juntadeandalucia.es\/ies-murillo\/wp-json\/wp\/v2\/comments?post=246"}],"version-history":[{"count":19,"href":"https:\/\/blogsaverroes.juntadeandalucia.es\/ies-murillo\/wp-json\/wp\/v2\/pages\/246\/revisions"}],"predecessor-version":[{"id":10261,"href":"https:\/\/blogsaverroes.juntadeandalucia.es\/ies-murillo\/wp-json\/wp\/v2\/pages\/246\/revisions\/10261"}],"up":[{"embeddable":true,"href":"https:\/\/blogsaverroes.juntadeandalucia.es\/ies-murillo\/wp-json\/wp\/v2\/pages\/243"}],"wp:featuredmedia":[{"embeddable":true,"href":"https:\/\/blogsaverroes.juntadeandalucia.es\/ies-murillo\/wp-json\/wp\/v2\/media\/419"}],"wp:attachment":[{"href":"https:\/\/blogsaverroes.juntadeandalucia.es\/ies-murillo\/wp-json\/wp\/v2\/media?parent=246"}],"curies":[{"name":"wp","href":"https:\/\/api.w.org\/{rel}","templated":true}]}}