{"id":881,"date":"2017-06-06T14:46:43","date_gmt":"2017-06-06T14:46:43","guid":{"rendered":"https:\/\/iesmurillo.com\/?page_id=881"},"modified":"2025-04-07T13:15:17","modified_gmt":"2025-04-07T12:15:17","slug":"bilinguismo-actividades","status":"publish","type":"page","link":"https:\/\/blogsaverroes.juntadeandalucia.es\/ies-murillo\/bilinguismo\/bilinguismo-actividades\/","title":{"rendered":"Pluriling\u00fcismo &#8211; Actividades"},"content":{"rendered":"<p><img loading=\"lazy\" decoding=\"async\" class=\"aligncenter size-large wp-image-12168\" src=\"https:\/\/blogsaverroes.juntadeandalucia.es\/ies-murillo\/files\/2025\/04\/2-1024x576.jpg\" alt=\"\" width=\"843\" height=\"474\" srcset=\"https:\/\/blogsaverroes.juntadeandalucia.es\/ies-murillo\/files\/2025\/04\/2-1024x576.jpg 1024w, https:\/\/blogsaverroes.juntadeandalucia.es\/ies-murillo\/files\/2025\/04\/2-300x169.jpg 300w, https:\/\/blogsaverroes.juntadeandalucia.es\/ies-murillo\/files\/2025\/04\/2-768x432.jpg 768w, https:\/\/blogsaverroes.juntadeandalucia.es\/ies-murillo\/files\/2025\/04\/2-1536x864.jpg 1536w, https:\/\/blogsaverroes.juntadeandalucia.es\/ies-murillo\/files\/2025\/04\/2.jpg 1920w\" sizes=\"(max-width: 843px) 100vw, 843px\" \/><\/p>\n<p>&nbsp;<br \/>\n<div class=\"pt-cv-wrapper\"><div class=\"pt-cv-view pt-cv-grid pt-cv-colsys\" id=\"pt-cv-view-46b6cfc9yh\"><div data-id=\"pt-cv-page-1\" class=\"pt-cv-page\" data-cvc=\"2\"><div class=\"col-md-6 col-sm-6 col-xs-12 pt-cv-content-item pt-cv-1-col\" ><div class='pt-cv-ifield'><a href=\"https:\/\/blogsaverroes.juntadeandalucia.es\/ies-murillo\/un-puente-entre-idiomas-y-culturas\/\" class=\"_self pt-cv-href-thumbnail pt-cv-thumb-default\" target=\"_self\" ><img loading=\"lazy\" decoding=\"async\" width=\"600\" height=\"220\" src=\"https:\/\/blogsaverroes.juntadeandalucia.es\/ies-murillo\/files\/2025\/10\/Auxiliares-de-conversacion-600x220.jpg\" class=\"pt-cv-thumbnail\" alt=\"\" \/><\/a>\n<h4 class=\"pt-cv-title\"><a href=\"https:\/\/blogsaverroes.juntadeandalucia.es\/ies-murillo\/un-puente-entre-idiomas-y-culturas\/\" class=\"_self\" target=\"_self\" >Un puente entre idiomas y culturas<\/a><\/h4>\n<div class=\"pt-cv-content\">Desde el IES Murillo queremos expresar nuestro m\u00e1s sincero agradecimiento a todos los auxiliares de conversaci\u00f3n que han pasado por ...<br \/><div class=\"pt-cv-rmwrap\"><a href=\"https:\/\/blogsaverroes.juntadeandalucia.es\/ies-murillo\/un-puente-entre-idiomas-y-culturas\/\" class=\"_self pt-cv-readmore btn btn-success\" target=\"_self\">Leer M\u00e1s<\/a><\/div><\/div><\/div><\/div>\n<div class=\"col-md-6 col-sm-6 col-xs-12 pt-cv-content-item pt-cv-1-col\" ><div class='pt-cv-ifield'><a href=\"https:\/\/blogsaverroes.juntadeandalucia.es\/ies-murillo\/%f0%9f%8e%ad-nuestra-auxiliar-malka-steinberg-participa-en-una-actividad-sobre-la-prevencion-de-conductas-de-riesgo\/\" class=\"_self pt-cv-href-thumbnail pt-cv-thumb-default\" target=\"_self\" ><img loading=\"lazy\" decoding=\"async\" width=\"600\" height=\"220\" src=\"https:\/\/blogsaverroes.juntadeandalucia.es\/ies-murillo\/files\/2025\/04\/Erasmus-14-600x220.jpg\" class=\"pt-cv-thumbnail\" alt=\"\" \/><\/a>\n<h4 class=\"pt-cv-title\"><a href=\"https:\/\/blogsaverroes.juntadeandalucia.es\/ies-murillo\/%f0%9f%8e%ad-nuestra-auxiliar-malka-steinberg-participa-en-una-actividad-sobre-la-prevencion-de-conductas-de-riesgo\/\" class=\"_self\" target=\"_self\" >\ud83c\udfad Nuestra auxiliar Malka Steinberg participa en una actividad sobre la prevenci\u00f3n de conductas de riesgo<\/a><\/h4>\n<div class=\"pt-cv-content\">\ud83c\udfad Nuestra auxiliar Malka Steinberg participa en una actividad sobre la prevenci\u00f3n de conductas de riesgo El pasado martes 11 ...<br \/><div class=\"pt-cv-rmwrap\"><a href=\"https:\/\/blogsaverroes.juntadeandalucia.es\/ies-murillo\/%f0%9f%8e%ad-nuestra-auxiliar-malka-steinberg-participa-en-una-actividad-sobre-la-prevencion-de-conductas-de-riesgo\/\" class=\"_self pt-cv-readmore btn btn-success\" target=\"_self\">Leer M\u00e1s<\/a><\/div><\/div><\/div><\/div>\n<div class=\"col-md-6 col-sm-6 col-xs-12 pt-cv-content-item pt-cv-1-col\" ><div class='pt-cv-ifield'><a href=\"https:\/\/blogsaverroes.juntadeandalucia.es\/ies-murillo\/bienvenida-auxiliares-de-conversacion-24-25\/\" class=\"_self pt-cv-href-thumbnail pt-cv-thumb-default\" target=\"_self\" ><img loading=\"lazy\" decoding=\"async\" width=\"600\" height=\"220\" src=\"https:\/\/blogsaverroes.juntadeandalucia.es\/ies-murillo\/files\/2024\/10\/AUXILIARES-DE-CONVERSACION_FOTO-1-600x220.jpg\" class=\"pt-cv-thumbnail\" alt=\"\" \/><\/a>\n<h4 class=\"pt-cv-title\"><a href=\"https:\/\/blogsaverroes.juntadeandalucia.es\/ies-murillo\/bienvenida-auxiliares-de-conversacion-24-25\/\" class=\"_self\" target=\"_self\" >Bienvenida auxiliares de conversaci\u00f3n 24-25<\/a><\/h4>\n<div class=\"pt-cv-content\">El pasado d\u00eda 1 de octubre nuestro centro dio la bienvenida a nuestros nuevos auxiliares de conversaci\u00f3n, Malka Steinberg, de ...<br \/><div class=\"pt-cv-rmwrap\"><a href=\"https:\/\/blogsaverroes.juntadeandalucia.es\/ies-murillo\/bienvenida-auxiliares-de-conversacion-24-25\/\" class=\"_self pt-cv-readmore btn btn-success\" target=\"_self\">Leer M\u00e1s<\/a><\/div><\/div><\/div><\/div>\n<div class=\"col-md-6 col-sm-6 col-xs-12 pt-cv-content-item pt-cv-1-col\" ><div class='pt-cv-ifield'><a href=\"https:\/\/blogsaverroes.juntadeandalucia.es\/ies-murillo\/dia-mundial-del-medio-ambiente\/\" class=\"_self pt-cv-href-thumbnail pt-cv-thumb-default\" target=\"_self\" ><img loading=\"lazy\" decoding=\"async\" width=\"360\" height=\"203\" src=\"https:\/\/blogsaverroes.juntadeandalucia.es\/ies-murillo\/files\/2024\/06\/Captura-desde-2024-06-12-08-25-58.png\" class=\"pt-cv-thumbnail\" alt=\"\" srcset=\"https:\/\/blogsaverroes.juntadeandalucia.es\/ies-murillo\/files\/2024\/06\/Captura-desde-2024-06-12-08-25-58.png 360w, https:\/\/blogsaverroes.juntadeandalucia.es\/ies-murillo\/files\/2024\/06\/Captura-desde-2024-06-12-08-25-58-300x169.png 300w\" sizes=\"(max-width: 360px) 100vw, 360px\" \/><\/a>\n<h4 class=\"pt-cv-title\"><a href=\"https:\/\/blogsaverroes.juntadeandalucia.es\/ies-murillo\/dia-mundial-del-medio-ambiente\/\" class=\"_self\" target=\"_self\" >D\u00eda Mundial del Medio Ambiente<\/a><\/h4>\n<div class=\"pt-cv-content\">El 5 de Junio, con motivo del D\u00eda Mundial del Medio Ambiente, el alumnado de 3\u00ba ESO-Diver ha representado la ...<br \/><div class=\"pt-cv-rmwrap\"><a href=\"https:\/\/blogsaverroes.juntadeandalucia.es\/ies-murillo\/dia-mundial-del-medio-ambiente\/\" class=\"_self pt-cv-readmore btn btn-success\" target=\"_self\">Leer M\u00e1s<\/a><\/div><\/div><\/div><\/div>\n<div class=\"col-md-6 col-sm-6 col-xs-12 pt-cv-content-item pt-cv-1-col\" ><div class='pt-cv-ifield'><a href=\"https:\/\/blogsaverroes.juntadeandalucia.es\/ies-murillo\/leyendas-de-sevilla\/\" class=\"_self pt-cv-href-thumbnail pt-cv-thumb-default\" target=\"_self\" ><img loading=\"lazy\" decoding=\"async\" width=\"443\" height=\"220\" src=\"https:\/\/blogsaverroes.juntadeandalucia.es\/ies-murillo\/files\/2024\/04\/Captura-desde-2024-04-24-19-46-57-443x220.png\" class=\"pt-cv-thumbnail\" alt=\"\" \/><\/a>\n<h4 class=\"pt-cv-title\"><a href=\"https:\/\/blogsaverroes.juntadeandalucia.es\/ies-murillo\/leyendas-de-sevilla\/\" class=\"_self\" target=\"_self\" >LEYENDAS DE SEVILLA<\/a><\/h4>\n<div class=\"pt-cv-content\">El alumnado de 3\u00baESO y 4\u00baESO Diversificaci\u00f3n, dentro del \u00c1mbito Ling\u00fc\u00edstico y Social realiza una salida por el centro de ...<br \/><div class=\"pt-cv-rmwrap\"><a href=\"https:\/\/blogsaverroes.juntadeandalucia.es\/ies-murillo\/leyendas-de-sevilla\/\" class=\"_self pt-cv-readmore btn btn-success\" target=\"_self\">Leer M\u00e1s<\/a><\/div><\/div><\/div><\/div>\n<div class=\"col-md-6 col-sm-6 col-xs-12 pt-cv-content-item pt-cv-1-col\" ><div class='pt-cv-ifield'><a href=\"https:\/\/blogsaverroes.juntadeandalucia.es\/ies-murillo\/halloween-23\/\" class=\"_self pt-cv-href-thumbnail pt-cv-thumb-default\" target=\"_self\" ><img loading=\"lazy\" decoding=\"async\" width=\"250\" height=\"141\" src=\"https:\/\/blogsaverroes.juntadeandalucia.es\/ies-murillo\/files\/2023\/10\/plan-plurilinguismo-destacad.jpg\" class=\"pt-cv-thumbnail\" alt=\"\" \/><\/a>\n<h4 class=\"pt-cv-title\"><a href=\"https:\/\/blogsaverroes.juntadeandalucia.es\/ies-murillo\/halloween-23\/\" class=\"_self\" target=\"_self\" >Halloween &#8217;23<\/a><\/h4>\n<div class=\"pt-cv-content\">El Departamento de Ingl\u00e9s del IES Murillo celebra la diversidad ling\u00fc\u00edstica, cultural y art\u00edstica a partir de la Lengua Extranjera, ...<br \/><div class=\"pt-cv-rmwrap\"><a href=\"https:\/\/blogsaverroes.juntadeandalucia.es\/ies-murillo\/halloween-23\/\" class=\"_self pt-cv-readmore btn btn-success\" target=\"_self\">Leer M\u00e1s<\/a><\/div><\/div><\/div><\/div>\n<div class=\"col-md-6 col-sm-6 col-xs-12 pt-cv-content-item pt-cv-1-col\" ><div class='pt-cv-ifield'><a href=\"https:\/\/blogsaverroes.juntadeandalucia.es\/ies-murillo\/terrific-day-of-halloween\/\" class=\"_self pt-cv-href-thumbnail pt-cv-thumb-default\" target=\"_self\" ><img loading=\"lazy\" decoding=\"async\" width=\"250\" height=\"141\" src=\"https:\/\/blogsaverroes.juntadeandalucia.es\/ies-murillo\/files\/2023\/10\/plan-plurilinguismo-destacad.jpg\" class=\"pt-cv-thumbnail\" alt=\"\" \/><\/a>\n<h4 class=\"pt-cv-title\"><a href=\"https:\/\/blogsaverroes.juntadeandalucia.es\/ies-murillo\/terrific-day-of-halloween\/\" class=\"_self\" target=\"_self\" >Terrific day of Halloween!<\/a><\/h4>\n<div class=\"pt-cv-content\">3\u00b0ESO-ALS os desea un terrific day of Halloween!!!! \ud83d\udc7b\ud83d\udc7a\ud83e\udddb\u200d\u2642\ufe0f\ud83c\udf83\ud83d\udc80 ...<br \/><div class=\"pt-cv-rmwrap\"><a href=\"https:\/\/blogsaverroes.juntadeandalucia.es\/ies-murillo\/terrific-day-of-halloween\/\" class=\"_self pt-cv-readmore btn btn-success\" target=\"_self\">Leer M\u00e1s<\/a><\/div><\/div><\/div><\/div>\n<div class=\"col-md-6 col-sm-6 col-xs-12 pt-cv-content-item pt-cv-1-col\" ><div class='pt-cv-ifield'><a href=\"https:\/\/blogsaverroes.juntadeandalucia.es\/ies-murillo\/smiling-faces-going-places\/\" class=\"_self pt-cv-href-thumbnail pt-cv-thumb-default\" target=\"_self\" ><img loading=\"lazy\" decoding=\"async\" width=\"250\" height=\"141\" src=\"https:\/\/blogsaverroes.juntadeandalucia.es\/ies-murillo\/files\/2023\/10\/plan-plurilinguismo-destacad.jpg\" class=\"pt-cv-thumbnail\" alt=\"\" \/><\/a>\n<h4 class=\"pt-cv-title\"><a href=\"https:\/\/blogsaverroes.juntadeandalucia.es\/ies-murillo\/smiling-faces-going-places\/\" class=\"_self\" target=\"_self\" >SMILING FACES GOING PLACES<\/a><\/h4>\n<div class=\"pt-cv-content\">El alumnado de 3\u00ba ESO-ASL celebra con este v\u00eddeo el D\u00eda Mundial de la Sonrisa, que se conmemora anualmente el ...<br \/><div class=\"pt-cv-rmwrap\"><a href=\"https:\/\/blogsaverroes.juntadeandalucia.es\/ies-murillo\/smiling-faces-going-places\/\" class=\"_self pt-cv-readmore btn btn-success\" target=\"_self\">Leer M\u00e1s<\/a><\/div><\/div><\/div><\/div>\n<div class=\"col-md-6 col-sm-6 col-xs-12 pt-cv-content-item pt-cv-1-col\" ><div class='pt-cv-ifield'><a href=\"https:\/\/blogsaverroes.juntadeandalucia.es\/ies-murillo\/nuevos-auxiliares-de-conversacion\/\" class=\"_self pt-cv-href-thumbnail pt-cv-thumb-default\" target=\"_self\" ><img loading=\"lazy\" decoding=\"async\" width=\"250\" height=\"220\" src=\"https:\/\/blogsaverroes.juntadeandalucia.es\/ies-murillo\/files\/2017\/03\/plan-plurilinguismo-250x220.jpg\" class=\"pt-cv-thumbnail\" alt=\"\" \/><\/a>\n<h4 class=\"pt-cv-title\"><a href=\"https:\/\/blogsaverroes.juntadeandalucia.es\/ies-murillo\/nuevos-auxiliares-de-conversacion\/\" class=\"_self\" target=\"_self\" >Nuevos auxiliares de conversaci\u00f3n<\/a><\/h4>\n<div class=\"pt-cv-content\">El pasado lunes 2 de octubre se incorporaron los nuevos auxiliares de conversaci\u00f3n al IES Murillo, para este curso 2023-2024 ...<br \/><div class=\"pt-cv-rmwrap\"><a href=\"https:\/\/blogsaverroes.juntadeandalucia.es\/ies-murillo\/nuevos-auxiliares-de-conversacion\/\" class=\"_self pt-cv-readmore btn btn-success\" target=\"_self\">Leer M\u00e1s<\/a><\/div><\/div><\/div><\/div>\n<div class=\"col-md-6 col-sm-6 col-xs-12 pt-cv-content-item pt-cv-1-col\" ><div class='pt-cv-ifield'><a href=\"https:\/\/blogsaverroes.juntadeandalucia.es\/ies-murillo\/dia-europeo-de-las-lenguas\/\" class=\"_self pt-cv-href-thumbnail pt-cv-thumb-default\" target=\"_self\" ><img loading=\"lazy\" decoding=\"async\" width=\"250\" height=\"141\" src=\"https:\/\/blogsaverroes.juntadeandalucia.es\/ies-murillo\/files\/2023\/10\/plan-plurilinguismo-destacad.jpg\" class=\"pt-cv-thumbnail\" alt=\"\" \/><\/a>\n<h4 class=\"pt-cv-title\"><a href=\"https:\/\/blogsaverroes.juntadeandalucia.es\/ies-murillo\/dia-europeo-de-las-lenguas\/\" class=\"_self\" target=\"_self\" >D\u00eda europeo de las lenguas<\/a><\/h4>\n<div class=\"pt-cv-content\">El alumnado de 3\u00ba ESO-ASL celebra con este v\u00eddeo, la pluralidad ling\u00fc\u00edstica en Europa. Han participado tambi\u00e9n en el concurso ...<br \/><div class=\"pt-cv-rmwrap\"><a href=\"https:\/\/blogsaverroes.juntadeandalucia.es\/ies-murillo\/dia-europeo-de-las-lenguas\/\" class=\"_self pt-cv-readmore btn btn-success\" target=\"_self\">Leer M\u00e1s<\/a><\/div><\/div><\/div><\/div><\/div><\/div><\/div><\/p>\n","protected":false},"excerpt":{"rendered":"<p>&nbsp;<\/p>\n","protected":false},"author":17290,"featured_media":0,"parent":306,"menu_order":0,"comment_status":"closed","ping_status":"closed","template":"","meta":{"ngg_post_thumbnail":0,"footnotes":""},"aioseo_notices":[],"_links":{"self":[{"href":"https:\/\/blogsaverroes.juntadeandalucia.es\/ies-murillo\/wp-json\/wp\/v2\/pages\/881"}],"collection":[{"href":"https:\/\/blogsaverroes.juntadeandalucia.es\/ies-murillo\/wp-json\/wp\/v2\/pages"}],"about":[{"href":"https:\/\/blogsaverroes.juntadeandalucia.es\/ies-murillo\/wp-json\/wp\/v2\/types\/page"}],"author":[{"embeddable":true,"href":"https:\/\/blogsaverroes.juntadeandalucia.es\/ies-murillo\/wp-json\/wp\/v2\/users\/17290"}],"replies":[{"embeddable":true,"href":"https:\/\/blogsaverroes.juntadeandalucia.es\/ies-murillo\/wp-json\/wp\/v2\/comments?post=881"}],"version-history":[{"count":6,"href":"https:\/\/blogsaverroes.juntadeandalucia.es\/ies-murillo\/wp-json\/wp\/v2\/pages\/881\/revisions"}],"predecessor-version":[{"id":12178,"href":"https:\/\/blogsaverroes.juntadeandalucia.es\/ies-murillo\/wp-json\/wp\/v2\/pages\/881\/revisions\/12178"}],"up":[{"embeddable":true,"href":"https:\/\/blogsaverroes.juntadeandalucia.es\/ies-murillo\/wp-json\/wp\/v2\/pages\/306"}],"wp:attachment":[{"href":"https:\/\/blogsaverroes.juntadeandalucia.es\/ies-murillo\/wp-json\/wp\/v2\/media?parent=881"}],"curies":[{"name":"wp","href":"https:\/\/api.w.org\/{rel}","templated":true}]}}