{"id":928,"date":"2019-09-20T08:32:28","date_gmt":"2019-09-20T07:32:28","guid":{"rendered":"https:\/\/iesmurillo.com\/?page_id=928"},"modified":"2025-06-29T19:29:08","modified_gmt":"2025-06-29T18:29:08","slug":"matriculacion-2025_26","status":"publish","type":"page","link":"https:\/\/blogsaverroes.juntadeandalucia.es\/ies-murillo\/matriculacion-2025_26\/","title":{"rendered":"MATRICULACI\u00d3N 2025\/26"},"content":{"rendered":"<p><span style=\"font-family: tahoma, arial, helvetica, sans-serif\">Estimadas familias<\/span><\/p>\n<p style=\"text-align: justify\"><span style=\"font-family: tahoma, arial, helvetica, sans-serif\">El proceso de matriculaci\u00f3n para el curso 25_26 se har\u00e1 por medios telem\u00e1ticos preferentemente desde la web de la <a href=\"https:\/\/www.juntadeandalucia.es\/educacion\/secretariavirtual\/\" target=\"_blank\" rel=\"noopener\">SECRETAR\u00cdA VIRTUAL DE LA JUNTA DE ANDALUC\u00cdA<\/a>. Al tr\u00e1mite se puede acceder desde la web de la secretar\u00eda virtual o <a href=\"https:\/\/drive.google.com\/file\/d\/12WFmjDi5mY1mJy4FyDq3h14e9XyuAniz\/view?usp=sharing\" target=\"_blank\" rel=\"noopener\">desde el propio ipasen en el bot\u00f3n \u00absecretar\u00eda virtual\u00bb<\/a>. Desde el centro recomendamos esta segunda opci\u00f3n ya que se accede al tr\u00e1mite de manera directa con los datos del alumno\/a cargados y con el tr\u00e1mite iniciado. Si se opta por el acceso desde la web se necesitar\u00e1 <a href=\"https:\/\/drive.google.com\/file\/d\/1dyK3GWFLMcTk2_CSlYpoTCcEk8ddsLE5\/view?usp=sharing\" target=\"_blank\" rel=\"noopener\">la clave IANDE del alumno\/a<\/a>, \u00e9sta est\u00e1 en el <strong>ipasen<\/strong> de los padres\/madres en el apartado de \u00ab<em>comunicaciones<\/em>\u00ab, es el primer mensaje que est\u00e1 ah\u00ed de modo permanente.<\/span><\/p>\n<p><span style=\"font-family: tahoma, arial, helvetica, sans-serif\">En adultos y ciclos formativos se har\u00e1 desde la web de la <a href=\"https:\/\/www.juntadeandalucia.es\/educacion\/secretariavirtual\/\">secretar\u00eda virtual<\/a><\/span><\/p>\n<p><strong><span style=\"font-family: tahoma, arial, helvetica, sans-serif\">V\u00eddeo con aclaraciones sobre matr\u00edcula telem\u00e1tico<\/span><\/strong><\/p>\n<p><iframe loading=\"lazy\" title=\"SOBRE MATR\u00cdCULA 25-26\" width=\"843\" height=\"474\" src=\"https:\/\/www.youtube.com\/embed\/QCjS32_oIEs?start=523&#038;feature=oembed\" frameborder=\"0\" allow=\"accelerometer; autoplay; clipboard-write; encrypted-media; gyroscope; picture-in-picture; web-share\" referrerpolicy=\"strict-origin-when-cross-origin\" allowfullscreen><\/iframe><\/p>\n<p><span style=\"font-size: 14pt\"><strong><span style=\"font-family: tahoma, arial, helvetica, sans-serif\">FECHAS:<\/span><\/strong><\/span><\/p>\n<p><span style=\"font-family: tahoma, arial, helvetica, sans-serif\">ESO, ESPA, BACHILLERATO R\u00c9GIMEN GENERAL, BACHILLERATO ADULTOS: <span style=\"font-size: 14pt\"><strong>Del 1 a 10 de julio de 2025<\/strong><\/span>&nbsp;<\/span><\/p>\n<p>&nbsp;<\/p>\n<p style=\"text-align: center\"><span style=\"font-family: verdana, geneva, sans-serif;font-size: 14pt\"><a href=\"https:\/\/www.juntadeandalucia.es\/educacion\/portales\/web\/escolarizacion\" target=\"_blank\" rel=\"noopener\">TODA LA INFORMACI\u00d3N EN LA WEB OFICIAL DE LA JUNTA DE ANDALUC\u00cdA<\/a><\/span><\/p>\n<p>&nbsp;<\/p>\n<ul>\n<li><span style=\"font-family: verdana, geneva, sans-serif;color: #000080\">ACLARACIONES PARA ACCESO CICLOS FORMATIVOS DE GRADO SUPERIOR QUE SE IMPARTEN EN EL&nbsp; IES MURILLO<\/span><\/li>\n<\/ul>\n<p><span style=\"font-family: verdana, geneva, sans-serif\">Admisi\u00f3n del 15 al 30 de junio del 2025.&nbsp;<\/span><\/p>\n<p><a href=\"https:\/\/www.juntadeandalucia.es\/educacion\/secretariavirtual\/accesoTramite\/317\/\">Admisi\u00f3n en ciclos formativos de grado superior de Formaci\u00f3n Profesional en oferta completa.<\/a><\/p>\n<p><a href=\"https:\/\/www.juntadeandalucia.es\/educacion\/secretariavirtual\/accesoTramite\/323\/\">Admisi\u00f3n en oferta modular diferenciada (modalidades semipresencial, parcial presencial o virtual)<\/a><\/p>\n<p><span style=\"font-family: verdana, geneva, sans-serif\">Calendario a tener muy en cuenta . <a href=\"https:\/\/portales.ced.junta-andalucia.es\/educacion\/portales\/web\/escolarizacion\/formacion-profesional\/calendario-general-fp\/ciclos-formativos-gm-gs\" target=\"_blank\" rel=\"noopener\">ACCESO AL CALENDARIO<\/a><\/span><\/p>\n<p><span style=\"font-family: verdana, geneva, sans-serif\">Matr\u00edcula para alumnado que pase a 2\u00ba de ciclo o alumnado repetidor del 25 al 30 de junio 2025. <a href=\"https:\/\/www.juntadeandalucia.es\/educacion\/secretariavirtual\/accesoTramite\/828\/\" target=\"_blank\" rel=\"noopener\">ACCESO AL TR\u00c1MITE<\/a><\/span><\/p>\n","protected":false},"excerpt":{"rendered":"<p>Estimadas familias El proceso de matriculaci\u00f3n para el curso 25_26 se har\u00e1 por medios telem\u00e1ticos preferentemente desde la web de la SECRETAR\u00cdA VIRTUAL DE LA&hellip;<\/p>\n","protected":false},"author":17290,"featured_media":0,"parent":0,"menu_order":0,"comment_status":"closed","ping_status":"closed","template":"","meta":{"ngg_post_thumbnail":0,"footnotes":""},"aioseo_notices":[],"_links":{"self":[{"href":"https:\/\/blogsaverroes.juntadeandalucia.es\/ies-murillo\/wp-json\/wp\/v2\/pages\/928"}],"collection":[{"href":"https:\/\/blogsaverroes.juntadeandalucia.es\/ies-murillo\/wp-json\/wp\/v2\/pages"}],"about":[{"href":"https:\/\/blogsaverroes.juntadeandalucia.es\/ies-murillo\/wp-json\/wp\/v2\/types\/page"}],"author":[{"embeddable":true,"href":"https:\/\/blogsaverroes.juntadeandalucia.es\/ies-murillo\/wp-json\/wp\/v2\/users\/17290"}],"replies":[{"embeddable":true,"href":"https:\/\/blogsaverroes.juntadeandalucia.es\/ies-murillo\/wp-json\/wp\/v2\/comments?post=928"}],"version-history":[{"count":13,"href":"https:\/\/blogsaverroes.juntadeandalucia.es\/ies-murillo\/wp-json\/wp\/v2\/pages\/928\/revisions"}],"predecessor-version":[{"id":12240,"href":"https:\/\/blogsaverroes.juntadeandalucia.es\/ies-murillo\/wp-json\/wp\/v2\/pages\/928\/revisions\/12240"}],"wp:attachment":[{"href":"https:\/\/blogsaverroes.juntadeandalucia.es\/ies-murillo\/wp-json\/wp\/v2\/media?parent=928"}],"curies":[{"name":"wp","href":"https:\/\/api.w.org\/{rel}","templated":true}]}}