{"id":589,"date":"2025-03-06T12:04:45","date_gmt":"2025-03-06T11:04:45","guid":{"rendered":"https:\/\/blogsaverroes.juntadeandalucia.es\/iesaccabe\/?page_id=589"},"modified":"2026-02-24T09:54:05","modified_gmt":"2026-02-24T08:54:05","slug":"matematicas","status":"publish","type":"page","link":"https:\/\/blogsaverroes.juntadeandalucia.es\/iesaccabe\/matematicas\/","title":{"rendered":"Matem\u00e1ticas"},"content":{"rendered":"<p>[et_pb_section fb_built=&#8221;1&#8243; _builder_version=&#8221;4.16&#8243; custom_padding=&#8221;0px||0px|&#8221; z_index_tablet=&#8221;500&#8243; box_shadow_horizontal_tablet=&#8221;0px&#8221; box_shadow_vertical_tablet=&#8221;0px&#8221; box_shadow_blur_tablet=&#8221;40px&#8221; box_shadow_spread_tablet=&#8221;0px&#8221; global_colors_info=&#8221;{}&#8221;][et_pb_row _builder_version=&#8221;4.16&#8243; background_size=&#8221;initial&#8221; background_position=&#8221;top_left&#8221; background_repeat=&#8221;repeat&#8221; global_colors_info=&#8221;{}&#8221;][et_pb_column type=&#8221;4_4&#8243; _builder_version=&#8221;4.16&#8243; custom_padding=&#8221;|||&#8221; global_colors_info=&#8221;{}&#8221; custom_padding__hover=&#8221;|||&#8221;][et_pb_image src=&#8221;https:\/\/blogsaverroes.juntadeandalucia.es\/iesaccabe\/files\/2025\/05\/departamentos-1.png&#8221; title_text=&#8221;departamentos&#8221; admin_label=&#8221;Imagen de la portada&#8221; _builder_version=&#8221;4.24.2&#8243; vertical_offset_tablet=&#8221;0&#8243; horizontal_offset_tablet=&#8221;0&#8243; custom_margin=&#8221;||29px|||&#8221; z_index_tablet=&#8221;500&#8243; box_shadow_horizontal_tablet=&#8221;0px&#8221; box_shadow_vertical_tablet=&#8221;0px&#8221; box_shadow_blur_tablet=&#8221;40px&#8221; box_shadow_spread_tablet=&#8221;0px&#8221; global_colors_info=&#8221;{}&#8221;][\/et_pb_image][\/et_pb_column][\/et_pb_row][et_pb_row _builder_version=&#8221;4.24.2&#8243; _module_preset=&#8221;default&#8221; global_colors_info=&#8221;{}&#8221;][et_pb_column type=&#8221;4_4&#8243; _builder_version=&#8221;4.24.2&#8243; _module_preset=&#8221;default&#8221; global_colors_info=&#8221;{}&#8221;][et_pb_heading title=&#8221;Matem\u00e1ticas&#8221; _builder_version=&#8221;4.24.2&#8243; _module_preset=&#8221;default&#8221; title_font=&#8221;|800|||||||&#8221; title_text_align=&#8221;center&#8221; title_font_size=&#8221;40px&#8221; border_width_bottom=&#8221;1px&#8221; global_colors_info=&#8221;{}&#8221;][\/et_pb_heading][\/et_pb_column][\/et_pb_row][et_pb_row _builder_version=&#8221;4.24.2&#8243; _module_preset=&#8221;default&#8221; global_colors_info=&#8221;{}&#8221;][et_pb_column type=&#8221;4_4&#8243; _builder_version=&#8221;4.24.2&#8243; _module_preset=&#8221;default&#8221; global_colors_info=&#8221;{}&#8221;][et_pb_tabs active_tab_background_color=&#8221;#ea8e88&#8243; inactive_tab_background_color=&#8221;rgba(234,142,136,0.39)&#8221; _builder_version=&#8221;4.24.2&#8243; _module_preset=&#8221;default&#8221; custom_css_free_form=&#8221;table, th, td {||    border: 1px solid #777 !important; \/* Gris oscuro *\/||    border-collapse: collapse;||}||||th, td {||    padding: 10px;||}&#8221; border_width_all=&#8221;2px&#8221; border_color_all=&#8221;#b7b7b7&#8243; locked=&#8221;off&#8221; global_colors_info=&#8221;{}&#8221;][et_pb_tab title=&#8221;Informaci\u00f3n&#8221; _builder_version=&#8221;4.24.2&#8243; _module_preset=&#8221;default&#8221; global_colors_info=&#8221;{}&#8221;]<\/p>\n<p><strong>\u00a0<em> &#8220;Las Matem\u00e1ticas son el lenguage con el que Dios escribi\u00f3 el universo&#8221;\u00a0<\/em><\/strong><\/p>\n<p style=\"text-align: right;padding-left: 40px\">\u00a0 \u00a0Galileo Galilei<\/p>\n<p><strong>Asignaturas impartidas:<\/strong><\/p>\n<p><strong><\/strong><\/p>\n<ul>\n<li style=\"list-style-type: none\">\n<ul>\n<li style=\"list-style-type: none\">\n<ul>\n<li style=\"list-style-type: none\">\n<ul>\n<li style=\"list-style-type: none\">\n<ul>\n<li style=\"list-style-type: none\">\n<ul>\n<li>Matem\u00e1ticas (1\u00ba-3\u00ba ESO)<\/li>\n<li>Matem\u00e1ticas A (4\u00ba ESO)<\/li>\n<li>Matem\u00e1ticas B (4\u00ba ESO)<\/li>\n<\/ul>\n<\/li>\n<\/ul>\n<\/li>\n<\/ul>\n<\/li>\n<\/ul>\n<\/li>\n<\/ul>\n<\/li>\n<\/ul>\n<p>[\/et_pb_tab][et_pb_tab title=&#8221;Personal&#8221; _builder_version=&#8221;4.24.2&#8243; _module_preset=&#8221;default&#8221; global_colors_info=&#8221;{}&#8221;]<\/p>\n<h2><strong>Profesores:<\/strong><\/h2>\n<p><strong><\/strong><\/p>\n<ul>\n<li><strong>Jefa de departamento: <\/strong>Pel\u00e1ez Latorre, Beatriz ( <em><a href=\"mailto:bpellat147@g.educaand.es\">bpellat147@g.educaand.es<\/a><\/em>)<\/li>\n<li>Romero Gallardo, Ra\u00fal (<a href=\"mailto:rromgal321@g.educaand.es\">rromgal321@g.educaand.es<\/a>)<\/li>\n<\/ul>\n<p>[\/et_pb_tab][et_pb_tab title=&#8221;Materiales did\u00e1cticos&#8221; _builder_version=&#8221;4.24.2&#8243; _module_preset=&#8221;default&#8221; global_colors_info=&#8221;{}&#8221;]<\/p>\n<p><strong>Libros de texto curso 25\/26:<\/strong><\/p>\n<p><strong><\/strong><\/p>\n<ul>\n<li style=\"list-style-type: none\">\n<ul>\n<li style=\"list-style-type: none\">\n<ul>\n<li>1\u00ba ESO- Matem\u00e1ticas (Proyecto construyendo mundos). Ed. Santillana.<\/li>\n<li>2\u00ba ESO- Matem\u00e1ticas (Proyecto construyendo mundos). Ed. Santillana.<\/li>\n<li>3\u00ba ESO- Matem\u00e1ticas (Proyecto construyendo mundos). Ed. Santillana.<\/li>\n<li>4\u00ba ESO- Matem\u00e1ticas A: Matem\u00e1ticas orientadas a las ense\u00f1anzas aplicadas (Proyecto suma piezas). Ed. Anaya.<\/li>\n<li>4\u00ba ESO- Matem\u00e1ticas B: Matem\u00e1ticas orientadas a las ense\u00f1anzas acad\u00e9micas (Proyecto suma piezas). Ed. Anaya.<\/li>\n<\/ul>\n<\/li>\n<\/ul>\n<\/li>\n<\/ul>\n<p>&nbsp;<\/p>\n<p><a href=\"https:\/\/view.genially.com\/5fb96af00871e00d358a6b69\">\u00a0Among Maths Decimales<\/a><\/p>\n<p>&nbsp;<\/p>\n<p>[\/et_pb_tab][et_pb_tab title=&#8221;Programaci\u00f3n&#8221; _builder_version=&#8221;4.24.2&#8243; _module_preset=&#8221;default&#8221; global_colors_info=&#8221;{}&#8221;]<\/p>\n<ul>\n<li><a href=\"https:\/\/drive.google.com\/open?id=1gdIsNF_w9WaOfCNrPc_xjTufh5aopIem&amp;usp=drive_fs\" target=\"_blank\" rel=\"noopener\" title=\"Programaci\u00f3n Matem\u00e1ticas de 1\u00ba, 2\u00ba y 3\u00ba de ESO.\">Programaci\u00f3n Matem\u00e1ticas de 1\u00ba, 2\u00ba y 3\u00ba de ESO.<\/a><\/li>\n<li><a href=\"https:\/\/drive.google.com\/open?id=1v3xQ_RxTWacbKNRNC1RZ7gEgSP-ot3z4&amp;usp=drive_fs\" target=\"_blank\" rel=\"noopener\" title=\"Programaci\u00f3n Matem\u00e1ticas A de 4\u00ba de ESO.\">Programaci\u00f3n Matem\u00e1ticas A de 4\u00ba de ESO.<\/a><\/li>\n<li><a href=\"https:\/\/drive.google.com\/open?id=1-1ebsToGZQKXZrVRT4x5LUSENGvIjVed&amp;usp=drive_fs\" target=\"_blank\" rel=\"noopener\" title=\"Programaci\u00f3n Matem\u00e1ticas B de 4\u00ba de ESO.\">Programaci\u00f3n Matem\u00e1ticas B de 4\u00ba de ESO.<\/a><\/li>\n<\/ul>\n<p>[\/et_pb_tab][\/et_pb_tabs][\/et_pb_column][\/et_pb_row][\/et_pb_section]<\/p>\n","protected":false},"excerpt":{"rendered":"<p>\u00a0 &#8220;Las Matem\u00e1ticas son el lenguage con el que Dios escribi\u00f3 el universo&#8221;\u00a0 \u00a0 \u00a0Galileo Galilei Asignaturas impartidas: Matem\u00e1ticas (1\u00ba-3\u00ba ESO) Matem\u00e1ticas A (4\u00ba ESO) Matem\u00e1ticas B (4\u00ba ESO) Profesores: Jefa de departamento: Pel\u00e1ez Latorre, Beatriz ( bpellat147@g.educaand.es) Romero Gallardo, Ra\u00fal (rromgal321@g.educaand.es) Libros de texto curso 25\/26: 1\u00ba ESO- Matem\u00e1ticas (Proyecto construyendo mundos). Ed. Santillana. [&hellip;]<\/p>\n","protected":false},"author":16836,"featured_media":0,"parent":0,"menu_order":0,"comment_status":"closed","ping_status":"closed","template":"","meta":{"_et_pb_use_builder":"on","_et_pb_old_content":"<p style=\"text-align: center;\"><b>INFORMATION SHEET FOR LANGUAGE ASSISTANTS<\/b><\/p><p style=\"text-align: center;\"><b>SCHOOL YEAR 2025-2026<\/b><\/p><table><tbody><tr><td><b>SCHOOL DATA<\/b><\/td><td><p><span style=\"font-weight: 400;\">- School name: IES Accabe<\/span><\/p><p><span style=\"font-weight: 400;\">- Full Address: Alejandro Lucini Street, number 18.<\/span><\/p><p><span style=\"font-weight: 400;\">23537 BEDMAR (Ja\u00e9n)<\/span><\/p><p><span style=\"font-weight: 400;\">- Telephone number: 00 (34) 953 366857<\/span><\/p><p><span style=\"font-weight: 400;\">- Email: 23700621.edu@juntadeandalucia.es<\/span><\/p><p><span style=\"font-weight: 400;\">-Location link on Google Maps: <\/span><a href=\"https:\/\/www.google.es\/maps\/place\/IES+Accabe\/@37.8240557,-3.417939,16z\/data=!4m5!3m4!1s0xd6e5df31514b9b1:0x81722c0df15e226a!8m2!3d37.8248348!4d-3.4134295?hl=es\"><span style=\"font-weight: 400;\">https:\/\/www.google.es\/maps\/place\/IES+Accabe\/@37.8240557,-3.417939,16z\/data=!4m5!3m4!1s0xd6e5df31514b9b1:0x81722c0df15e226a!8m2!3d37.8248348!4d-3.4134295?hl=es<\/span><\/a><\/p><\/td><\/tr><tr><td><b>Contact of the reference person(s)<\/b><\/td><td><p><span style=\"font-weight: 400;\">- Email of a member of the management team:<\/span><\/p><p><span style=\"font-weight: 400;\">23700621.edu@juntadeandalucia.es<\/span><\/p><p><span style=\"font-weight: 400;\">- Email of the teacher coordinating the program:<\/span><\/p><p><span style=\"font-weight: 400;\">mjimros562@g.educaand.es<\/span><\/p><\/td><\/tr><tr><td><b>Education level<\/b><\/td><td><span style=\"font-weight: 400;\">- Middle\/High School (from twelve to sixteen years old students)<\/span><\/td><\/tr><tr><td><b>Accessibility<\/b><\/td><td><span style=\"font-weight: 400;\">There are not architectural barriers in our school.<\/span><\/td><\/tr><tr><td><b>Collaboration subjects\/modules of the Language Assistant<\/b><\/td><td><span style=\"font-weight: 400;\"> - The bilingual subjects in our centre are: Biology and Geology, Music, Physics and Chemistry, Physical Education, Technology, Economics.<\/span><\/td><\/tr><tr><td><b>Guidelines, resources and materials for the Language Assistant<\/b><\/td><td><p><a href=\"https:\/\/blogsaverroes.juntadeandalucia.es\/iesaccabe\/\"><span style=\"font-weight: 400;\">https:\/\/blogsaverroes.juntadeandalucia.es\/iesaccabe\/<\/span><\/a><\/p><p><span style=\"font-weight: 400;\">This is the web page where you can find all the information about our school.<\/span><\/p><\/td><\/tr><tr><td><b>Information about the town and\/or neighborhood<\/b><\/td><td><p><span style=\"font-weight: 400;\">-Links to some promotional tourist videos:<\/span><\/p><p><a href=\"https:\/\/www.youtube.com\/watch?v=DfNe3daWMmI\"><span style=\"font-weight: 400;\">https:\/\/www.youtube.com\/watch?v=DfNe3daWMmI<\/span><\/a><\/p><p><a href=\"https:\/\/www.youtube.com\/watch?v=zaOTWoa2Sjg\"><span style=\"font-weight: 400;\">https:\/\/www.youtube.com\/watch?v=zaOTWoa2Sjg<\/span><\/a><\/p><p><span style=\"font-weight: 400;\">In the town there is a sports centre, a reading club at the library, handcraft and jobsearching workshops, cultural talks at the culture centre. The town is placed in the natural park of Sierra M\u00e1gina where you can find leisure areas like Cuadros, and there are hiking and adventure companies. There is a museum called Paleom\u00e1gina, a Medieval castle, a Renaissance church and several sightseeings, like historical fountains. Most people in the town work\u00a0 in the vegetables preservation. In addition, the food is typical Spanish, such as migas, andrajos...<\/span><\/p><p><span style=\"font-weight: 400;\">There is a Facebook page of the town called \u201cBedmare\u00f1os\u201d where it is offered a lot of information about the village.<\/span><\/p><p><span style=\"font-weight: 400;\">The main advantage of this town is the fact that it is very near the great Reinaissance cities of \u00dabeda and Baeza, two UNESCO World Heritage Centres, and even it is near Ja\u00e9n, the capital of our province.<\/span><\/p><\/td><\/tr><tr><td><b>Getting to school<\/b><\/td><td><p><span style=\"font-weight: 400;\">- Public transport schedules. Link to the website of public transport companies:<\/span><\/p><p><a href=\"http:\/\/www.munozamezcua.es\/\"><span style=\"font-weight: 400;\">http:\/\/www.munozamezcua.es<\/span><\/a><\/p><p><span style=\"font-weight: 400;\">The price os the ticket from Ja\u00e9n to Bedmar is 4,34 euros.<\/span><\/p><p><span style=\"font-weight: 400;\">- Possibility of car-pooling with other teachers:\u00a0 Some teachers who live in Ja\u00e9n are willing to share their cars with the language assistants, for example, teachers from Primary School and from our school.<\/span><\/p><\/td><\/tr><tr><td><p><b>Accommodation<\/b><\/p><p><span style=\"font-weight: 400;\">- Where to live in town?<\/span><\/p><p><span style=\"font-weight: 400;\">- Possibility of staying with a family?<\/span><\/p><p><span style=\"font-weight: 400;\">- Possibility of sharing a flat with teachers?<\/span><\/p><\/td><td><span style=\"font-weight: 400;\">- There are some links to find information about accomodation: <\/span><span style=\"font-weight: 400;\">\u00a0<\/span><p><a href=\"https:\/\/cuadrosrural.wixsite.com\/cuadrosrural\/erasdesantiago\"><span style=\"font-weight: 400;\">https:\/\/cuadrosrural.wixsite.com\/cuadrosrural\/erasdesantiago<\/span><\/a><\/p><p><span style=\"font-weight: 400;\">In addition, there is always information in the centre about some flats and houses to be hired.<\/span><\/p><p><span style=\"font-weight: 400;\">- It is not usual but not impossible to stay with a family, but it is something that has not happened before.<\/span><\/p><p><span style=\"font-weight: 400;\">- There is possibility of sharing a flat with those teachers who have to stay in the town because they live very far away. Rental prices are not so high, around 250 euros.\u00a0<\/span><\/p><\/td><\/tr><tr><td><b>Contact with other Language Assistants<\/b><\/td><td><p><span style=\"font-weight: 400;\">- There is a Telegram group where you can meet other language assistants: <\/span><span style=\"font-weight: 400;\">\u00a0<\/span><a href=\"https:\/\/t.me\/auxconvandalucia\"><span style=\"font-weight: 400;\">https:\/\/t.me\/auxconvandalucia<\/span><\/a><\/p><p><span style=\"font-weight: 400;\">- This school year we have got a language assistant called A. R. who comes from Michigan (USA), and is willing to assist or accompany her successors.<\/span><\/p><p>\u00a0<\/p><\/td><\/tr><tr><td><b>Previous Experiences with Language Assistants<\/b><\/td><td><p><span style=\"font-weight: 400;\">In the school webpage, you will be able to find some of the activities provided by our language assistant:<\/span><\/p><p><a href=\"https:\/\/blogsaverroes.juntadeandalucia.es\/iesaccabe\/\"><span style=\"font-weight: 400;\">https:\/\/blogsaverroes.juntadeandalucia.es\/iesaccabe\/<\/span><\/a><\/p><\/td><\/tr><\/tbody><\/table>","_et_gb_content_width":"","ngg_post_thumbnail":0,"footnotes":""},"aioseo_notices":[],"_links":{"self":[{"href":"https:\/\/blogsaverroes.juntadeandalucia.es\/iesaccabe\/wp-json\/wp\/v2\/pages\/589"}],"collection":[{"href":"https:\/\/blogsaverroes.juntadeandalucia.es\/iesaccabe\/wp-json\/wp\/v2\/pages"}],"about":[{"href":"https:\/\/blogsaverroes.juntadeandalucia.es\/iesaccabe\/wp-json\/wp\/v2\/types\/page"}],"author":[{"embeddable":true,"href":"https:\/\/blogsaverroes.juntadeandalucia.es\/iesaccabe\/wp-json\/wp\/v2\/users\/16836"}],"replies":[{"embeddable":true,"href":"https:\/\/blogsaverroes.juntadeandalucia.es\/iesaccabe\/wp-json\/wp\/v2\/comments?post=589"}],"version-history":[{"count":26,"href":"https:\/\/blogsaverroes.juntadeandalucia.es\/iesaccabe\/wp-json\/wp\/v2\/pages\/589\/revisions"}],"predecessor-version":[{"id":1722,"href":"https:\/\/blogsaverroes.juntadeandalucia.es\/iesaccabe\/wp-json\/wp\/v2\/pages\/589\/revisions\/1722"}],"wp:attachment":[{"href":"https:\/\/blogsaverroes.juntadeandalucia.es\/iesaccabe\/wp-json\/wp\/v2\/media?parent=589"}],"curies":[{"name":"wp","href":"https:\/\/api.w.org\/{rel}","templated":true}]}}