{"id":778,"date":"2025-04-29T14:31:20","date_gmt":"2025-04-29T12:31:20","guid":{"rendered":"https:\/\/blogsaverroes.juntadeandalucia.es\/iesaccabe\/?page_id=778"},"modified":"2025-11-06T12:46:43","modified_gmt":"2025-11-06T11:46:43","slug":"becas","status":"publish","type":"page","link":"https:\/\/blogsaverroes.juntadeandalucia.es\/iesaccabe\/becas\/","title":{"rendered":"Becas"},"content":{"rendered":"<p>[et_pb_section fb_built=&#8221;1&#8243; _builder_version=&#8221;4.16&#8243; custom_padding=&#8221;0px|2px|0px|||&#8221; z_index_tablet=&#8221;500&#8243; box_shadow_horizontal_tablet=&#8221;0px&#8221; box_shadow_vertical_tablet=&#8221;0px&#8221; box_shadow_blur_tablet=&#8221;40px&#8221; box_shadow_spread_tablet=&#8221;0px&#8221; global_colors_info=&#8221;{}&#8221;][et_pb_row _builder_version=&#8221;4.16&#8243; custom_margin=&#8221;-10px|||&#8221; z_index_tablet=&#8221;500&#8243; box_shadow_horizontal_tablet=&#8221;0px&#8221; box_shadow_vertical_tablet=&#8221;0px&#8221; box_shadow_blur_tablet=&#8221;40px&#8221; box_shadow_spread_tablet=&#8221;0px&#8221; global_colors_info=&#8221;{}&#8221;][et_pb_column type=&#8221;4_4&#8243; _builder_version=&#8221;4.16&#8243; custom_padding=&#8221;|||&#8221; global_colors_info=&#8221;{}&#8221; custom_padding__hover=&#8221;|||&#8221;][et_pb_image src=&#8221;https:\/\/blogsaverroes.juntadeandalucia.es\/iesaccabe\/files\/2025\/04\/5-sin-titulo_20250430120452.png&#8221; title_text=&#8221;5 sin t\u00edtulo_20250430120452&#8243; admin_label=&#8221;Imagen de la portada&#8221; _builder_version=&#8221;4.24.2&#8243; vertical_offset_tablet=&#8221;0&#8243; horizontal_offset_tablet=&#8221;0&#8243; z_index_tablet=&#8221;500&#8243; box_shadow_horizontal_tablet=&#8221;0px&#8221; box_shadow_vertical_tablet=&#8221;0px&#8221; box_shadow_blur_tablet=&#8221;40px&#8221; box_shadow_spread_tablet=&#8221;0px&#8221; global_colors_info=&#8221;{}&#8221;][\/et_pb_image][\/et_pb_column][\/et_pb_row][et_pb_row _builder_version=&#8221;4.24.2&#8243; _module_preset=&#8221;default&#8221; custom_padding=&#8221;31px|||||&#8221; global_colors_info=&#8221;{}&#8221;][et_pb_column type=&#8221;4_4&#8243; _builder_version=&#8221;4.24.2&#8243; _module_preset=&#8221;default&#8221; global_colors_info=&#8221;{}&#8221;][et_pb_heading title=&#8221;Becas&#8221; _builder_version=&#8221;4.24.2&#8243; _module_preset=&#8221;default&#8221; title_font=&#8221;|800|||||||&#8221; title_text_align=&#8221;center&#8221; title_font_size=&#8221;40px&#8221; module_alignment=&#8221;center&#8221; border_color_all=&#8221;#aaaaaa&#8221; border_width_bottom=&#8221;2px&#8221; global_colors_info=&#8221;{}&#8221;][\/et_pb_heading][\/et_pb_column][\/et_pb_row][et_pb_row column_structure=&#8221;1_2,1_2&#8243; module_class=&#8221;columna-con-borde&#8221; _builder_version=&#8221;4.24.2&#8243; _module_preset=&#8221;default&#8221; custom_margin=&#8221;|125px||auto||&#8221; custom_css_free_form=&#8221;.columna-con-borde {||  border-right: 1px solid #ccc; \/* l\u00ednea divisoria *\/||  padding-right: 20px;          \/* espacio entre borde y contenido *\/||}||||@media (max-width: 767px) {||  .columna-con-borde {||    border-right: none;         \/* quita la l\u00ednea en m\u00f3vil si quieres *\/||    padding-right: 0;||  }||}&#8221; global_colors_info=&#8221;{}&#8221;][et_pb_column type=&#8221;1_2&#8243; _builder_version=&#8221;4.24.2&#8243; _module_preset=&#8221;default&#8221; global_colors_info=&#8221;{}&#8221;][et_pb_text module_class=&#8221;mi-texto&#8221; _builder_version=&#8221;4.24.2&#8243; _module_preset=&#8221;default&#8221; custom_margin=&#8221;|-18px|||false|false&#8221; animation_style=&#8221;fade&#8221; animation_duration=&#8221;950ms&#8221; custom_css_free_form=&#8221;.mi-texto {||  background-color: #B2F2BB;||  padding: 20px;||  border-radius: 15px||}&#8221; border_width_right=&#8221;2px&#8221; border_color_right=&#8221;#565656&#8243; global_colors_info=&#8221;{}&#8221;]<\/p>\n<ul>\n<li>El Ministerio de Educaci\u00f3n, Formaci\u00f3n Profesional y Deportes y la Consejer\u00eda de Desarrollo Educativo y Formaci\u00f3n Profesional de la Junta de Andaluc\u00eda publican cada a\u00f1o diversas convocatorias de becas para garantizar al alumnado y a sus familias el acceso a la educaci\u00f3n y la continuidad en ciertos estudios.<\/li>\n<\/ul>\n<p>[\/et_pb_text][et_pb_text module_class=&#8221;mi-texto&#8221; _builder_version=&#8221;4.24.2&#8243; _module_preset=&#8221;default&#8221; min_height=&#8221;197px&#8221; custom_margin=&#8221;8px|-18px|||false|false&#8221; animation_style=&#8221;fade&#8221; animation_duration=&#8221;950ms&#8221; custom_css_free_form=&#8221;.mi-texto {||  background-color:#B2F2BB ;||  padding: 20px;||  border-radius: 15px||}&#8221; border_width_right=&#8221;2px&#8221; border_color_right=&#8221;#565656&#8243; global_colors_info=&#8221;{}&#8221;]<\/p>\n<ul>\n<li style=\"list-style-type: none\">\n<ul>\n<li>En los dos enlaces siguientes podr\u00e1s consultar toda la informaci\u00f3n sobre las becas y ayudas al estudio\u2013plazos, requisitos, cuant\u00edas a percibir, etc., tanto de car\u00e1cter general y para alumnado con necesidades espec\u00edficas de apoyo educativo, publicadas por el Ministerio, como aquellas que ofrece\u00a0 la Junta de Andaluc\u00eda (Beca 6000, Adriano, Segunda Oportunidad).<\/li>\n<\/ul>\n<\/li>\n<\/ul>\n<p>[\/et_pb_text][\/et_pb_column][et_pb_column type=&#8221;1_2&#8243; _builder_version=&#8221;4.24.2&#8243; _module_preset=&#8221;default&#8221; global_colors_info=&#8221;{}&#8221;][et_pb_heading title=&#8221;Becas de car\u00e1cter general y ayudas de apoyo educativo:&#8221; _builder_version=&#8221;4.24.2&#8243; _module_preset=&#8221;default&#8221; title_font=&#8221;|600|||||||&#8221; title_text_align=&#8221;center&#8221; title_font_size=&#8221;20px&#8221; animation_style=&#8221;fade&#8221; global_colors_info=&#8221;{}&#8221;][\/et_pb_heading][et_pb_image src=&#8221;https:\/\/blogsaverroes.juntadeandalucia.es\/iesaccabe\/files\/2025\/05\/Captura-de-pantalla-16.png&#8221; title_text=&#8221;Captura de pantalla (16)&#8221; url=&#8221;https:\/\/www.becaseducacion.gob.es\/becas-y-ayudas.html&#8221; url_new_window=&#8221;on&#8221; align=&#8221;center&#8221; module_class=&#8221;imagen&#8221; _builder_version=&#8221;4.24.2&#8243; _module_preset=&#8221;default&#8221; animation_style=&#8221;fade&#8221; custom_css_free_form=&#8221;.imagen{||    width: 300px;||  height: 200px;||}&#8221; global_colors_info=&#8221;{}&#8221;][\/et_pb_image][et_pb_heading title=&#8221;Becas en Andaluc\u00eda:&#8221; _builder_version=&#8221;4.24.2&#8243; _module_preset=&#8221;default&#8221; title_font=&#8221;|600|||||||&#8221; title_text_align=&#8221;center&#8221; title_font_size=&#8221;20px&#8221; animation_style=&#8221;fade&#8221; global_colors_info=&#8221;{}&#8221;][\/et_pb_heading][et_pb_image src=&#8221;https:\/\/blogsaverroes.juntadeandalucia.es\/iesaccabe\/files\/2025\/05\/Captura-de-pantalla-17.png&#8221; title_text=&#8221;Captura de pantalla (17)&#8221; url=&#8221;https:\/\/portales.ced.junta-andalucia.es\/educacion\/portales\/becas-ayudas&#8221; url_new_window=&#8221;on&#8221; align=&#8221;center&#8221; module_class=&#8221;imagen&#8221; _builder_version=&#8221;4.24.2&#8243; _module_preset=&#8221;default&#8221; animation_style=&#8221;fade&#8221; custom_css_free_form=&#8221;.imagen{||    width: 300px;||  height: 200px;||}&#8221; global_colors_info=&#8221;{}&#8221;][\/et_pb_image][\/et_pb_column][\/et_pb_row][\/et_pb_section]<\/p>\n","protected":false},"excerpt":{"rendered":"<p>El Ministerio de Educaci\u00f3n, Formaci\u00f3n Profesional y Deportes y la Consejer\u00eda de Desarrollo Educativo y Formaci\u00f3n Profesional de la Junta de Andaluc\u00eda publican cada a\u00f1o diversas convocatorias de becas para garantizar al alumnado y a sus familias el acceso a la educaci\u00f3n y la continuidad en ciertos estudios. En los dos enlaces siguientes podr\u00e1s consultar [&hellip;]<\/p>\n","protected":false},"author":16836,"featured_media":0,"parent":0,"menu_order":0,"comment_status":"closed","ping_status":"closed","template":"","meta":{"_et_pb_use_builder":"on","_et_pb_old_content":"","_et_gb_content_width":"","ngg_post_thumbnail":0,"footnotes":""},"aioseo_notices":[],"_links":{"self":[{"href":"https:\/\/blogsaverroes.juntadeandalucia.es\/iesaccabe\/wp-json\/wp\/v2\/pages\/778"}],"collection":[{"href":"https:\/\/blogsaverroes.juntadeandalucia.es\/iesaccabe\/wp-json\/wp\/v2\/pages"}],"about":[{"href":"https:\/\/blogsaverroes.juntadeandalucia.es\/iesaccabe\/wp-json\/wp\/v2\/types\/page"}],"author":[{"embeddable":true,"href":"https:\/\/blogsaverroes.juntadeandalucia.es\/iesaccabe\/wp-json\/wp\/v2\/users\/16836"}],"replies":[{"embeddable":true,"href":"https:\/\/blogsaverroes.juntadeandalucia.es\/iesaccabe\/wp-json\/wp\/v2\/comments?post=778"}],"version-history":[{"count":6,"href":"https:\/\/blogsaverroes.juntadeandalucia.es\/iesaccabe\/wp-json\/wp\/v2\/pages\/778\/revisions"}],"predecessor-version":[{"id":1687,"href":"https:\/\/blogsaverroes.juntadeandalucia.es\/iesaccabe\/wp-json\/wp\/v2\/pages\/778\/revisions\/1687"}],"wp:attachment":[{"href":"https:\/\/blogsaverroes.juntadeandalucia.es\/iesaccabe\/wp-json\/wp\/v2\/media?parent=778"}],"curies":[{"name":"wp","href":"https:\/\/api.w.org\/{rel}","templated":true}]}}