{"id":164,"date":"2015-03-17T07:52:28","date_gmt":"2015-03-17T07:52:28","guid":{"rendered":"http:\/\/blogsaverroes.juntadeandalucia.es\/pre\/ceip\/?page_id=164"},"modified":"2024-10-24T08:32:29","modified_gmt":"2024-10-24T08:32:29","slug":"ingles-2","status":"publish","type":"page","link":"https:\/\/blogsaverroes.juntadeandalucia.es\/iesacci\/ingles-2\/","title":{"rendered":"Ingl\u00e9s"},"content":{"rendered":"<p>El <a href=\"https:\/\/sites.google.com\/site\/departamentodeinglesdeliesacci\/\" target=\"_blank\" rel=\"noopener noreferrer\">Departamento de Ingl\u00e9s<\/a> &nbsp;cuenta durante el presente curso con los siguientes docentes:<\/p>\n<p>Susana Pleguezuelos Molina&nbsp;<\/p>\n<p>Mercedes L\u00f3pez Blanco<\/p>\n<p><a href=\"http:\/\/elprofedeingles.wikispaces.com\/\" target=\"_blank\" rel=\"noopener noreferrer\">Francisco Jim\u00e9nez Medialdea<\/a> ( JD)<\/p>\n<p>Pilar del Roc\u00edo&nbsp; Ib\u00e1\u00f1ez Gea(Coordinador del programa biling\u00fce)<\/p>\n<p>Maria Victoria Madrid Salas<\/p>\n<p>Sergio Jes\u00fas Exp\u00f3sito G\u00e1mez<\/p>\n<p>&nbsp;<\/p>\n<p><img loading=\"lazy\" decoding=\"async\" class=\"aligncenter size-medium wp-image-2116\" src=\"http:\/\/blogsaverroes.juntadeandalucia.es\/iesacci\/files\/2015\/03\/ingles-300x80.png\" alt=\"ingles\" width=\"300\" height=\"80\" srcset=\"https:\/\/blogsaverroes.juntadeandalucia.es\/iesacci\/files\/2015\/03\/ingles-300x80.png 300w, https:\/\/blogsaverroes.juntadeandalucia.es\/iesacci\/files\/2015\/03\/ingles.png 640w\" sizes=\"(max-width: 300px) 100vw, 300px\" \/><\/p>\n<p><strong><span style=\"font-family: sans-serif\"><span style=\"font-size: medium\">Primera Lengua Extranjera (Ingl\u00e9s)<\/span><\/span><\/strong><\/p>\n<p><span style=\"font-family: sans-serif\"><span style=\"font-size: medium\">La lengua es el instrumento por excelencia del aprendizaje y la comunicaci\u00f3n. Tanto las lenguas primeras como las lenguas extranjeras forman parte en la actualidad, y cada vez lo har\u00e1n m\u00e1s en el futuro, del bagaje vital de las personas en un mundo en continua expansi\u00f3n en el que, a la vez, las relaciones entre individuos, pa\u00edses, organismos y corporaciones se hacen m\u00e1s frecuentes y m\u00e1s estrechas. En la medida en que ese bagaje comprende diversos conocimientos, destrezas y actitudes en diversas lenguas, es decir un perfil pluriling\u00fce e intercultural, el individuo est\u00e1 mejor preparado para integrarse y participar en una variedad de contextos y de situaciones que suponen un est\u00edmulo para su desarrollo, y mejores oportunidades, en los \u00e1mbitos personal, p\u00fablico, educativo o acad\u00e9mico, ocupacional y profesional.<\/span><\/span><\/p>\n<p>Puedes consultar las gu\u00edas de ingl\u00e9s en los siguientes enlaces:<\/p>\n<table style=\"width: 96.4595%\">\n<tbody>\n<tr>\n<td style=\"text-align: center;width: 24.9131%\">&nbsp;<\/td>\n<td style=\"text-align: center;width: 24.9131%\">&nbsp;<\/td>\n<td style=\"text-align: center;width: 24.9131%\">&nbsp;<\/td>\n<td style=\"text-align: center;width: 23.8601%\">&nbsp;<\/td>\n<\/tr>\n<tr>\n<td style=\"text-align: center;width: 24.9131%\">&nbsp;<\/td>\n<td style=\"text-align: center;width: 24.9131%\">&nbsp;<\/td>\n<td style=\"text-align: center;width: 24.9131%\">&nbsp;<\/td>\n<td style=\"text-align: center;width: 23.8601%\">&nbsp;<\/td>\n<\/tr>\n<tr>\n<td style=\"text-align: center;width: 24.9131%\">&nbsp;<\/td>\n<td style=\"text-align: center;width: 24.9131%\">&nbsp;<\/td>\n<td style=\"text-align: center;width: 24.9131%\">&nbsp;<\/td>\n<td style=\"text-align: center;width: 23.8601%\">&nbsp;<\/td>\n<\/tr>\n<tr>\n<td style=\"text-align: center;width: 24.9131%\">&nbsp;<\/td>\n<td style=\"text-align: center;width: 24.9131%\">&nbsp;<\/td>\n<td style=\"text-align: center;width: 24.9131%\">&nbsp;<\/td>\n<td style=\"text-align: center;width: 23.8601%\">&nbsp;<\/td>\n<\/tr>\n<tr>\n<td style=\"text-align: center;width: 24.9131%\">&nbsp;<\/td>\n<td style=\"text-align: center;width: 24.9131%\">&nbsp;<\/td>\n<td style=\"text-align: center;width: 24.9131%\">&nbsp;<\/td>\n<td style=\"text-align: center;width: 23.8601%\">&nbsp;<\/td>\n<\/tr>\n<\/tbody>\n<\/table>\n","protected":false},"excerpt":{"rendered":"<p>El Departamento de Ingl\u00e9s &nbsp;cuenta durante el presente curso con los siguientes docentes: Susana Pleguezuelos Molina&nbsp; Mercedes L\u00f3pez Blanco Francisco Jim\u00e9nez Medialdea ( JD) Pilar del Roc\u00edo&nbsp; Ib\u00e1\u00f1ez Gea(Coordinador del programa biling\u00fce) Maria Victoria&#46;&#46;&#46;<\/p>\n","protected":false},"author":1,"featured_media":0,"parent":0,"menu_order":0,"comment_status":"closed","ping_status":"open","template":"","meta":{"ngg_post_thumbnail":0,"footnotes":"","_mc_calendar":[]},"aioseo_notices":[],"_links":{"self":[{"href":"https:\/\/blogsaverroes.juntadeandalucia.es\/iesacci\/wp-json\/wp\/v2\/pages\/164"}],"collection":[{"href":"https:\/\/blogsaverroes.juntadeandalucia.es\/iesacci\/wp-json\/wp\/v2\/pages"}],"about":[{"href":"https:\/\/blogsaverroes.juntadeandalucia.es\/iesacci\/wp-json\/wp\/v2\/types\/page"}],"author":[{"embeddable":true,"href":"https:\/\/blogsaverroes.juntadeandalucia.es\/iesacci\/wp-json\/wp\/v2\/users\/1"}],"replies":[{"embeddable":true,"href":"https:\/\/blogsaverroes.juntadeandalucia.es\/iesacci\/wp-json\/wp\/v2\/comments?post=164"}],"version-history":[{"count":21,"href":"https:\/\/blogsaverroes.juntadeandalucia.es\/iesacci\/wp-json\/wp\/v2\/pages\/164\/revisions"}],"predecessor-version":[{"id":6091,"href":"https:\/\/blogsaverroes.juntadeandalucia.es\/iesacci\/wp-json\/wp\/v2\/pages\/164\/revisions\/6091"}],"wp:attachment":[{"href":"https:\/\/blogsaverroes.juntadeandalucia.es\/iesacci\/wp-json\/wp\/v2\/media?parent=164"}],"curies":[{"name":"wp","href":"https:\/\/api.w.org\/{rel}","templated":true}]}}