{"id":172,"date":"2015-03-17T07:55:49","date_gmt":"2015-03-17T07:55:49","guid":{"rendered":"http:\/\/blogsaverroes.juntadeandalucia.es\/pre\/ceip\/?page_id=172"},"modified":"2024-10-24T08:24:20","modified_gmt":"2024-10-24T08:24:20","slug":"fisica-y-quimica","status":"publish","type":"page","link":"https:\/\/blogsaverroes.juntadeandalucia.es\/iesacci\/fisica-y-quimica\/","title":{"rendered":"F\u00edsica y Qu\u00edmica"},"content":{"rendered":"<p>El Departamento de &nbsp; F\u00edsica y Qu\u00edmica cuenta durante el presente curso con los siguientes docentes:<\/p>\n<p>Mar\u00eda del Carmen Herrera G\u00f3mez ( J.D.)<\/p>\n<p>Juan Manuel N\u00fa\u00f1ez Ramos (Vicedirector)<\/p>\n<p>Mari\u00e9n Cobo Pulido&nbsp; ( Secretaria)<\/p>\n<p>Mar\u00eda Dolores Blasco G\u00f3ngora<\/p>\n<p>Rafael Jes\u00fas Llamas Cruz<\/p>\n<table style=\"border-collapse: collapse;width: 100%;height: 98px\">\n<tbody>\n<tr style=\"height: 44px\">\n<td style=\"width: 25%;height: 44px\">&nbsp;<\/td>\n<td style=\"width: 25%;height: 44px\">&nbsp;<\/td>\n<td style=\"width: 25%;height: 44px\">&nbsp;<\/td>\n<td style=\"width: 25%;height: 44px\">&nbsp;<\/td>\n<\/tr>\n<tr style=\"height: 10px\">\n<td style=\"width: 25%;height: 10px\">&nbsp;<\/td>\n<td style=\"width: 25%;height: 10px\">&nbsp;<\/td>\n<td style=\"width: 25%;height: 10px\">&nbsp;<\/td>\n<td style=\"width: 25%;height: 10px\">&nbsp;<\/td>\n<\/tr>\n<tr style=\"height: 22px\">\n<td style=\"width: 25%;height: 22px\">&nbsp;<\/td>\n<td style=\"width: 25%;height: 22px\">&nbsp;<\/td>\n<td style=\"width: 25%;height: 22px\">&nbsp;<\/td>\n<td style=\"width: 25%;height: 22px\">&nbsp;<\/td>\n<\/tr>\n<tr style=\"height: 22px\">\n<td style=\"width: 25%;height: 22px\">&nbsp;<\/td>\n<td style=\"width: 25%;height: 22px\">&nbsp;<\/td>\n<td style=\"width: 25%;height: 22px\">&nbsp;<\/td>\n<td style=\"width: 25%;height: 22px\">&nbsp;<\/td>\n<\/tr>\n<\/tbody>\n<\/table>\n<p>&nbsp; &nbsp; &nbsp;&nbsp;<\/p>\n<p><img loading=\"lazy\" decoding=\"async\" class=\"aligncenter size-medium wp-image-2082\" src=\"http:\/\/blogsaverroes.juntadeandalucia.es\/iesacci\/files\/2015\/03\/fisica_quimica-300x212.jpg\" alt=\"fisica_quimica\" width=\"300\" height=\"212\" srcset=\"https:\/\/blogsaverroes.juntadeandalucia.es\/iesacci\/files\/2015\/03\/fisica_quimica-300x212.jpg 300w, https:\/\/blogsaverroes.juntadeandalucia.es\/iesacci\/files\/2015\/03\/fisica_quimica.jpg 640w\" sizes=\"(max-width: 300px) 100vw, 300px\" \/><\/p>\n<p><span style=\"font-family: sans-serif\"><span style=\"font-size: medium\"><strong>F\u00edsica y Qu\u00edmica<\/strong> <\/span><\/span><\/p>\n<p><span style=\"font-family: sans-serif\"><span style=\"font-size: medium\">La ense\u00f1anza de la F\u00edsica y la Qu\u00edmica juega un papel central en el desarrollo intelectual de los alumnos y las alumnas, y comparte con el resto de las disciplinas la responsabilidad de promover en ellos la adquisici\u00f3n de las competencias necesarias para que puedan integrarse en la sociedad de forma activa. Como disciplina cient\u00edfica, tiene el compromiso a\u00f1adido de dotar al alumno de herramientas espec\u00edficas que le permitan afrontar el futuro con garant\u00edas, participando en el desarrollo econ\u00f3mico y social al que est\u00e1 ligada la capacidad cient\u00edfica, tecnol\u00f3gica e innovadora de la propia sociedad. Para que estas expectativas se concreten, la ense\u00f1anza de esta materia debe incentivar un aprendizaje contextualizado que relacione los principios en vigor con la evoluci\u00f3n hist\u00f3rica del conocimiento cient\u00edfico; que establezca la relaci\u00f3n entre ciencia, tecnolog\u00eda y sociedad; que potencie la argumentaci\u00f3n verbal, la capacidad de establecer relaciones cuantitativas y espaciales, as\u00ed como la de resolver problemas con precisi\u00f3n y rigor.<\/span><\/span><\/p>\n","protected":false},"excerpt":{"rendered":"<p>El Departamento de &nbsp; F\u00edsica y Qu\u00edmica cuenta durante el presente curso con los siguientes docentes: Mar\u00eda del Carmen Herrera G\u00f3mez ( J.D.) Juan Manuel N\u00fa\u00f1ez Ramos (Vicedirector) Mari\u00e9n Cobo Pulido&nbsp; ( Secretaria) Mar\u00eda&#46;&#46;&#46;<\/p>\n","protected":false},"author":1,"featured_media":0,"parent":0,"menu_order":0,"comment_status":"closed","ping_status":"closed","template":"","meta":{"ngg_post_thumbnail":0,"footnotes":"","_mc_calendar":[]},"aioseo_notices":[],"_links":{"self":[{"href":"https:\/\/blogsaverroes.juntadeandalucia.es\/iesacci\/wp-json\/wp\/v2\/pages\/172"}],"collection":[{"href":"https:\/\/blogsaverroes.juntadeandalucia.es\/iesacci\/wp-json\/wp\/v2\/pages"}],"about":[{"href":"https:\/\/blogsaverroes.juntadeandalucia.es\/iesacci\/wp-json\/wp\/v2\/types\/page"}],"author":[{"embeddable":true,"href":"https:\/\/blogsaverroes.juntadeandalucia.es\/iesacci\/wp-json\/wp\/v2\/users\/1"}],"replies":[{"embeddable":true,"href":"https:\/\/blogsaverroes.juntadeandalucia.es\/iesacci\/wp-json\/wp\/v2\/comments?post=172"}],"version-history":[{"count":14,"href":"https:\/\/blogsaverroes.juntadeandalucia.es\/iesacci\/wp-json\/wp\/v2\/pages\/172\/revisions"}],"predecessor-version":[{"id":6087,"href":"https:\/\/blogsaverroes.juntadeandalucia.es\/iesacci\/wp-json\/wp\/v2\/pages\/172\/revisions\/6087"}],"wp:attachment":[{"href":"https:\/\/blogsaverroes.juntadeandalucia.es\/iesacci\/wp-json\/wp\/v2\/media?parent=172"}],"curies":[{"name":"wp","href":"https:\/\/api.w.org\/{rel}","templated":true}]}}