{"id":1806,"date":"2015-03-17T07:46:28","date_gmt":"2015-03-17T07:46:28","guid":{"rendered":"http:\/\/blogsaverroes.juntadeandalucia.es\/pre\/ceip\/?page_id=144"},"modified":"2024-10-24T08:52:09","modified_gmt":"2024-10-24T08:52:09","slug":"orientacion-2","status":"publish","type":"page","link":"https:\/\/blogsaverroes.juntadeandalucia.es\/iesacci\/orientacion-2\/","title":{"rendered":"ORIENTACI\u00d3N"},"content":{"rendered":"<p>El Departamento de Orientaci\u00f3n &nbsp;cuenta durante el curso&nbsp; con los siguientes docentes:<\/p>\n<p>Mar\u00eda Elena Rodr\u00edguez Lechuga (Jefa de Departamento)<\/p>\n<p><a href=\"http:\/\/pcpipeluquero.wikispaces.com\/\" target=\"_blank\" rel=\"noopener noreferrer\">Jos\u00e9 Avil\u00e9s Martos<\/a>&nbsp;( Jefe de estudios adjunto)<\/p>\n<p>Rafael Linares Hern\u00e1ndez<\/p>\n<p>Mercedes Hoces G\u00e1mez<\/p>\n<p>Patricia Navarro Fern\u00e1ndez<\/p>\n<p>Ra\u00fal V\u00e9lez Borrero<\/p>\n<p>&nbsp;<\/p>\n<p>&nbsp;<\/p>\n<table>\n<tbody>\n<tr style=\"height: 25px\">\n<td style=\"height: 25px\">&nbsp;<\/td>\n<td style=\"height: 25px\">&nbsp;<\/td>\n<td style=\"height: 25px\">&nbsp;<\/td>\n<\/tr>\n<tr style=\"height: 25px\">\n<td style=\"height: 25px\">&nbsp;<\/td>\n<td style=\"height: 25px\">&nbsp;<\/td>\n<td style=\"height: 25px\">&nbsp;<\/td>\n<\/tr>\n<tr style=\"height: 25px\">\n<td style=\"height: 25px\">&nbsp;<\/td>\n<td style=\"height: 25px\">&nbsp;<\/td>\n<td style=\"height: 25px\">&nbsp;<\/td>\n<\/tr>\n<tr>\n<td>&nbsp;<\/td>\n<td>&nbsp;<\/td>\n<td>&nbsp;<\/td>\n<\/tr>\n<\/tbody>\n<\/table>\n<h4>Orientaci\u00f3n educativa<\/h4>\n<p>La orientaci\u00f3n contribuye al desarrollo de las facetas personal, acad\u00e9mica y profesional de los alumnos y alumnas. Es un proceso en el que deben involucrarse las familias y para el cual pueden acudir a los tutores y al asesoramiento y apoyo de los orientadores de los centros educativos. Entre sus objetivos principales se encuentran los siguientes:<\/p>\n<ul>\n<li>Resolver problemas de la vida acad\u00e9mica, como dificultades durante el proceso de aprendizaje, ausencia de motivaci\u00f3n, etc.<\/li>\n<li>Tomar decisiones sobre itinerarios de estudio e incorporaci\u00f3n al mundo laboral.<\/li>\n<li>Convivencia y educaci\u00f3n en valores.<\/li>\n<\/ul>\n","protected":false},"excerpt":{"rendered":"<p>El Departamento de Orientaci\u00f3n &nbsp;cuenta durante el curso&nbsp; con los siguientes docentes: Mar\u00eda Elena Rodr\u00edguez Lechuga (Jefa de Departamento) Jos\u00e9 Avil\u00e9s Martos&nbsp;( Jefe de estudios adjunto) Rafael Linares Hern\u00e1ndez Mercedes Hoces G\u00e1mez Patricia Navarro&#46;&#46;&#46;<\/p>\n","protected":false},"author":1,"featured_media":0,"parent":0,"menu_order":0,"comment_status":"closed","ping_status":"open","template":"","meta":{"ngg_post_thumbnail":0,"footnotes":"","_mc_calendar":[]},"aioseo_notices":[],"_links":{"self":[{"href":"https:\/\/blogsaverroes.juntadeandalucia.es\/iesacci\/wp-json\/wp\/v2\/pages\/1806"}],"collection":[{"href":"https:\/\/blogsaverroes.juntadeandalucia.es\/iesacci\/wp-json\/wp\/v2\/pages"}],"about":[{"href":"https:\/\/blogsaverroes.juntadeandalucia.es\/iesacci\/wp-json\/wp\/v2\/types\/page"}],"author":[{"embeddable":true,"href":"https:\/\/blogsaverroes.juntadeandalucia.es\/iesacci\/wp-json\/wp\/v2\/users\/1"}],"replies":[{"embeddable":true,"href":"https:\/\/blogsaverroes.juntadeandalucia.es\/iesacci\/wp-json\/wp\/v2\/comments?post=1806"}],"version-history":[{"count":25,"href":"https:\/\/blogsaverroes.juntadeandalucia.es\/iesacci\/wp-json\/wp\/v2\/pages\/1806\/revisions"}],"predecessor-version":[{"id":6095,"href":"https:\/\/blogsaverroes.juntadeandalucia.es\/iesacci\/wp-json\/wp\/v2\/pages\/1806\/revisions\/6095"}],"wp:attachment":[{"href":"https:\/\/blogsaverroes.juntadeandalucia.es\/iesacci\/wp-json\/wp\/v2\/media?parent=1806"}],"curies":[{"name":"wp","href":"https:\/\/api.w.org\/{rel}","templated":true}]}}