{"id":2380,"date":"2015-11-19T13:10:38","date_gmt":"2015-11-19T13:10:38","guid":{"rendered":"http:\/\/blogsaverroes.juntadeandalucia.es\/iesacci\/?page_id=2380"},"modified":"2015-12-11T11:37:16","modified_gmt":"2015-12-11T11:37:16","slug":"historia-del-centro","status":"publish","type":"page","link":"https:\/\/blogsaverroes.juntadeandalucia.es\/iesacci\/el-centro-2\/historia-del-centro\/","title":{"rendered":"Historia del centro"},"content":{"rendered":"<h2 class=\"naranja\"><\/h2>\n<p>Para atender el vac\u00edo existente en la Ense\u00f1anza de la Formaci\u00f3n Profesional en la Comarca de Guadix, se cre\u00f3 este Centro que inici\u00f3 su funcionamiento en el Curso 73-74, anteriormente s\u00f3lo exist\u00edan los Institutos Padre Poveda y Pedro Antonio de Alarc\u00f3n que impart\u00edan ense\u00f1anzas de Bachillerato.<br \/>\nEn sus or\u00edgenes fue una Secci\u00f3n Delegada del Instituto Padre Poveda, funcionando en las instalaciones de este Centro e impartiendo las familias profesionales de Administrativo, Electricidad y Metal, siendo el primer Director delegado Don Francisco Anti\u00f1olo Mart\u00ednez.<br \/>\nEl BOE del 12\/12\/1978 Real Decreto 2.284\/78 de 27 de Octubre, en su art\u00edculo 3\u00ba transform\u00f3 la Secci\u00f3n en Instituto Nacional de Primer y Segundo Grado de Formaci\u00f3n Profesional, siendo Director Don Juan Caballero Casas y en Noviembre de 1.979 se dot\u00f3 con las actuales instalaciones en la Avenida Buenos Aires, 68.<br \/>\nDurante esos a\u00f1os se han formado numerosos j\u00f3venes en las distintas familias profesionales de Administrativo, Electricidad, Inform\u00e1tica, Metal y Peluquer\u00eda, siendo Directores:<br \/>\n\u2022 Juan Caballero Casas<br \/>\n\u2022 Mill\u00e1n Santos Bos<br \/>\n\u2022 Rafael Guzm\u00e1n Tirado<br \/>\n\u2022 Carmen Garc\u00eda Raya<br \/>\n\u2022 Leovigildo Garc\u00eda G\u00f3mez<br \/>\nPosteriormente el Instituto se transform\u00f3 en Instituto de Ense\u00f1anza Secundaria impartiendo ense\u00f1anzas de ESO, Bachilleratos, Ciclos de Grado Medio y Grado Superior y Formaci\u00f3n Profesional B\u00e1sica.<br \/>\nEl Instituto ACCI se caracteriza por su continua transformaci\u00f3n y adaptaci\u00f3n a las nuevas ense\u00f1anzas y demandas de esta sociedad, ha ido evolucionando desde la antigua F.P., hasta adaptar la nueva F.P. impartiendo en la actualidad 5 Ciclos de Grado Medio, 2 Ciclos de Grado Superior, Bachilleratos de Ciencias, Ciencias Sociales y Humanidades. Atiende a alumnos discapacitados y con deficiencia auditiva. Es Centro TIC.<br \/>\nEl centro es bil\u00edng\u00fce en Ingl\u00e9s en todas las l\u00edneas de la ESO, en una l\u00ednea de bachillerato y los ciclos formativos Grado Medio de Administrativo y Superior de Administraci\u00f3n y Finanzas.<br \/>\nTiene adem\u00e1s aprobados y funcionando otros proyectos educativos: Compensaci\u00f3n educativa, Escuela Espacio de Paz, Proyecto Lector, Coeducaci\u00f3n, etc.<br \/>\nLa poblaci\u00f3n de la Comarca ha ido depositando su confianza en este Centro, confi\u00e1ndole la formaci\u00f3n de sus j\u00f3venes de manera mayoritaria, y en el presente curso, cuenta con 920 alumnos, 38 grupos en las diversas ense\u00f1anzas, atendidos por 76 profesores y profesoras, 1 interprete en lenguaje de signos, una administrativa, 3 ordenanzas y 4 personas dedicadas a la limpieza.<\/p>\n<p>&nbsp;<\/p>\n","protected":false},"excerpt":{"rendered":"<p>Para atender el vac\u00edo existente en la Ense\u00f1anza de la Formaci\u00f3n Profesional en la Comarca de Guadix, se cre\u00f3 este Centro que inici\u00f3 su funcionamiento en el Curso 73-74, anteriormente s\u00f3lo exist\u00edan los Institutos&#46;&#46;&#46;<\/p>\n","protected":false},"author":2055,"featured_media":0,"parent":35,"menu_order":0,"comment_status":"closed","ping_status":"closed","template":"","meta":{"ngg_post_thumbnail":0,"footnotes":"","_mc_calendar":[]},"aioseo_notices":[],"_links":{"self":[{"href":"https:\/\/blogsaverroes.juntadeandalucia.es\/iesacci\/wp-json\/wp\/v2\/pages\/2380"}],"collection":[{"href":"https:\/\/blogsaverroes.juntadeandalucia.es\/iesacci\/wp-json\/wp\/v2\/pages"}],"about":[{"href":"https:\/\/blogsaverroes.juntadeandalucia.es\/iesacci\/wp-json\/wp\/v2\/types\/page"}],"author":[{"embeddable":true,"href":"https:\/\/blogsaverroes.juntadeandalucia.es\/iesacci\/wp-json\/wp\/v2\/users\/2055"}],"replies":[{"embeddable":true,"href":"https:\/\/blogsaverroes.juntadeandalucia.es\/iesacci\/wp-json\/wp\/v2\/comments?post=2380"}],"version-history":[{"count":5,"href":"https:\/\/blogsaverroes.juntadeandalucia.es\/iesacci\/wp-json\/wp\/v2\/pages\/2380\/revisions"}],"predecessor-version":[{"id":2392,"href":"https:\/\/blogsaverroes.juntadeandalucia.es\/iesacci\/wp-json\/wp\/v2\/pages\/2380\/revisions\/2392"}],"up":[{"embeddable":true,"href":"https:\/\/blogsaverroes.juntadeandalucia.es\/iesacci\/wp-json\/wp\/v2\/pages\/35"}],"wp:attachment":[{"href":"https:\/\/blogsaverroes.juntadeandalucia.es\/iesacci\/wp-json\/wp\/v2\/media?parent=2380"}],"curies":[{"name":"wp","href":"https:\/\/api.w.org\/{rel}","templated":true}]}}

<h2 class="naranja"></h2>
<p>Para atender el vacío existente en la Enseñanza de la Formación Profesional en la Comarca de Guadix, se creó este Centro que inició su funcionamiento en el Curso 73-74, anteriormente sólo existían los Institutos Padre Poveda y Pedro Antonio de Alarcón que impartían enseñanzas de Bachillerato.<br />
En sus orígenes fue una Sección Delegada del Instituto Padre Poveda, funcionando en las instalaciones de este Centro e impartiendo las familias profesionales de Administrativo, Electricidad y Metal, siendo el primer Director delegado Don Francisco Antiñolo Martínez.<br />
El BOE del 12/12/1978 Real Decreto 2.284/78 de 27 de Octubre, en su artículo 3º transformó la Sección en Instituto Nacional de Primer y Segundo Grado de Formación Profesional, siendo Director Don Juan Caballero Casas y en Noviembre de 1.979 se dotó con las actuales instalaciones en la Avenida Buenos Aires, 68.<br />
Durante esos años se han formado numerosos jóvenes en las distintas familias profesionales de Administrativo, Electricidad, Informática, Metal y Peluquería, siendo Directores:<br />
• Juan Caballero Casas<br />
• Millán Santos Bos<br />
• Rafael Guzmán Tirado<br />
• Carmen García Raya<br />
• Leovigildo García Gómez<br />
Posteriormente el Instituto se transformó en Instituto de Enseñanza Secundaria impartiendo enseñanzas de ESO, Bachilleratos, Ciclos de Grado Medio y Grado Superior y Formación Profesional Básica.<br />
El Instituto ACCI se caracteriza por su continua transformación y adaptación a las nuevas enseñanzas y demandas de esta sociedad, ha ido evolucionando desde la antigua F.P., hasta adaptar la nueva F.P. impartiendo en la actualidad 5 Ciclos de Grado Medio, 2 Ciclos de Grado Superior, Bachilleratos de Ciencias, Ciencias Sociales y Humanidades. Atiende a alumnos discapacitados y con deficiencia auditiva. Es Centro TIC.<br />
El centro es bilíngüe en Inglés en todas las líneas de la ESO, en una línea de bachillerato y los ciclos formativos Grado Medio de Administrativo y Superior de Administración y Finanzas.<br />
Tiene además aprobados y funcionando otros proyectos educativos: Compensación educativa, Escuela Espacio de Paz, Proyecto Lector, Coeducación, etc.<br />
La población de la Comarca ha ido depositando su confianza en este Centro, confiándole la formación de sus jóvenes de manera mayoritaria, y en el presente curso, cuenta con 920 alumnos, 38 grupos en las diversas enseñanzas, atendidos por 76 profesores y profesoras, 1 interprete en lenguaje de signos, una administrativa, 3 ordenanzas y 4 personas dedicadas a la limpieza.</p>
<p>&nbsp;</p>

<p>Para atender el vacío existente en la Enseñanza de la Formación Profesional en la Comarca de Guadix, se creó este Centro que inició su funcionamiento en el Curso 73-74, anteriormente sólo existían los Institutos&#46;&#46;&#46;</p>
