{"id":2409,"date":"2015-11-24T11:34:49","date_gmt":"2015-11-24T11:34:49","guid":{"rendered":"http:\/\/blogsaverroes.juntadeandalucia.es\/iesacci\/?page_id=2409"},"modified":"2024-10-24T08:57:34","modified_gmt":"2024-10-24T08:57:34","slug":"fabricacion-mecanica","status":"publish","type":"page","link":"https:\/\/blogsaverroes.juntadeandalucia.es\/iesacci\/fabricacion-mecanica\/","title":{"rendered":"Fabricaci\u00f3n Mec\u00e1nica"},"content":{"rendered":"<p>El Departamento de Fabricaci\u00f3n Mec\u00e1nica ofrece los ciclos de:<\/p>\n<p><strong>Ciclo de Grado Medio de Fabricaci\u00f3n Mec\u00e1nica<\/strong><\/p>\n<p><strong>Formaci\u00f3n Profesional de Grado&nbsp; B\u00e1sico de Soldadura<\/strong><\/p>\n<p>Durante&nbsp;este curso&nbsp; cuenta con el siguiente profesorado:<\/p>\n<p>&nbsp;Xurxo Lois Ardao Caleiro(Jefe de Departamento)<\/p>\n<p>Jos\u00e9 Antonio Moreno G\u00f3mez<\/p>\n<p>Mar\u00eda Del Carmen Bernal Del Campo<\/p>\n<p>Pablo Belmonte Rodr\u00edguez<\/p>\n<p>Alejandro Ruiz Megia<\/p>\n","protected":false},"excerpt":{"rendered":"<p>El Departamento de Fabricaci\u00f3n Mec\u00e1nica ofrece los ciclos de: Ciclo de Grado Medio de Fabricaci\u00f3n Mec\u00e1nica Formaci\u00f3n Profesional de Grado&nbsp; B\u00e1sico de Soldadura Durante&nbsp;este curso&nbsp; cuenta con el siguiente profesorado: &nbsp;Xurxo Lois Ardao Caleiro(Jefe&#46;&#46;&#46;<\/p>\n","protected":false},"author":2055,"featured_media":0,"parent":0,"menu_order":0,"comment_status":"closed","ping_status":"closed","template":"","meta":{"ngg_post_thumbnail":0,"footnotes":"","_mc_calendar":[]},"aioseo_notices":[],"_links":{"self":[{"href":"https:\/\/blogsaverroes.juntadeandalucia.es\/iesacci\/wp-json\/wp\/v2\/pages\/2409"}],"collection":[{"href":"https:\/\/blogsaverroes.juntadeandalucia.es\/iesacci\/wp-json\/wp\/v2\/pages"}],"about":[{"href":"https:\/\/blogsaverroes.juntadeandalucia.es\/iesacci\/wp-json\/wp\/v2\/types\/page"}],"author":[{"embeddable":true,"href":"https:\/\/blogsaverroes.juntadeandalucia.es\/iesacci\/wp-json\/wp\/v2\/users\/2055"}],"replies":[{"embeddable":true,"href":"https:\/\/blogsaverroes.juntadeandalucia.es\/iesacci\/wp-json\/wp\/v2\/comments?post=2409"}],"version-history":[{"count":8,"href":"https:\/\/blogsaverroes.juntadeandalucia.es\/iesacci\/wp-json\/wp\/v2\/pages\/2409\/revisions"}],"predecessor-version":[{"id":6098,"href":"https:\/\/blogsaverroes.juntadeandalucia.es\/iesacci\/wp-json\/wp\/v2\/pages\/2409\/revisions\/6098"}],"wp:attachment":[{"href":"https:\/\/blogsaverroes.juntadeandalucia.es\/iesacci\/wp-json\/wp\/v2\/media?parent=2409"}],"curies":[{"name":"wp","href":"https:\/\/api.w.org\/{rel}","templated":true}]}}

Fabricación Mecánica

<p>El Departamento de Fabricación Mecánica ofrece los ciclos de:</p>
<p><strong>Ciclo de Grado Medio de Fabricación Mecánica</strong></p>
<p><strong>Formación Profesional de Grado&nbsp; Básico de Soldadura</strong></p>
<p>Durante&nbsp;este curso&nbsp; cuenta con el siguiente profesorado:</p>
<p>&nbsp;Xurxo Lois Ardao Caleiro(Jefe de Departamento)</p>
<p>José Antonio Moreno Gómez</p>
<p>María Del Carmen Bernal Del Campo</p>
<p>Pablo Belmonte Rodríguez</p>
<p>Alejandro Ruiz Megia</p>

<p>El Departamento de Fabricación Mecánica ofrece los ciclos de: Ciclo de Grado Medio de Fabricación Mecánica Formación Profesional de Grado&nbsp; Básico de Soldadura Durante&nbsp;este curso&nbsp; cuenta con el siguiente profesorado: &nbsp;Xurxo Lois Ardao Caleiro(Jefe&#46;&#46;&#46;</p>
