{"id":3978,"date":"2019-04-12T10:22:09","date_gmt":"2019-04-12T10:22:09","guid":{"rendered":"https:\/\/blogsaverroes.juntadeandalucia.es\/iesacci\/?page_id=3978"},"modified":"2019-10-16T07:55:04","modified_gmt":"2019-10-16T07:55:04","slug":"forma-profes","status":"publish","type":"page","link":"https:\/\/blogsaverroes.juntadeandalucia.es\/iesacci\/forma-profes\/","title":{"rendered":"FORMA PROFES FP"},"content":{"rendered":"<p><a href=\"https:\/\/blogsaverroes.juntadeandalucia.es\/iesacci\/files\/2019\/04\/Dualiza-FPEmpresa.jpg\"><img loading=\"lazy\" decoding=\"async\" class=\"alignnone size-medium wp-image-3986\" src=\"https:\/\/blogsaverroes.juntadeandalucia.es\/iesacci\/files\/2019\/04\/Dualiza-FPEmpresa-300x68.jpg\" alt=\"\" width=\"300\" height=\"68\" srcset=\"https:\/\/blogsaverroes.juntadeandalucia.es\/iesacci\/files\/2019\/04\/Dualiza-FPEmpresa-300x68.jpg 300w, https:\/\/blogsaverroes.juntadeandalucia.es\/iesacci\/files\/2019\/04\/Dualiza-FPEmpresa-24x5.jpg 24w, https:\/\/blogsaverroes.juntadeandalucia.es\/iesacci\/files\/2019\/04\/Dualiza-FPEmpresa-36x8.jpg 36w, https:\/\/blogsaverroes.juntadeandalucia.es\/iesacci\/files\/2019\/04\/Dualiza-FPEmpresa-48x11.jpg 48w, https:\/\/blogsaverroes.juntadeandalucia.es\/iesacci\/files\/2019\/04\/Dualiza-FPEmpresa.jpg 361w\" sizes=\"(max-width: 300px) 100vw, 300px\" \/><\/a><a href=\"https:\/\/blogsaverroes.juntadeandalucia.es\/iesacci\/files\/2019\/04\/logos-FORMA-PROFES.jpg\"><img loading=\"lazy\" decoding=\"async\" class=\"alignnone wp-image-3992\" src=\"https:\/\/blogsaverroes.juntadeandalucia.es\/iesacci\/files\/2019\/04\/logos-FORMA-PROFES-300x54.jpg\" alt=\"\" width=\"495\" height=\"89\" srcset=\"https:\/\/blogsaverroes.juntadeandalucia.es\/iesacci\/files\/2019\/04\/logos-FORMA-PROFES-300x54.jpg 300w, https:\/\/blogsaverroes.juntadeandalucia.es\/iesacci\/files\/2019\/04\/logos-FORMA-PROFES-24x4.jpg 24w, https:\/\/blogsaverroes.juntadeandalucia.es\/iesacci\/files\/2019\/04\/logos-FORMA-PROFES-36x7.jpg 36w, https:\/\/blogsaverroes.juntadeandalucia.es\/iesacci\/files\/2019\/04\/logos-FORMA-PROFES-48x9.jpg 48w, https:\/\/blogsaverroes.juntadeandalucia.es\/iesacci\/files\/2019\/04\/logos-FORMA-PROFES.jpg 651w\" sizes=\"(max-width: 495px) 100vw, 495px\" \/><\/a><\/p>\n<p>ESTANCIAS&nbsp; DE FORMACI\u00d3N DEL PROFESORADO DE F.P. EN EMPRESAS: FORMAPROFES&nbsp; FP GRANADA.<\/p>\n<p>Se podr\u00e1n realizar estancias en las empresas con las que se firmen acuerdos de aprendizaje.<\/p>\n<p>La estancia formativa se realizar\u00e1 en empresas que se consideren necesarias para la formaci\u00f3n del profesorado y a propuesta de \u00e9stos, deber\u00e1 proporcionar los datos relativos a la empresa, la persona responsable de la misma y datos de la actividad a realizar. Se entregar\u00e1 en el registro del Centro de destino y una copia se enviar\u00e1 al Equipo T\u00e9cnico del Proyecto cuyo registro se encuentra en el IES Cartuja como coordinador del proyecto. el modelo que debe cumplimentarse es el Anexo I, proyecto formativo de esta convocatoria. las propuestas que deseen formalizarse mediante esta modalidad deben presentarse hasta el 7 de junio de 2019.<\/p>\n<p>M\u00e1s informaci\u00f3n y anexos en la siguiente direcci\u00f3n:&nbsp;<a href=\"https:\/\/blogsaverroes.juntadeandalucia.es\/iesacci\/files\/2019\/04\/convocatoria-forma-profes-granada-2019.pdf\">convocatoria forma profes granada 2019<\/a>.&nbsp; &nbsp;&nbsp;&nbsp;<a href=\"https:\/\/blogsaverroes.juntadeandalucia.es\/iesacci\/files\/2019\/04\/anexos-convocatoria-forma-profes-granada-2019.docx\">anexos convocatoria forma profes granada 2019<\/a>.<\/p>\n<p>&nbsp;<\/p>\n<table style=\"height: 53px\" width=\"1192\">\n<tbody>\n<tr>\n<td style=\"width: 1455px\">\n<table>\n<tbody>\n<tr>\n<td><a href=\"https:\/\/blogsaverroes.juntadeandalucia.es\/iesacci\/files\/2019\/10\/CONTACTO-EMPRESAS.jpg\"><img loading=\"lazy\" decoding=\"async\" class=\"alignnone size-medium wp-image-4052\" src=\"https:\/\/blogsaverroes.juntadeandalucia.es\/iesacci\/files\/2019\/10\/CONTACTO-EMPRESAS-300x264.jpg\" alt=\"\" width=\"300\" height=\"264\" srcset=\"https:\/\/blogsaverroes.juntadeandalucia.es\/iesacci\/files\/2019\/10\/CONTACTO-EMPRESAS-300x264.jpg 300w, https:\/\/blogsaverroes.juntadeandalucia.es\/iesacci\/files\/2019\/10\/CONTACTO-EMPRESAS-768x675.jpg 768w, https:\/\/blogsaverroes.juntadeandalucia.es\/iesacci\/files\/2019\/10\/CONTACTO-EMPRESAS-1024x900.jpg 1024w, https:\/\/blogsaverroes.juntadeandalucia.es\/iesacci\/files\/2019\/10\/CONTACTO-EMPRESAS-24x21.jpg 24w, https:\/\/blogsaverroes.juntadeandalucia.es\/iesacci\/files\/2019\/10\/CONTACTO-EMPRESAS-36x32.jpg 36w, https:\/\/blogsaverroes.juntadeandalucia.es\/iesacci\/files\/2019\/10\/CONTACTO-EMPRESAS-48x42.jpg 48w, https:\/\/blogsaverroes.juntadeandalucia.es\/iesacci\/files\/2019\/10\/CONTACTO-EMPRESAS.jpg 1600w\" sizes=\"(max-width: 300px) 100vw, 300px\" \/>VISITA A EMPRESAS<\/a><\/td>\n<td><a href=\"https:\/\/blogsaverroes.juntadeandalucia.es\/iesacci\/files\/2019\/10\/CONTACTO-EMPRESARIOS.jpg\"><img loading=\"lazy\" decoding=\"async\" class=\"alignnone size-medium wp-image-4051\" src=\"https:\/\/blogsaverroes.juntadeandalucia.es\/iesacci\/files\/2019\/10\/CONTACTO-EMPRESARIOS-300x225.jpg\" alt=\"\" width=\"300\" height=\"225\" srcset=\"https:\/\/blogsaverroes.juntadeandalucia.es\/iesacci\/files\/2019\/10\/CONTACTO-EMPRESARIOS-300x225.jpg 300w, https:\/\/blogsaverroes.juntadeandalucia.es\/iesacci\/files\/2019\/10\/CONTACTO-EMPRESARIOS-768x576.jpg 768w, https:\/\/blogsaverroes.juntadeandalucia.es\/iesacci\/files\/2019\/10\/CONTACTO-EMPRESARIOS.jpg 1024w, https:\/\/blogsaverroes.juntadeandalucia.es\/iesacci\/files\/2019\/10\/CONTACTO-EMPRESARIOS-24x18.jpg 24w, https:\/\/blogsaverroes.juntadeandalucia.es\/iesacci\/files\/2019\/10\/CONTACTO-EMPRESARIOS-36x27.jpg 36w, https:\/\/blogsaverroes.juntadeandalucia.es\/iesacci\/files\/2019\/10\/CONTACTO-EMPRESARIOS-48x36.jpg 48w\" sizes=\"(max-width: 300px) 100vw, 300px\" \/>VISITA EMPRESARIOS<\/a><\/td>\n<td>&nbsp;<\/td>\n<td>&nbsp;<\/td>\n<td>&nbsp;<\/td>\n<td>&nbsp;<\/td>\n<\/tr>\n<tr>\n<td>&nbsp;<\/td>\n<td>&nbsp;<\/td>\n<td>&nbsp;<\/td>\n<td>&nbsp;<\/td>\n<td>&nbsp;<\/td>\n<td>&nbsp;<\/td>\n<\/tr>\n<\/tbody>\n<\/table>\n<\/td>\n<\/tr>\n<\/tbody>\n<\/table>\n<p><a href=\"https:\/\/blogsaverroes.juntadeandalucia.es\/iesacci\/files\/2019\/04\/Dualiza-FPEmpresa.jpg\">&nbsp;&nbsp;<\/a><\/p>\n<p>Forma Profes FPDual Granada &#8211;&nbsp; Proyectos formativos de aprendizaje del profesorado y formadores de empresa<\/p>\n<p>&nbsp;<\/p>\n<p>La II Convocatoria de Ayudas Dualiza y FPempresa es la apuesta de DualizaBankia por impulsar proyectos de colaboraci\u00f3n entre centros educativos y empresa.<\/p>\n<p>&nbsp;<\/p>\n<p>El proyecto Forma Profes FPDual Granada presentado por un grupo de centros que imparten formaci\u00f3n profesional ha sido aprobado con una dotaci\u00f3n de 10.000 euros que contribuir\u00e1n a mejorar la formaci\u00f3n del profesorado de estos centros.<\/p>\n<p>La formaci\u00f3n profesional inicial que forma parte del sistema educativo avanza decididamente hacia un modelo de formaci\u00f3n profesional en alternancia basado en una mayor colaboraci\u00f3n y participaci\u00f3n de las empresas en los sistemas de formaci\u00f3n profesional, procesos que tambi\u00e9n<strong> favorecen la participaci\u00f3n activa de la empresa en el propio proceso formativo del profesorado de educaci\u00f3n y formaci\u00f3n profesionales<\/strong>.<\/p>\n<p>&nbsp;<\/p>\n<p>El argumento que justifica la realizaci\u00f3n de este proyecto radica en el hecho de que, mayoritariamente, el profesorado andaluz de FP-I no tiene experiencia en la empresa.<\/p>\n<p>&nbsp;<\/p>\n<p>Esta transferencia formativa va a permitir que los profesionales docentes y formadores de FP dual en Granada conozcan de manera m\u00e1s cercana la formaci\u00f3n que reciben los alumnos en los centros educativos y en las empresas permitiendo que la formaci\u00f3n en el centro educativo se adapte, cada vez m\u00e1s, a las demandas de los sectores productivos y a las necesidades espec\u00edficas del entorno empresarial. Las razones que dan origen a la realizaci\u00f3n de este proyecto, no son otras que la necesidad imperiosa de que el profesorado y formadores de FP de Granada puedan tener un marco donde desarrollar proyectos de actualizaci\u00f3n permanente en entornos reales de educaci\u00f3n y trabajo.<\/p>\n<p>&nbsp;<\/p>\n<p>Por todo ello siete centros de la provincia de Granada &#8211; <strong>Atlantida CIDEP,&nbsp; Centro Ave Mar\u00eda San Crist\u00f3bal, CPIFP Aynadamar,&nbsp; IES Acci, IES Cartuja, IES La Zafra e IES Virgen de las Nieves<\/strong> &#8211; &nbsp;van a trabajar en red apoyados por las C\u00e1maras de Comercio y la Asociaci\u00f3n de Empresarios y Comerciantes de la Costa con los siguientes objetivos:<\/p>\n<p>&nbsp;<\/p>\n<ul>\n<li>Impulsar el desarrollo de proyectos formativos de estancias en empresas y centros educativos por parte del profesorado y formadores de educaci\u00f3n, as\u00ed como el desarrollo de proyectos de i+FP en centros formativos y empresas.<\/li>\n<li>Consolidar, extender y visualizar los programas desarrollados, dando un reconocimiento expl\u00edcito.<\/li>\n<\/ul>\n<p>&nbsp;<\/p>\n<p>&nbsp;&nbsp;<\/p>\n<table>\n<tbody>\n<tr>\n<td style=\"width: 1455px\">&nbsp;<\/td>\n<\/tr>\n<\/tbody>\n<\/table>\n","protected":false},"excerpt":{"rendered":"<p>ESTANCIAS&nbsp; DE FORMACI\u00d3N DEL PROFESORADO DE F.P. EN EMPRESAS: FORMAPROFES&nbsp; FP GRANADA. Se podr\u00e1n realizar estancias en las empresas con las que se firmen acuerdos de aprendizaje. La estancia formativa se realizar\u00e1 en empresas&#46;&#46;&#46;<\/p>\n","protected":false},"author":2064,"featured_media":0,"parent":0,"menu_order":0,"comment_status":"closed","ping_status":"closed","template":"","meta":{"ngg_post_thumbnail":0,"footnotes":"","_mc_calendar":[]},"aioseo_notices":[],"_links":{"self":[{"href":"https:\/\/blogsaverroes.juntadeandalucia.es\/iesacci\/wp-json\/wp\/v2\/pages\/3978"}],"collection":[{"href":"https:\/\/blogsaverroes.juntadeandalucia.es\/iesacci\/wp-json\/wp\/v2\/pages"}],"about":[{"href":"https:\/\/blogsaverroes.juntadeandalucia.es\/iesacci\/wp-json\/wp\/v2\/types\/page"}],"author":[{"embeddable":true,"href":"https:\/\/blogsaverroes.juntadeandalucia.es\/iesacci\/wp-json\/wp\/v2\/users\/2064"}],"replies":[{"embeddable":true,"href":"https:\/\/blogsaverroes.juntadeandalucia.es\/iesacci\/wp-json\/wp\/v2\/comments?post=3978"}],"version-history":[{"count":11,"href":"https:\/\/blogsaverroes.juntadeandalucia.es\/iesacci\/wp-json\/wp\/v2\/pages\/3978\/revisions"}],"predecessor-version":[{"id":4053,"href":"https:\/\/blogsaverroes.juntadeandalucia.es\/iesacci\/wp-json\/wp\/v2\/pages\/3978\/revisions\/4053"}],"wp:attachment":[{"href":"https:\/\/blogsaverroes.juntadeandalucia.es\/iesacci\/wp-json\/wp\/v2\/media?parent=3978"}],"curies":[{"name":"wp","href":"https:\/\/api.w.org\/{rel}","templated":true}]}}

<p><a href="https://blogsaverroes.juntadeandalucia.es/iesacci/files/2019/04/Dualiza-FPEmpresa.jpg"><img loading="lazy" decoding="async" class="alignnone size-medium wp-image-3986" src="https://blogsaverroes.juntadeandalucia.es/iesacci/files/2019/04/Dualiza-FPEmpresa-300x68.jpg" alt="" width="300" height="68" srcset="https://blogsaverroes.juntadeandalucia.es/iesacci/files/2019/04/Dualiza-FPEmpresa-300x68.jpg 300w, https://blogsaverroes.juntadeandalucia.es/iesacci/files/2019/04/Dualiza-FPEmpresa-24x5.jpg 24w, https://blogsaverroes.juntadeandalucia.es/iesacci/files/2019/04/Dualiza-FPEmpresa-36x8.jpg 36w, https://blogsaverroes.juntadeandalucia.es/iesacci/files/2019/04/Dualiza-FPEmpresa-48x11.jpg 48w, https://blogsaverroes.juntadeandalucia.es/iesacci/files/2019/04/Dualiza-FPEmpresa.jpg 361w" sizes="(max-width: 300px) 100vw, 300px" /></a><a href="https://blogsaverroes.juntadeandalucia.es/iesacci/files/2019/04/logos-FORMA-PROFES.jpg"><img loading="lazy" decoding="async" class="alignnone wp-image-3992" src="https://blogsaverroes.juntadeandalucia.es/iesacci/files/2019/04/logos-FORMA-PROFES-300x54.jpg" alt="" width="495" height="89" srcset="https://blogsaverroes.juntadeandalucia.es/iesacci/files/2019/04/logos-FORMA-PROFES-300x54.jpg 300w, https://blogsaverroes.juntadeandalucia.es/iesacci/files/2019/04/logos-FORMA-PROFES-24x4.jpg 24w, https://blogsaverroes.juntadeandalucia.es/iesacci/files/2019/04/logos-FORMA-PROFES-36x7.jpg 36w, https://blogsaverroes.juntadeandalucia.es/iesacci/files/2019/04/logos-FORMA-PROFES-48x9.jpg 48w, https://blogsaverroes.juntadeandalucia.es/iesacci/files/2019/04/logos-FORMA-PROFES.jpg 651w" sizes="(max-width: 495px) 100vw, 495px" /></a></p>
<p>ESTANCIAS&nbsp; DE FORMACIÓN DEL PROFESORADO DE F.P. EN EMPRESAS: FORMAPROFES&nbsp; FP GRANADA.</p>
<p>Se podrán realizar estancias en las empresas con las que se firmen acuerdos de aprendizaje.</p>
<p>La estancia formativa se realizará en empresas que se consideren necesarias para la formación del profesorado y a propuesta de éstos, deberá proporcionar los datos relativos a la empresa, la persona responsable de la misma y datos de la actividad a realizar. Se entregará en el registro del Centro de destino y una copia se enviará al Equipo Técnico del Proyecto cuyo registro se encuentra en el IES Cartuja como coordinador del proyecto. el modelo que debe cumplimentarse es el Anexo I, proyecto formativo de esta convocatoria. las propuestas que deseen formalizarse mediante esta modalidad deben presentarse hasta el 7 de junio de 2019.</p>
<p>Más información y anexos en la siguiente dirección:&nbsp;<a href="https://blogsaverroes.juntadeandalucia.es/iesacci/files/2019/04/convocatoria-forma-profes-granada-2019.pdf">convocatoria forma profes granada 2019</a>.&nbsp; &nbsp;&nbsp;&nbsp;<a href="https://blogsaverroes.juntadeandalucia.es/iesacci/files/2019/04/anexos-convocatoria-forma-profes-granada-2019.docx">anexos convocatoria forma profes granada 2019</a>.</p>
<p>&nbsp;</p>
<table style="height: 53px" width="1192">
<tbody>
<tr>
<td style="width: 1455px">
<table>
<tbody>
<tr>
<td><a href="https://blogsaverroes.juntadeandalucia.es/iesacci/files/2019/10/CONTACTO-EMPRESAS.jpg"><img loading="lazy" decoding="async" class="alignnone size-medium wp-image-4052" src="https://blogsaverroes.juntadeandalucia.es/iesacci/files/2019/10/CONTACTO-EMPRESAS-300x264.jpg" alt="" width="300" height="264" srcset="https://blogsaverroes.juntadeandalucia.es/iesacci/files/2019/10/CONTACTO-EMPRESAS-300x264.jpg 300w, https://blogsaverroes.juntadeandalucia.es/iesacci/files/2019/10/CONTACTO-EMPRESAS-768x675.jpg 768w, https://blogsaverroes.juntadeandalucia.es/iesacci/files/2019/10/CONTACTO-EMPRESAS-1024x900.jpg 1024w, https://blogsaverroes.juntadeandalucia.es/iesacci/files/2019/10/CONTACTO-EMPRESAS-24x21.jpg 24w, https://blogsaverroes.juntadeandalucia.es/iesacci/files/2019/10/CONTACTO-EMPRESAS-36x32.jpg 36w, https://blogsaverroes.juntadeandalucia.es/iesacci/files/2019/10/CONTACTO-EMPRESAS-48x42.jpg 48w, https://blogsaverroes.juntadeandalucia.es/iesacci/files/2019/10/CONTACTO-EMPRESAS.jpg 1600w" sizes="(max-width: 300px) 100vw, 300px" />VISITA A EMPRESAS</a></td>
<td><a href="https://blogsaverroes.juntadeandalucia.es/iesacci/files/2019/10/CONTACTO-EMPRESARIOS.jpg"><img loading="lazy" decoding="async" class="alignnone size-medium wp-image-4051" src="https://blogsaverroes.juntadeandalucia.es/iesacci/files/2019/10/CONTACTO-EMPRESARIOS-300x225.jpg" alt="" width="300" height="225" srcset="https://blogsaverroes.juntadeandalucia.es/iesacci/files/2019/10/CONTACTO-EMPRESARIOS-300x225.jpg 300w, https://blogsaverroes.juntadeandalucia.es/iesacci/files/2019/10/CONTACTO-EMPRESARIOS-768x576.jpg 768w, https://blogsaverroes.juntadeandalucia.es/iesacci/files/2019/10/CONTACTO-EMPRESARIOS.jpg 1024w, https://blogsaverroes.juntadeandalucia.es/iesacci/files/2019/10/CONTACTO-EMPRESARIOS-24x18.jpg 24w, https://blogsaverroes.juntadeandalucia.es/iesacci/files/2019/10/CONTACTO-EMPRESARIOS-36x27.jpg 36w, https://blogsaverroes.juntadeandalucia.es/iesacci/files/2019/10/CONTACTO-EMPRESARIOS-48x36.jpg 48w" sizes="(max-width: 300px) 100vw, 300px" />VISITA EMPRESARIOS</a></td>
<td>&nbsp;</td>
<td>&nbsp;</td>
<td>&nbsp;</td>
<td>&nbsp;</td>
</tr>
<tr>
<td>&nbsp;</td>
<td>&nbsp;</td>
<td>&nbsp;</td>
<td>&nbsp;</td>
<td>&nbsp;</td>
<td>&nbsp;</td>
</tr>
</tbody>
</table>
</td>
</tr>
</tbody>
</table>
<p><a href="https://blogsaverroes.juntadeandalucia.es/iesacci/files/2019/04/Dualiza-FPEmpresa.jpg">&nbsp;&nbsp;</a></p>
<p>Forma Profes FPDual Granada &#8211;&nbsp; Proyectos formativos de aprendizaje del profesorado y formadores de empresa</p>
<p>&nbsp;</p>
<p>La II Convocatoria de Ayudas Dualiza y FPempresa es la apuesta de DualizaBankia por impulsar proyectos de colaboración entre centros educativos y empresa.</p>
<p>&nbsp;</p>
<p>El proyecto Forma Profes FPDual Granada presentado por un grupo de centros que imparten formación profesional ha sido aprobado con una dotación de 10.000 euros que contribuirán a mejorar la formación del profesorado de estos centros.</p>
<p>La formación profesional inicial que forma parte del sistema educativo avanza decididamente hacia un modelo de formación profesional en alternancia basado en una mayor colaboración y participación de las empresas en los sistemas de formación profesional, procesos que también<strong> favorecen la participación activa de la empresa en el propio proceso formativo del profesorado de educación y formación profesionales</strong>.</p>
<p>&nbsp;</p>
<p>El argumento que justifica la realización de este proyecto radica en el hecho de que, mayoritariamente, el profesorado andaluz de FP-I no tiene experiencia en la empresa.</p>
<p>&nbsp;</p>
<p>Esta transferencia formativa va a permitir que los profesionales docentes y formadores de FP dual en Granada conozcan de manera más cercana la formación que reciben los alumnos en los centros educativos y en las empresas permitiendo que la formación en el centro educativo se adapte, cada vez más, a las demandas de los sectores productivos y a las necesidades específicas del entorno empresarial. Las razones que dan origen a la realización de este proyecto, no son otras que la necesidad imperiosa de que el profesorado y formadores de FP de Granada puedan tener un marco donde desarrollar proyectos de actualización permanente en entornos reales de educación y trabajo.</p>
<p>&nbsp;</p>
<p>Por todo ello siete centros de la provincia de Granada &#8211; <strong>Atlantida CIDEP,&nbsp; Centro Ave María San Cristóbal, CPIFP Aynadamar,&nbsp; IES Acci, IES Cartuja, IES La Zafra e IES Virgen de las Nieves</strong> &#8211; &nbsp;van a trabajar en red apoyados por las Cámaras de Comercio y la Asociación de Empresarios y Comerciantes de la Costa con los siguientes objetivos:</p>
<p>&nbsp;</p>
<ul>
<li>Impulsar el desarrollo de proyectos formativos de estancias en empresas y centros educativos por parte del profesorado y formadores de educación, así como el desarrollo de proyectos de i+FP en centros formativos y empresas.</li>
<li>Consolidar, extender y visualizar los programas desarrollados, dando un reconocimiento explícito.</li>
</ul>
<p>&nbsp;</p>
<p>&nbsp;&nbsp;</p>
<table>
<tbody>
<tr>
<td style="width: 1455px">&nbsp;</td>
</tr>
</tbody>
</table>

<p>ESTANCIAS&nbsp; DE FORMACIÓN DEL PROFESORADO DE F.P. EN EMPRESAS: FORMAPROFES&nbsp; FP GRANADA. Se podrán realizar estancias en las empresas con las que se firmen acuerdos de aprendizaje. La estancia formativa se realizará en empresas&#46;&#46;&#46;</p>
