{"id":42,"date":"2015-03-13T08:40:47","date_gmt":"2015-03-13T08:40:47","guid":{"rendered":"http:\/\/blogsaverroes.juntadeandalucia.es\/pre\/ceip\/?page_id=42"},"modified":"2020-09-08T17:53:42","modified_gmt":"2020-09-08T17:53:42","slug":"equipo-directivo","status":"publish","type":"page","link":"https:\/\/blogsaverroes.juntadeandalucia.es\/iesacci\/equipo-directivo\/","title":{"rendered":"Equipo directivo"},"content":{"rendered":"<p>&nbsp;<\/p>\n<p><strong>Direcci\u00f3n: ISAAC EXP\u00d3SITO FERN\u00c1NDEZ<\/strong><\/p>\n<p><strong>Vicedirecci\u00f3n: JUAN MANUEL NU\u00d1EZ RAMOS<\/strong><\/p>\n<p><strong>Jefatura de estudios: MIGUEL IB\u00c1\u00d1EZ S\u00c1NCHEZ<\/strong><\/p>\n<p><strong>Jefatura de estudios adjunta: MARIEN&nbsp; COBO PULIDO<\/strong><\/p>\n<p><strong>Jefatura de Estudios Adjunto: JOS\u00c9 AVIL\u00c9S MARTOS<\/strong><\/p>\n<p><strong>Secretar\u00eda: MAR\u00cdA JOS\u00c9&nbsp; GARC\u00cdA L\u00d3PEZ<\/strong><\/p>\n","protected":false},"excerpt":{"rendered":"<p>&nbsp; Direcci\u00f3n: ISAAC EXP\u00d3SITO FERN\u00c1NDEZ Vicedirecci\u00f3n: JUAN MANUEL NU\u00d1EZ RAMOS Jefatura de estudios: MIGUEL IB\u00c1\u00d1EZ S\u00c1NCHEZ Jefatura de estudios adjunta: MARIEN&nbsp; COBO PULIDO Jefatura de Estudios Adjunto: JOS\u00c9 AVIL\u00c9S MARTOS Secretar\u00eda: MAR\u00cdA JOS\u00c9&nbsp; GARC\u00cdA&#46;&#46;&#46;<\/p>\n","protected":false},"author":1,"featured_media":0,"parent":0,"menu_order":0,"comment_status":"closed","ping_status":"closed","template":"","meta":{"ngg_post_thumbnail":0,"footnotes":"","_mc_calendar":[]},"aioseo_notices":[],"_links":{"self":[{"href":"https:\/\/blogsaverroes.juntadeandalucia.es\/iesacci\/wp-json\/wp\/v2\/pages\/42"}],"collection":[{"href":"https:\/\/blogsaverroes.juntadeandalucia.es\/iesacci\/wp-json\/wp\/v2\/pages"}],"about":[{"href":"https:\/\/blogsaverroes.juntadeandalucia.es\/iesacci\/wp-json\/wp\/v2\/types\/page"}],"author":[{"embeddable":true,"href":"https:\/\/blogsaverroes.juntadeandalucia.es\/iesacci\/wp-json\/wp\/v2\/users\/1"}],"replies":[{"embeddable":true,"href":"https:\/\/blogsaverroes.juntadeandalucia.es\/iesacci\/wp-json\/wp\/v2\/comments?post=42"}],"version-history":[{"count":9,"href":"https:\/\/blogsaverroes.juntadeandalucia.es\/iesacci\/wp-json\/wp\/v2\/pages\/42\/revisions"}],"predecessor-version":[{"id":4695,"href":"https:\/\/blogsaverroes.juntadeandalucia.es\/iesacci\/wp-json\/wp\/v2\/pages\/42\/revisions\/4695"}],"wp:attachment":[{"href":"https:\/\/blogsaverroes.juntadeandalucia.es\/iesacci\/wp-json\/wp\/v2\/media?parent=42"}],"curies":[{"name":"wp","href":"https:\/\/api.w.org\/{rel}","templated":true}]}}