{"id":5156,"date":"2021-05-24T11:25:13","date_gmt":"2021-05-24T11:25:13","guid":{"rendered":"https:\/\/blogsaverroes.juntadeandalucia.es\/iesacci\/?page_id=5156"},"modified":"2021-06-29T06:55:53","modified_gmt":"2021-06-29T06:55:53","slug":"platano-de-sombra","status":"publish","type":"page","link":"https:\/\/blogsaverroes.juntadeandalucia.es\/iesacci\/platano-de-sombra\/","title":{"rendered":"PL\u00c1TANO DE SOMBRA"},"content":{"rendered":"<p class=\"LO-normal\" style=\"text-align: justify\"><b><span style=\"font-size: 26.0pt;line-height: 107%\">Pl\u00e1tano de sombra. <i>Platanus hispanica<\/i><\/span><\/b><\/p>\n<p class=\"LO-normal\" style=\"text-align: justify\"><a name=\"402\"><\/a><b><span style=\"font-size: 14.0pt;line-height: 107%\">\u00bfSAB\u00cdAS QUE\u2026?<\/span><\/b><span style=\"font-size: 14.0pt;line-height: 107%\"> Su madera es dura, semejante a la del haya, y en su zona de origen se usa para mangos, herramientas, chapas y tableros.<\/span><\/p>\n<p class=\"LO-normal\" style=\"text-align: justify\"><b><span style=\"font-size: 14.0pt;line-height: 107%\">DESCRIPCI\u00d3N<\/span><\/b><\/p>\n<p class=\"LO-normal\" style=\"text-align: justify\"><a name=\"51\"><\/a><a name=\"70\"><\/a><a name=\"56\"><\/a><a name=\"87\"><\/a><a name=\"91\"><\/a><a name=\"401\"><\/a><a name=\"8\"><\/a><span style=\"font-size: 14.0pt;line-height: 107%\">\u00c1rbol corpulento que llega a sobrepasar los 40 m, de tronco recto y copa tupida que proyecta una sombra densa. Su corteza se caracteriza por parecer un mosaico de tonos verdes, grises y amarillos, que se desprende con facilidad en grandes placas. Las hojas son caducas, simples, alternas y palmeadas en 5 l\u00f3bulos de picos agudos e irregulares. Son grandes, pues miden 12-22 cm de largo por 12-30 cm de ancho. Las juveniles poseen un denso tomento que se va perdiendo con la edad y la base del rabillo tiene forma de caperuza para proteger la yema de la hoja, que saldr\u00e1 al a\u00f1o siguiente. Los frutos son compuestos y globosos, aparecen generalmente en pares, miden 3-5 cm de di\u00e1metro y son colgantes. Estas bolas con frecuencia se mantienen en el \u00e1rbol al llegar el invierno, luego se deshacen y tienen multitud de semillas con pelos finos para favorecer su dispersi\u00f3n por el viento (aquenios). <\/span><\/p>\n<p class=\"LO-normal\" style=\"text-align: justify\"><b><span style=\"font-size: 14.0pt;line-height: 107%\">ECOLOG\u00cdA<\/span><\/b><\/p>\n<p class=\"LO-normal\" style=\"text-align: justify\"><span style=\"font-size: 14.0pt;line-height: 107%\">Es una especie que requiere suelos con suficiente humedad y ligeros, aunque aguanta las condiciones precarias de las ciudades, a veces en espacios mal drenados y de suelos compactados. Soporta muy bien la contaminaci\u00f3n atmosf\u00e9rica y la poda, llegando a rebrotar incluso de la cepa cuando han sido talados.<\/span><\/p>\n<p class=\"LO-normal\" style=\"text-align: justify\"><b><span style=\"font-size: 14.0pt;line-height: 107%\">DISTRIBUCI\u00d3N<\/span><\/b><\/p>\n<p class=\"LO-normal\" style=\"text-align: justify\"><span style=\"font-size: 14.0pt;line-height: 107%\">Es oriundo del mediterr\u00e1neo oriental, sudeste de Europa y oeste de Asia. Ampliamente difundido como ornamental, se encuentra en todo el territorio y se asilvestra con facilidad en riberas y sotos, sobre todo en el norte peninsular.<\/span><\/p>\n","protected":false},"excerpt":{"rendered":"<p>Pl\u00e1tano de sombra. Platanus hispanica \u00bfSAB\u00cdAS QUE\u2026? Su madera es dura, semejante a la del haya, y en su zona de origen se usa para mangos, herramientas, chapas y tableros. DESCRIPCI\u00d3N \u00c1rbol corpulento que&#46;&#46;&#46;<\/p>\n","protected":false},"author":2064,"featured_media":0,"parent":0,"menu_order":0,"comment_status":"closed","ping_status":"closed","template":"","meta":{"ngg_post_thumbnail":0,"footnotes":"","_mc_calendar":[]},"aioseo_notices":[],"_links":{"self":[{"href":"https:\/\/blogsaverroes.juntadeandalucia.es\/iesacci\/wp-json\/wp\/v2\/pages\/5156"}],"collection":[{"href":"https:\/\/blogsaverroes.juntadeandalucia.es\/iesacci\/wp-json\/wp\/v2\/pages"}],"about":[{"href":"https:\/\/blogsaverroes.juntadeandalucia.es\/iesacci\/wp-json\/wp\/v2\/types\/page"}],"author":[{"embeddable":true,"href":"https:\/\/blogsaverroes.juntadeandalucia.es\/iesacci\/wp-json\/wp\/v2\/users\/2064"}],"replies":[{"embeddable":true,"href":"https:\/\/blogsaverroes.juntadeandalucia.es\/iesacci\/wp-json\/wp\/v2\/comments?post=5156"}],"version-history":[{"count":2,"href":"https:\/\/blogsaverroes.juntadeandalucia.es\/iesacci\/wp-json\/wp\/v2\/pages\/5156\/revisions"}],"predecessor-version":[{"id":5321,"href":"https:\/\/blogsaverroes.juntadeandalucia.es\/iesacci\/wp-json\/wp\/v2\/pages\/5156\/revisions\/5321"}],"wp:attachment":[{"href":"https:\/\/blogsaverroes.juntadeandalucia.es\/iesacci\/wp-json\/wp\/v2\/media?parent=5156"}],"curies":[{"name":"wp","href":"https:\/\/api.w.org\/{rel}","templated":true}]}}