{"id":5159,"date":"2021-06-29T06:30:58","date_gmt":"2021-06-29T06:30:58","guid":{"rendered":"https:\/\/blogsaverroes.juntadeandalucia.es\/iesacci\/?page_id=5159"},"modified":"2021-06-29T06:31:23","modified_gmt":"2021-06-29T06:31:23","slug":"alamo-blanco-2","status":"publish","type":"page","link":"https:\/\/blogsaverroes.juntadeandalucia.es\/iesacci\/alamo-blanco-2\/","title":{"rendered":"\u00c1LAMO BLANCO"},"content":{"rendered":"<p>&nbsp;<\/p>\n<p><strong>\u00c1lamo blanco. <em>Populus alba.<\/em><\/strong><\/p>\n<p><strong>\u00bfSAB\u00cdAS QUE\u2026?<\/strong><\/p>\n<p>La Gioconda, de Leonardo da Vinci, est\u00e1 pintada sobre una tabla de \u00e1lamo.<\/p>\n<p><strong>DESCRIPCI\u00d3N<\/strong><\/p>\n<p>\u00c1rbol caducifolio de hasta 25 m de altura, de tronco recto y cil\u00edndrico. La corteza es blanco-verdosa o gris\u00e1cea y se agrieta longitudinalmente con la edad. Las hojas son alternas, anchas y de forma muy variable (dentado-angulosas o palmeado-lobuladas), sim\u00e9tricas o no, verde claras por el haz y con un caracter\u00edstico tomento blanquecino o plateado por el env\u00e9s. Las flores femeninas aparecen en ramos colgantes alargados (amentos). Los frutos son c\u00e1psulas que se abren al madurar y liberan las semillas envueltas en un tejido algodonoso que favorece su dispersi\u00f3n por el viento. Se suele confundir esta pelusa, que producen todos los \u00e1lamos y sauces, con el polen.<\/p>\n<p><strong>ECOLOG\u00cdA<\/strong><\/p>\n<p>Es un \u00e1rbol que prefiere las zonas bajas y no sube tanto como sus cong\u00e9neres en altitud, pues no aguanta mucho las heladas, por lo que en general ocupa las zonas m\u00e1s f\u00e9rtiles de las vegas en los cursos medios y bajos de los r\u00edos. Vive asociado a los sistemas fluviales, fuentes y manantiales, formando bosquetes que a veces se mezclan con otras especies de ribera. Aguanta los suelos arcillosos y se da bien en los calc\u00e1reos, pero desaparece donde son salinos.<\/p>\n<p><strong>DISTRIBUCI\u00d3N<\/strong><\/p>\n<p>Habita en el centro y sur de Europa, oeste de Asia y norte de \u00c1frica, si bien es una especie que se usa mucho como ornamental o para repoblaciones. En la Pen\u00ednsula crece como natural en casi todas las regiones, a excepci\u00f3n de las zonas m\u00e1s h\u00famedas del noroccidente y de la Cornisa Cant\u00e1brica. En Baleares se considera introducida.<\/p>\n<p><strong>mo blanco. <em>Populus alba.<\/em><\/strong><\/p>\n<p><strong>\u00bfSAB\u00cdAS QUE\u2026?<\/strong><\/p>\n<p>La Gioconda, de Leonardo da Vinci, est\u00e1 pintada sobre una tabla de \u00e1lamo.<\/p>\n<p><strong>DESCRIPCI\u00d3N<\/strong><\/p>\n<p>\u00c1rbol caducifolio de hasta 25 m de altura, de tronco recto y cil\u00edndrico. La corteza es blanco-verdosa o gris\u00e1cea y se agrieta longitudinalmente con la edad. Las hojas son alternas, anchas y de forma muy variable (dentado-angulosas o palmeado-lobuladas), sim\u00e9tricas o no, verde claras por el haz y con un caracter\u00edstico tomento blanquecino o plateado por el env\u00e9s. Las flores femeninas aparecen en ramos colgantes alargados (amentos). Los frutos son c\u00e1psulas que se abren al madurar y liberan las semillas envueltas en un tejido algodonoso que favorece su dispersi\u00f3n por el viento. Se suele confundir esta pelusa, que producen todos los \u00e1lamos y sauces, con el polen.<\/p>\n<p><strong>ECOLOG\u00cdA<\/strong><\/p>\n<p>Es un \u00e1rbol que prefiere las zonas bajas y no sube tanto como sus cong\u00e9neres en altitud, pues no aguanta mucho las heladas, por lo que en general ocupa las zonas m\u00e1s f\u00e9rtiles de las vegas en los cursos medios y bajos de los r\u00edos. Vive asociado a los sistemas fluviales, fuentes y manantiales, formando bosquetes que a veces se mezclan con otras especies de ribera. Aguanta los suelos arcillosos y se da bien en los calc\u00e1reos, pero desaparece donde son salinos.<\/p>\n<p><strong>DISTRIBUCI\u00d3N<\/strong><\/p>\n<p>Habita en el centro y sur de Europa, oeste de Asia y norte de \u00c1frica, si bien es una especie que se usa mucho como ornamental o para repoblaciones. En la Pen\u00ednsula crece como natural en casi todas las regiones, a excepci\u00f3n de las zonas m\u00e1s h\u00famedas del noroccidente y de la Cornisa Cant\u00e1brica. En Baleares se considera introducida.<\/p>\n","protected":false},"excerpt":{"rendered":"<p>&nbsp; \u00c1lamo blanco. Populus alba. \u00bfSAB\u00cdAS QUE\u2026? La Gioconda, de Leonardo da Vinci, est\u00e1 pintada sobre una tabla de \u00e1lamo. DESCRIPCI\u00d3N \u00c1rbol caducifolio de hasta 25 m de altura, de tronco recto y cil\u00edndrico.&#46;&#46;&#46;<\/p>\n","protected":false},"author":2064,"featured_media":0,"parent":0,"menu_order":0,"comment_status":"closed","ping_status":"closed","template":"","meta":{"ngg_post_thumbnail":0,"footnotes":"","_mc_calendar":[]},"aioseo_notices":[],"_links":{"self":[{"href":"https:\/\/blogsaverroes.juntadeandalucia.es\/iesacci\/wp-json\/wp\/v2\/pages\/5159"}],"collection":[{"href":"https:\/\/blogsaverroes.juntadeandalucia.es\/iesacci\/wp-json\/wp\/v2\/pages"}],"about":[{"href":"https:\/\/blogsaverroes.juntadeandalucia.es\/iesacci\/wp-json\/wp\/v2\/types\/page"}],"author":[{"embeddable":true,"href":"https:\/\/blogsaverroes.juntadeandalucia.es\/iesacci\/wp-json\/wp\/v2\/users\/2064"}],"replies":[{"embeddable":true,"href":"https:\/\/blogsaverroes.juntadeandalucia.es\/iesacci\/wp-json\/wp\/v2\/comments?post=5159"}],"version-history":[{"count":2,"href":"https:\/\/blogsaverroes.juntadeandalucia.es\/iesacci\/wp-json\/wp\/v2\/pages\/5159\/revisions"}],"predecessor-version":[{"id":5296,"href":"https:\/\/blogsaverroes.juntadeandalucia.es\/iesacci\/wp-json\/wp\/v2\/pages\/5159\/revisions\/5296"}],"wp:attachment":[{"href":"https:\/\/blogsaverroes.juntadeandalucia.es\/iesacci\/wp-json\/wp\/v2\/media?parent=5159"}],"curies":[{"name":"wp","href":"https:\/\/api.w.org\/{rel}","templated":true}]}}