{"id":5187,"date":"2021-05-24T16:09:52","date_gmt":"2021-05-24T16:09:52","guid":{"rendered":"https:\/\/blogsaverroes.juntadeandalucia.es\/iesacci\/?page_id=5187"},"modified":"2021-06-29T06:44:11","modified_gmt":"2021-06-29T06:44:11","slug":"kiwi","status":"publish","type":"page","link":"https:\/\/blogsaverroes.juntadeandalucia.es\/iesacci\/kiwi\/","title":{"rendered":"KIWI"},"content":{"rendered":"<p><strong>Kiwi. <em>Actinidia deliciosa.<\/em><\/strong><\/p>\n<p><strong>\u00bfSAB\u00cdAS QUE\u2026? <\/strong>El nombre \u00abkiwi\u00bb le fue otorgado en Nueva Zelanda, posiblemente por una remota similitud de aspecto entre el fruto cubierto de vellosidades y el ave kiwi.<\/p>\n<p><strong>DESCRIPCI\u00d3N<\/strong><\/p>\n<p>Esta especie es una vigorosa trepadora semile\u00f1osa de h\u00e1bito caducifolio y porte arbustivo que puede alcanzar los 9 metros de altura. Las hojas, de unos 7,5 a 12,5 cm de largo, son alternas, largamente pecioladas, de forma oval o casi circular y cordadas en la base. Las hojas j\u00f3venes est\u00e1n cubiertas de vellosidad rojiza, mientras que las adultas carecen de vellosidad, con el haz de color verde oscuro y el env\u00e9s blanquecino con prominentes nervaduras de color claro.&nbsp; Las fragantes flores, de 2,5 a 5 cm de di\u00e1metro, son dioicas o unisexuales y surgen solitarias o en grupos de tres en las axilas de las hojas. Tienen 5 \u00f3 6 p\u00e9talos de color blanco al abrirse, torn\u00e1ndose despu\u00e9s amarillos. Los estambres son muy numerosos en las flores de ambos sexos, aunque las femeninas carecen de polen viable\u200b y ninguna de las dos contiene n\u00e9ctar. Al ser plantas dioicas (flores masculinas y femeninas en diferente planta) los dos sexos se deben plantar muy pr\u00f3ximos para que se produzca la polinizaci\u00f3n, esta la llevan a cabo las abejas; en las plantaciones usualmente se distribuyen colmenas para facilitar esta tarea.<\/p>\n<p><strong>ECOLOG\u00cdA<\/strong><\/p>\n<p>Los suelos ideales son los franco-arenosos, sin presencia de cloruros debido a que el kiwi muestra cierta sensibilidad a los mismos, pH entre 6-7 y poca presencia de cal.<\/p>\n<p><strong>DISTRIBUCI\u00d3N<\/strong><\/p>\n<p>Es una planta trepadora originaria de una gran \u00e1rea de China, sobre todo de los bosques del valle del r\u00edo Yangts\u00e9. Introducida en Nueva Zelanda en 1904, fue cultivada desde entonces en muchas regiones templadas por su fruto comestible, el kiwi.<\/p>\n","protected":false},"excerpt":{"rendered":"<p>Kiwi. Actinidia deliciosa. \u00bfSAB\u00cdAS QUE\u2026? El nombre \u00abkiwi\u00bb le fue otorgado en Nueva Zelanda, posiblemente por una remota similitud de aspecto entre el fruto cubierto de vellosidades y el ave kiwi. DESCRIPCI\u00d3N Esta especie&#46;&#46;&#46;<\/p>\n","protected":false},"author":2064,"featured_media":0,"parent":0,"menu_order":0,"comment_status":"closed","ping_status":"closed","template":"","meta":{"ngg_post_thumbnail":0,"footnotes":"","_mc_calendar":[]},"aioseo_notices":[],"_links":{"self":[{"href":"https:\/\/blogsaverroes.juntadeandalucia.es\/iesacci\/wp-json\/wp\/v2\/pages\/5187"}],"collection":[{"href":"https:\/\/blogsaverroes.juntadeandalucia.es\/iesacci\/wp-json\/wp\/v2\/pages"}],"about":[{"href":"https:\/\/blogsaverroes.juntadeandalucia.es\/iesacci\/wp-json\/wp\/v2\/types\/page"}],"author":[{"embeddable":true,"href":"https:\/\/blogsaverroes.juntadeandalucia.es\/iesacci\/wp-json\/wp\/v2\/users\/2064"}],"replies":[{"embeddable":true,"href":"https:\/\/blogsaverroes.juntadeandalucia.es\/iesacci\/wp-json\/wp\/v2\/comments?post=5187"}],"version-history":[{"count":2,"href":"https:\/\/blogsaverroes.juntadeandalucia.es\/iesacci\/wp-json\/wp\/v2\/pages\/5187\/revisions"}],"predecessor-version":[{"id":5308,"href":"https:\/\/blogsaverroes.juntadeandalucia.es\/iesacci\/wp-json\/wp\/v2\/pages\/5187\/revisions\/5308"}],"wp:attachment":[{"href":"https:\/\/blogsaverroes.juntadeandalucia.es\/iesacci\/wp-json\/wp\/v2\/media?parent=5187"}],"curies":[{"name":"wp","href":"https:\/\/api.w.org\/{rel}","templated":true}]}}