{"id":5193,"date":"2021-05-24T16:10:28","date_gmt":"2021-05-24T16:10:28","guid":{"rendered":"https:\/\/blogsaverroes.juntadeandalucia.es\/iesacci\/?page_id=5193"},"modified":"2021-06-29T06:50:07","modified_gmt":"2021-06-29T06:50:07","slug":"magnolia","status":"publish","type":"page","link":"https:\/\/blogsaverroes.juntadeandalucia.es\/iesacci\/magnolia\/","title":{"rendered":"MAGNOLIA"},"content":{"rendered":"<p><strong>Magnolia. <em>Magnolia grandiflora.<\/em><\/strong><\/p>\n<p><strong>\u00bfSAB\u00cdAS QUE\u2026?<\/strong> El magnolio, considerado un aut\u00e9ntico \u2018f\u00f3sil viviente\u2019, tiene unas flores tan primitivas que cuando se desarrollaron todav\u00eda no exist\u00edan las abejas, por lo que evolucionaron hacia una polinizaci\u00f3n por escarabajos.<\/p>\n<p><strong>DESCRIPCI\u00d3N<\/strong><\/p>\n<p>Majestuoso \u00e1rbol de follaje persistente que puede sobrepasar los 25 m de altura. La copa amplia, densa y oscura presenta ramas macizas y algo nudosas desde la base. El tronco gris oscuro y casi liso al principio se vuelve rugoso y algo escamoso con los a\u00f1os. Tanto brotes como ramillas j\u00f3venes est\u00e1n cubiertos por pelos lanosos pardo rojizos o blanquecinos que les dan un aspecto aterciopelado. Las hojas son simples, alternas, el\u00edpticas o inversamente ovadas, cori\u00e1ceas y grandes: llegan a medir unos 15-25 cm de longitud por 6-9 cm de anchura. Son de margen entero \u2014a veces un poco ondulado\u2014 y de color verde oscuro, muy brillantes y lampi\u00f1as por el haz, lo que las asemeja a las del delfino o coderno (<em>Pleiomeris canariensis<\/em>), de las cuales se diferencian por su env\u00e9s aterciopelado y de color pardo rojizo. Muchos magnolios tienen cortezas y hojas muy arom\u00e1ticas. Esta especie florece desde mediados de mayo a julio y sus flores, solitarias y dispersas por el ramaje, son grandes, blancas y vistosas, hasta de 25 cm de di\u00e1metro cuando est\u00e1n totalmente abiertas. Su perfume tiene un caracter\u00edstico aroma a lim\u00f3n. Los frutos, con aspecto de pi\u00f1a, son un agregado de numerosos frutillos (fol\u00edculos) cubiertos de fino tomento que se agrupan en torno a una estructura le\u00f1osa. En la madurez, los frutillos se abren longitudinalmente y dejan salir unas semillas negras cubiertas por una carnosa capa rojiza anaranjada (arilo). Cada frutillo contiene una \u00fanica semilla, a veces dos.<\/p>\n<p><strong>ECOLOG\u00cdA<\/strong><\/p>\n<p>Este \u00e1rbol crece de forma natural casi siempre en zonas forestales algo pantanosas, pr\u00f3ximo a r\u00edos y ci\u00e9nagas o en bosques cercanos a la costa y de poca altitud. Es sensible a los fr\u00edos intensos y prolongados, pero tambi\u00e9n a la sequedad ambiental, por lo que prefiere lugares templado-c\u00e1lidos. Resiste los suelos calc\u00e1reos, aunque crece mucho mejor en suelos de naturaleza algo \u00e1cida o neutra, profundos, frescos, bien drenados y con cierta abundancia de materia org\u00e1nica. Se desarrolla m\u00e1s f\u00e1cilmente en una exposici\u00f3n no demasiado soleada y preferiblemente resguardado de vientos fuertes. El magnolio blanco se ha adaptado con gran facilidad al clima de Canarias, donde crece naturalizado desde el nivel del mar hasta las median\u00edas (zonas que se sit\u00faan entre los 600 y los 1500 metros de altura).<\/p>\n<p><strong>DISTRIBUCI\u00d3N<\/strong><\/p>\n<p>Nativa del sureste de EEUU, es muy frecuente encontrar esta especie en Espa\u00f1a cultivada como ornamental.<\/p>\n","protected":false},"excerpt":{"rendered":"<p>Magnolia. Magnolia grandiflora. \u00bfSAB\u00cdAS QUE\u2026? El magnolio, considerado un aut\u00e9ntico \u2018f\u00f3sil viviente\u2019, tiene unas flores tan primitivas que cuando se desarrollaron todav\u00eda no exist\u00edan las abejas, por lo que evolucionaron hacia una polinizaci\u00f3n por&#46;&#46;&#46;<\/p>\n","protected":false},"author":2064,"featured_media":0,"parent":0,"menu_order":0,"comment_status":"closed","ping_status":"closed","template":"","meta":{"ngg_post_thumbnail":0,"footnotes":"","_mc_calendar":[]},"aioseo_notices":[],"_links":{"self":[{"href":"https:\/\/blogsaverroes.juntadeandalucia.es\/iesacci\/wp-json\/wp\/v2\/pages\/5193"}],"collection":[{"href":"https:\/\/blogsaverroes.juntadeandalucia.es\/iesacci\/wp-json\/wp\/v2\/pages"}],"about":[{"href":"https:\/\/blogsaverroes.juntadeandalucia.es\/iesacci\/wp-json\/wp\/v2\/types\/page"}],"author":[{"embeddable":true,"href":"https:\/\/blogsaverroes.juntadeandalucia.es\/iesacci\/wp-json\/wp\/v2\/users\/2064"}],"replies":[{"embeddable":true,"href":"https:\/\/blogsaverroes.juntadeandalucia.es\/iesacci\/wp-json\/wp\/v2\/comments?post=5193"}],"version-history":[{"count":2,"href":"https:\/\/blogsaverroes.juntadeandalucia.es\/iesacci\/wp-json\/wp\/v2\/pages\/5193\/revisions"}],"predecessor-version":[{"id":5311,"href":"https:\/\/blogsaverroes.juntadeandalucia.es\/iesacci\/wp-json\/wp\/v2\/pages\/5193\/revisions\/5311"}],"wp:attachment":[{"href":"https:\/\/blogsaverroes.juntadeandalucia.es\/iesacci\/wp-json\/wp\/v2\/media?parent=5193"}],"curies":[{"name":"wp","href":"https:\/\/api.w.org\/{rel}","templated":true}]}}