{"id":5201,"date":"2021-05-24T16:11:15","date_gmt":"2021-05-24T16:11:15","guid":{"rendered":"https:\/\/blogsaverroes.juntadeandalucia.es\/iesacci\/?page_id=5201"},"modified":"2021-06-29T06:52:01","modified_gmt":"2021-06-29T06:52:01","slug":"nispero","status":"publish","type":"page","link":"https:\/\/blogsaverroes.juntadeandalucia.es\/iesacci\/nispero\/","title":{"rendered":"N\u00cdSPERO"},"content":{"rendered":"<p><strong>N\u00edspero. <em>Eriobotrya japonica.<\/em><\/strong><\/p>\n<p><strong>\u00bfSAB\u00cdAS QUE\u2026?<\/strong> Los n\u00edsperos, que son refrescantes, jugosos y con alto contenido de az\u00facar, se suelen consumir frescos o en mermeladas, gelatinas, jaleas, dulces y en alm\u00edbar. Tambi\u00e9n se preparan con ellos licores o vinos muy suaves.<\/p>\n<p><strong>DESCRIPCI\u00d3N<\/strong><\/p>\n<p>El nisperero es un arbolillo hasta de 10 m de altura, sin espinas, con ramillas gruesas y lanosas, y de copa casi redondeada, que se mantiene siempre verde. Su tronco relativamente delgado presenta una corteza gris\u00e1cea y fisurada. Las hojas son simples, r\u00edgidas, cori\u00e1ceas, dentadas en el margen, de gran tama\u00f1o (hasta de 25-30 cm de longitud) y con una marcada nervadura en paralelo. Se disponen de forma alterna y a veces tienden a agruparse en hacecillos al final de las ramas. La l\u00e1mina, que es largamente oblongo-el\u00edptica o m\u00e1s o menos lanceolada, se estrecha gradualmente en un corto rabillo. Las adultas son lampi\u00f1as y de color verde oscuro brillante por el haz y est\u00e1n cubiertas de un tomento blanquecino-amarillento por el env\u00e9s. Las flores desprenden un olor agradable y suave, tienen cinco p\u00e9talos, son de color blanco-cremoso y brotan entre octubre y febrero en ramilletes erectos, de forma piramidal y con un rabillo densamente cubierto por pelillos aterciopelados y de color pardo amarillento. Los n\u00edsperos son frutos carnosos (en pomo), con forma de perita y de piel fina de color amarillo anaranjado. Las buenas variedades llegan a medir m\u00e1s de 6 cm de longitud. Su deliciosa pulpa, aunque algo \u00e1cida, es comestible y envuelve 1-3 (a veces cinco) semillas grandes, de color marr\u00f3n brillante.<\/p>\n<p><strong>ECOLOG\u00cdA<\/strong><\/p>\n<p>Es una especie propia de climas templados o templado-fr\u00edos, m\u00e1s o menos h\u00famedos. Al ser una planta relativamente r\u00fastica, es poco exigente y se adapta bien a todo tipo de suelos. Prefiere cierta exposici\u00f3n al sol y no aguanta bien el viento.<\/p>\n<p><strong>DISTRIBUCI\u00d3N<\/strong><\/p>\n<p>Originaria del oeste de China y Jap\u00f3n, esta especie fue introducida en Europa a finales del siglo XVIII por su valor como \u00e1rbol frutal y car\u00e1cter ornamental. Se considera invasora en muchas \u00e1reas del mundo, en Espa\u00f1a est\u00e1 incluida en el <em>Atlas de las plantas al\u00f3ctonas invasoras.<\/em><\/p>\n","protected":false},"excerpt":{"rendered":"<p>N\u00edspero. Eriobotrya japonica. \u00bfSAB\u00cdAS QUE\u2026? Los n\u00edsperos, que son refrescantes, jugosos y con alto contenido de az\u00facar, se suelen consumir frescos o en mermeladas, gelatinas, jaleas, dulces y en alm\u00edbar. Tambi\u00e9n se preparan con&#46;&#46;&#46;<\/p>\n","protected":false},"author":2064,"featured_media":0,"parent":0,"menu_order":0,"comment_status":"closed","ping_status":"closed","template":"","meta":{"ngg_post_thumbnail":0,"footnotes":"","_mc_calendar":[]},"aioseo_notices":[],"_links":{"self":[{"href":"https:\/\/blogsaverroes.juntadeandalucia.es\/iesacci\/wp-json\/wp\/v2\/pages\/5201"}],"collection":[{"href":"https:\/\/blogsaverroes.juntadeandalucia.es\/iesacci\/wp-json\/wp\/v2\/pages"}],"about":[{"href":"https:\/\/blogsaverroes.juntadeandalucia.es\/iesacci\/wp-json\/wp\/v2\/types\/page"}],"author":[{"embeddable":true,"href":"https:\/\/blogsaverroes.juntadeandalucia.es\/iesacci\/wp-json\/wp\/v2\/users\/2064"}],"replies":[{"embeddable":true,"href":"https:\/\/blogsaverroes.juntadeandalucia.es\/iesacci\/wp-json\/wp\/v2\/comments?post=5201"}],"version-history":[{"count":2,"href":"https:\/\/blogsaverroes.juntadeandalucia.es\/iesacci\/wp-json\/wp\/v2\/pages\/5201\/revisions"}],"predecessor-version":[{"id":5314,"href":"https:\/\/blogsaverroes.juntadeandalucia.es\/iesacci\/wp-json\/wp\/v2\/pages\/5201\/revisions\/5314"}],"wp:attachment":[{"href":"https:\/\/blogsaverroes.juntadeandalucia.es\/iesacci\/wp-json\/wp\/v2\/media?parent=5201"}],"curies":[{"name":"wp","href":"https:\/\/api.w.org\/{rel}","templated":true}]}}