{"id":5205,"date":"2021-05-24T16:11:36","date_gmt":"2021-05-24T16:11:36","guid":{"rendered":"https:\/\/blogsaverroes.juntadeandalucia.es\/iesacci\/?page_id=5205"},"modified":"2021-06-29T06:53:13","modified_gmt":"2021-06-29T06:53:13","slug":"olivo","status":"publish","type":"page","link":"https:\/\/blogsaverroes.juntadeandalucia.es\/iesacci\/olivo\/","title":{"rendered":"OLIVO"},"content":{"rendered":"<p><strong>Olivo silvestre, Acebuche. <em>Olea europeae.<\/em><\/strong><\/p>\n<p><strong>\u00bfSAB\u00cdAS QUE\u2026?<\/strong> El acebuche es el padre de todas las variedades de olivos que se cultivan en el mundo y a\u00fan se usa como patr\u00f3n de injerto.<\/p>\n<p><strong>DESCRIPCI\u00d3N<\/strong><\/p>\n<p>El acebuche es un peque\u00f1o \u00e1rbol cuyo porte no sobrepasa los 8-10 m. El tronco es corto y no muy recto, ancho en la base y con entrenudos, huecos y aspecto retorcido en los ejemplares a\u00f1osos. Sus ramas a menudo acaban en punta afilada, algo de lo que carecen las variedades cultivadas, que son los olivos. Las hojas son persistentes, opuestas, lanceoladas, de margen entero, puntiagudas, cori\u00e1ceas, verde oscuras por el haz y plateadas por el env\u00e9s debido a una capa de pelillos muy densa que s\u00f3lo se ve con lupa. Las flores salen en primavera y son muy peque\u00f1as, con 4 p\u00e9talos blanquecinos. El fruto es una drupa, la aceituna o acebuchina, carnoso y con un hueso grande en su interior, que cuando madura torna del verde al violeta o negro.<\/p>\n<p><strong>ECOLOG\u00cdA<\/strong><\/p>\n<p>Se trata de una planta adaptada al clima mediterr\u00e1neo, de inviernos no muy fr\u00edos, pues le afectan mucho las heladas, y veranos secos y calurosos. De forma natural se suele asociar a encinas, algarrobos, palmitos y lentiscos, pues s\u00f3lo en ocasiones forma bosquetes llamados acebuchares. Es indiferente al tipo de suelo y crece desde el nivel del mar hasta los 1500 m en el sur, siempre en exposiciones de solana.<\/p>\n<p><strong>DISTRIBUCI\u00d3N<\/strong><\/p>\n<p>El acebuche es una planta distribuida por el \u00e1rea mediterr\u00e1nea y algunos puntos del litoral atl\u00e1ntico del suroeste de Europa. Si el olivo aparece cultivado o como ornamental en toda la Pen\u00ednsula e Islas Baleares, el acebuche est\u00e1 m\u00e1s localizado y repartido por el territorio, con muy buenas representaciones en el valle del Guadalquivir y los montes de C\u00e1diz y Huelva.<\/p>\n","protected":false},"excerpt":{"rendered":"<p>Olivo silvestre, Acebuche. Olea europeae. \u00bfSAB\u00cdAS QUE\u2026? El acebuche es el padre de todas las variedades de olivos que se cultivan en el mundo y a\u00fan se usa como patr\u00f3n de injerto. DESCRIPCI\u00d3N El&#46;&#46;&#46;<\/p>\n","protected":false},"author":2064,"featured_media":0,"parent":0,"menu_order":0,"comment_status":"closed","ping_status":"closed","template":"","meta":{"ngg_post_thumbnail":0,"footnotes":"","_mc_calendar":[]},"aioseo_notices":[],"_links":{"self":[{"href":"https:\/\/blogsaverroes.juntadeandalucia.es\/iesacci\/wp-json\/wp\/v2\/pages\/5205"}],"collection":[{"href":"https:\/\/blogsaverroes.juntadeandalucia.es\/iesacci\/wp-json\/wp\/v2\/pages"}],"about":[{"href":"https:\/\/blogsaverroes.juntadeandalucia.es\/iesacci\/wp-json\/wp\/v2\/types\/page"}],"author":[{"embeddable":true,"href":"https:\/\/blogsaverroes.juntadeandalucia.es\/iesacci\/wp-json\/wp\/v2\/users\/2064"}],"replies":[{"embeddable":true,"href":"https:\/\/blogsaverroes.juntadeandalucia.es\/iesacci\/wp-json\/wp\/v2\/comments?post=5205"}],"version-history":[{"count":2,"href":"https:\/\/blogsaverroes.juntadeandalucia.es\/iesacci\/wp-json\/wp\/v2\/pages\/5205\/revisions"}],"predecessor-version":[{"id":5316,"href":"https:\/\/blogsaverroes.juntadeandalucia.es\/iesacci\/wp-json\/wp\/v2\/pages\/5205\/revisions\/5316"}],"wp:attachment":[{"href":"https:\/\/blogsaverroes.juntadeandalucia.es\/iesacci\/wp-json\/wp\/v2\/media?parent=5205"}],"curies":[{"name":"wp","href":"https:\/\/api.w.org\/{rel}","templated":true}]}}