{"id":5234,"date":"2021-05-24T16:21:23","date_gmt":"2021-05-24T16:21:23","guid":{"rendered":"https:\/\/blogsaverroes.juntadeandalucia.es\/iesacci\/?page_id=5234"},"modified":"2021-06-29T07:10:38","modified_gmt":"2021-06-29T07:10:38","slug":"cipres-de-arizona","status":"publish","type":"page","link":"https:\/\/blogsaverroes.juntadeandalucia.es\/iesacci\/cipres-de-arizona\/","title":{"rendered":"CIPR\u00c9S DE ARIZONA"},"content":{"rendered":"<p><strong>Cipres de arizona. <em>Cupressus arizonica.<\/em><\/strong><\/p>\n<p><strong>\u00bfSAB\u00cdAS QUE\u2026? <\/strong>Su mayor uso es ornamental en parques y jardines de todo el mundo debido a su austeridad y f\u00e1cil cuidado.<\/p>\n<p><strong>DESCRIPCI\u00d3N<\/strong><\/p>\n<p>Es un \u00e1rbol perenne de tama\u00f1o medio con una copa c\u00f3nica y puede llegar a los 10-25 metros de altura. El tronco puede alcanzar los 50 cm de di\u00e1metro con follaje gris-verde o azul-verde. Tiene la corteza lisa de color pardo-rojiza de la que se desprende l\u00e1minas verticales. Tiene hojas verde-gris\u00e1ceas, escuamiformes o imbricadas con el \u00e1pice levantado. Est\u00e1n provistas de gl\u00e1ndulas resinosas en el dorso. Tiene estr\u00f3bilos le\u00f1osos con 6-8 escamas muconadas de color verdoso-pardo en la juventud y marr\u00f3n en la madurez.<\/p>\n<p><strong>ECOLOG\u00cdA<\/strong><\/p>\n<p>Este \u00e1rbol es muy resistente a la sequ\u00eda, relativamente tolerante a los fr\u00edos y a las heladas y capaz de vivir en casi todo tipo de suelos, hasta los algo yesosos, pero intolerante a los encharcados.<\/p>\n<p><strong>DISTRIBUCI\u00d3N<\/strong><\/p>\n<p>Es natural de las monta\u00f1as de Arizona, Nuevo M\u00e9xico y Texas, donde habita a grandes altitudes, entre 1000 y 2000 m. En nuestro territorio se cultiva hasta la saciedad como seto y como \u00e1rbol en los parques debido a su austeridad. Tambi\u00e9n ha sido ampliamente utilizada para la&nbsp;reforestaci\u00f3n &nbsp;en algunas zonas de&nbsp;Espa\u00f1a, destacando&nbsp;La Pedriza&nbsp;(Comunidad de Madrid) y&nbsp;Sierra Morena&nbsp;(Andaluc\u00eda).<\/p>\n","protected":false},"excerpt":{"rendered":"<p>Cipres de arizona. Cupressus arizonica. \u00bfSAB\u00cdAS QUE\u2026? Su mayor uso es ornamental en parques y jardines de todo el mundo debido a su austeridad y f\u00e1cil cuidado. DESCRIPCI\u00d3N Es un \u00e1rbol perenne de tama\u00f1o&#46;&#46;&#46;<\/p>\n","protected":false},"author":2064,"featured_media":0,"parent":0,"menu_order":0,"comment_status":"closed","ping_status":"closed","template":"","meta":{"ngg_post_thumbnail":0,"footnotes":"","_mc_calendar":[]},"aioseo_notices":[],"_links":{"self":[{"href":"https:\/\/blogsaverroes.juntadeandalucia.es\/iesacci\/wp-json\/wp\/v2\/pages\/5234"}],"collection":[{"href":"https:\/\/blogsaverroes.juntadeandalucia.es\/iesacci\/wp-json\/wp\/v2\/pages"}],"about":[{"href":"https:\/\/blogsaverroes.juntadeandalucia.es\/iesacci\/wp-json\/wp\/v2\/types\/page"}],"author":[{"embeddable":true,"href":"https:\/\/blogsaverroes.juntadeandalucia.es\/iesacci\/wp-json\/wp\/v2\/users\/2064"}],"replies":[{"embeddable":true,"href":"https:\/\/blogsaverroes.juntadeandalucia.es\/iesacci\/wp-json\/wp\/v2\/comments?post=5234"}],"version-history":[{"count":2,"href":"https:\/\/blogsaverroes.juntadeandalucia.es\/iesacci\/wp-json\/wp\/v2\/pages\/5234\/revisions"}],"predecessor-version":[{"id":5325,"href":"https:\/\/blogsaverroes.juntadeandalucia.es\/iesacci\/wp-json\/wp\/v2\/pages\/5234\/revisions\/5325"}],"wp:attachment":[{"href":"https:\/\/blogsaverroes.juntadeandalucia.es\/iesacci\/wp-json\/wp\/v2\/media?parent=5234"}],"curies":[{"name":"wp","href":"https:\/\/api.w.org\/{rel}","templated":true}]}}