{"id":5266,"date":"2021-05-24T16:32:24","date_gmt":"2021-05-24T16:32:24","guid":{"rendered":"https:\/\/blogsaverroes.juntadeandalucia.es\/iesacci\/?page_id=5266"},"modified":"2021-06-29T06:37:38","modified_gmt":"2021-06-29T06:37:38","slug":"azofaifo-2","status":"publish","type":"page","link":"https:\/\/blogsaverroes.juntadeandalucia.es\/iesacci\/azofaifo-2\/","title":{"rendered":"AZOFAIFO"},"content":{"rendered":"<p><strong>Azufaifo.<em>Ziziphuslotus.<\/em><\/strong><\/p>\n<p><strong>\u00bfSAB\u00cdAS QUE\u2026?<\/strong>Al igual que el fruto de la especie m\u00e1s conocida (<em>ziziphusjujuba<\/em>), el fruto, llamado tambi\u00e9n azufaifo o azofaifo, se utiliza para la alimentaci\u00f3n humana, como fruta de mesa, fresco o desecado, preparado como mermelada.<\/p>\n<p><strong>DESCRIPCI\u00d3N<\/strong><\/p>\n<p>El azufaifo es un arbusto espinoso de hasta dos o tres metros de altura, porte semiesf\u00e9rico, tallos en zigzag y de corteza lisa de color ceniza. Hojas simples, alternas, ovaladas, brillantes, lampi\u00f1as y caedizas. Flores amarillas diminutas, de unos 4 mm y en forma de estrella. Fruto en forma de drupa, parecido a la oliva, verde a rojo oscuro al madurar, de entre 1 y 2 cm, carne dulce, algo \u00e1cida, de color amarillento y piel \u00e1spera y brillante. Produce una sola semilla en forma de hueso, le\u00f1osa, con surcos longitudinales.<\/p>\n<p><strong>ECOLOG\u00cdA<\/strong><\/p>\n<p>Fondos de ramblas arenosas o pedregosas, zonas de matorral \u00e1rido o junto al mar; suelos calizos en el piso termomediterr\u00e1neo.<\/p>\n<p><strong>DISTRIBUCI\u00d3N<\/strong><\/p>\n<p>Endemismo iberoafricano. Regi\u00f3n Mediterr\u00e1nea, sudeste espa\u00f1ol (Almer\u00eda y Murcia), norte de \u00c1frica y Arabia. Recientemente se ha descubierto su presencia en la Provincia de Alicante.\u200b<\/p>\n<p>Los espinares de azufaifos est\u00e1n en grave regresi\u00f3n en Espa\u00f1a, debido a la ocupaci\u00f3n de sus espacios por la agricultura intensiva y por tal motivo su conservaci\u00f3n ha sido considerada como prioritaria dentro de la directiva de h\u00e1bitats de la Uni\u00f3n Europea.<\/p>\n<p>&nbsp;<\/p>\n","protected":false},"excerpt":{"rendered":"<p>Azufaifo.Ziziphuslotus. \u00bfSAB\u00cdAS QUE\u2026?Al igual que el fruto de la especie m\u00e1s conocida (ziziphusjujuba), el fruto, llamado tambi\u00e9n azufaifo o azofaifo, se utiliza para la alimentaci\u00f3n humana, como fruta de mesa, fresco o desecado, preparado&#46;&#46;&#46;<\/p>\n","protected":false},"author":2064,"featured_media":0,"parent":0,"menu_order":0,"comment_status":"closed","ping_status":"closed","template":"","meta":{"ngg_post_thumbnail":0,"footnotes":"","_mc_calendar":[]},"aioseo_notices":[],"_links":{"self":[{"href":"https:\/\/blogsaverroes.juntadeandalucia.es\/iesacci\/wp-json\/wp\/v2\/pages\/5266"}],"collection":[{"href":"https:\/\/blogsaverroes.juntadeandalucia.es\/iesacci\/wp-json\/wp\/v2\/pages"}],"about":[{"href":"https:\/\/blogsaverroes.juntadeandalucia.es\/iesacci\/wp-json\/wp\/v2\/types\/page"}],"author":[{"embeddable":true,"href":"https:\/\/blogsaverroes.juntadeandalucia.es\/iesacci\/wp-json\/wp\/v2\/users\/2064"}],"replies":[{"embeddable":true,"href":"https:\/\/blogsaverroes.juntadeandalucia.es\/iesacci\/wp-json\/wp\/v2\/comments?post=5266"}],"version-history":[{"count":3,"href":"https:\/\/blogsaverroes.juntadeandalucia.es\/iesacci\/wp-json\/wp\/v2\/pages\/5266\/revisions"}],"predecessor-version":[{"id":5300,"href":"https:\/\/blogsaverroes.juntadeandalucia.es\/iesacci\/wp-json\/wp\/v2\/pages\/5266\/revisions\/5300"}],"wp:attachment":[{"href":"https:\/\/blogsaverroes.juntadeandalucia.es\/iesacci\/wp-json\/wp\/v2\/media?parent=5266"}],"curies":[{"name":"wp","href":"https:\/\/api.w.org\/{rel}","templated":true}]}}