{"id":5284,"date":"2021-05-25T06:17:47","date_gmt":"2021-05-25T06:17:47","guid":{"rendered":"https:\/\/blogsaverroes.juntadeandalucia.es\/iesacci\/?page_id=5284"},"modified":"2021-06-29T06:54:21","modified_gmt":"2021-06-29T06:54:21","slug":"palmera","status":"publish","type":"page","link":"https:\/\/blogsaverroes.juntadeandalucia.es\/iesacci\/palmera\/","title":{"rendered":"PALMERA"},"content":{"rendered":"<p class=\"LO-normal\" style=\"text-align: center\" align=\"center\"><b><span style=\"font-size: 26.0pt;line-height: 107%\">Palmera. <i>Phoenix dactylifera.<\/i><\/span><\/b><\/p>\n<p class=\"LO-normal\" style=\"text-align: justify\"><b><span style=\"font-size: 14.0pt;line-height: 107%\">\u00bfSAB\u00cdAS QUE\u2026?<\/span><\/b><span style=\"font-size: 14.0pt;line-height: 107%\"> El mayor palmeral de Europa est\u00e1 en Elche (Alicante) y est\u00e1 declarado Patrimonio de la Humanidad por la Unesco. Tiene m\u00e1s de 200.000 ejemplares y fue plantado por los musulmanes cuando se establecieron en la Pen\u00ednsula Ib\u00e9rica.&nbsp;<\/span><\/p>\n<p class=\"LO-normal\"><b><span style=\"font-size: 14.0pt;line-height: 107%\">DESCRIPCI\u00d3N<\/span><\/b><\/p>\n<p class=\"LO-normal\" style=\"text-align: justify\"><span style=\"font-size: 14.0pt;line-height: 107%\">Esta planta puede alcanzar los 30 m, aunque su tronco es delgado, 20-50 cm de di\u00e1metro, y a menudo con brotes desde su cepa, lo que lo diferencia de la palmera canaria (<i>Phoenix canariensis<\/i>), con la que se confunde habitualmente aunque es siempre de tronco \u00fanico y m\u00e1s grueso. El de la palmera datilera est\u00e1 cubierto con las bases de las hojas antiguas y despu\u00e9s quedan sus cicatrices, cuando aqu\u00e9llas ya se han desprendido. Las hojas son persistentes, cori\u00e1ceas, arqueadas, muy grandes y salen en penacho desde la copa a modo de cabellera. Son de color verde azulado o verde gris\u00e1ceo, a diferencia de las de su cong\u00e9nere. Miden 1-5,5 m de longitud y su estructura es pinnada. A cada lado del grueso eje se disponen numerosos segmentos (pinnas) plegados, r\u00edgidos y terminados en punta. Hay ejemplares macho, que producen el polen, y ejemplares hembra, que tras la fecundaci\u00f3n forman los frutos (d\u00e1tiles) que nacen en racimos en la base de las hojas. Cuando son verdes se asemejan a una bellota sin caperuza, pero al madurar se hacen carnosos, pardos y muy dulces. Tienen un hueso muy alargado en su interior con un surco longitudinal y, a menudo, con estr\u00edas transversales.<\/span><\/p>\n<p class=\"LO-normal\"><b><span style=\"font-size: 14.0pt;line-height: 107%\">ECOLOG\u00cdA<\/span><\/b><\/p>\n<p class=\"LO-normal\" style=\"text-align: justify\"><span style=\"font-size: 14.0pt;line-height: 107%\">Crece en zonas secas, \u00e1ridas o subdes\u00e9rticas soleadas y arenosas, con frecuencia en suelos salinos, lo que indica la presencia de agua a gran profundidad. <\/span><\/p>\n<p class=\"LO-normal\"><b><span style=\"font-size: 14.0pt;line-height: 107%\">DISTRIBUCI\u00d3N<\/span><\/b><\/p>\n<p class=\"LO-normal\" style=\"text-align: justify\"><span style=\"font-size: 14.0pt;line-height: 107%\">La palmera datilera habita de forma natural desde el sur de la cuenca mediterr\u00e1nea (Senegal y sur de Marruecos) hasta las costas de Pakist\u00e1n. Es muy cultivada por sus frutos y por ser planta ornamental. Se ha naturalizado en el este y sur peninsular, sobre todo gracias a la dispersi\u00f3n de sus frutos que han propiciado aves y mam\u00edferos, pero no se aleja mucho de la costa. No obstante, las hay plantadas incluso en Madrid, si bien estas especies que se encuentran en el interior peninsular est\u00e1n en el l\u00edmite de resistencia a las heladas. <\/span><\/p>\n","protected":false},"excerpt":{"rendered":"<p>Palmera. Phoenix dactylifera. \u00bfSAB\u00cdAS QUE\u2026? El mayor palmeral de Europa est\u00e1 en Elche (Alicante) y est\u00e1 declarado Patrimonio de la Humanidad por la Unesco. Tiene m\u00e1s de 200.000 ejemplares y fue plantado por los&#46;&#46;&#46;<\/p>\n","protected":false},"author":2064,"featured_media":0,"parent":0,"menu_order":0,"comment_status":"closed","ping_status":"closed","template":"","meta":{"ngg_post_thumbnail":0,"footnotes":"","_mc_calendar":[]},"aioseo_notices":[],"_links":{"self":[{"href":"https:\/\/blogsaverroes.juntadeandalucia.es\/iesacci\/wp-json\/wp\/v2\/pages\/5284"}],"collection":[{"href":"https:\/\/blogsaverroes.juntadeandalucia.es\/iesacci\/wp-json\/wp\/v2\/pages"}],"about":[{"href":"https:\/\/blogsaverroes.juntadeandalucia.es\/iesacci\/wp-json\/wp\/v2\/types\/page"}],"author":[{"embeddable":true,"href":"https:\/\/blogsaverroes.juntadeandalucia.es\/iesacci\/wp-json\/wp\/v2\/users\/2064"}],"replies":[{"embeddable":true,"href":"https:\/\/blogsaverroes.juntadeandalucia.es\/iesacci\/wp-json\/wp\/v2\/comments?post=5284"}],"version-history":[{"count":2,"href":"https:\/\/blogsaverroes.juntadeandalucia.es\/iesacci\/wp-json\/wp\/v2\/pages\/5284\/revisions"}],"predecessor-version":[{"id":5318,"href":"https:\/\/blogsaverroes.juntadeandalucia.es\/iesacci\/wp-json\/wp\/v2\/pages\/5284\/revisions\/5318"}],"wp:attachment":[{"href":"https:\/\/blogsaverroes.juntadeandalucia.es\/iesacci\/wp-json\/wp\/v2\/media?parent=5284"}],"curies":[{"name":"wp","href":"https:\/\/api.w.org\/{rel}","templated":true}]}}

<p class="LO-normal" style="text-align: center" align="center"><b><span style="font-size: 26.0pt;line-height: 107%">Palmera. <i>Phoenix dactylifera.</i></span></b></p>
<p class="LO-normal" style="text-align: justify"><b><span style="font-size: 14.0pt;line-height: 107%">¿SABÍAS QUE…?</span></b><span style="font-size: 14.0pt;line-height: 107%"> El mayor palmeral de Europa está en Elche (Alicante) y está declarado Patrimonio de la Humanidad por la Unesco. Tiene más de 200.000 ejemplares y fue plantado por los musulmanes cuando se establecieron en la Península Ibérica.&nbsp;</span></p>
<p class="LO-normal"><b><span style="font-size: 14.0pt;line-height: 107%">DESCRIPCIÓN</span></b></p>
<p class="LO-normal" style="text-align: justify"><span style="font-size: 14.0pt;line-height: 107%">Esta planta puede alcanzar los 30 m, aunque su tronco es delgado, 20-50 cm de diámetro, y a menudo con brotes desde su cepa, lo que lo diferencia de la palmera canaria (<i>Phoenix canariensis</i>), con la que se confunde habitualmente aunque es siempre de tronco único y más grueso. El de la palmera datilera está cubierto con las bases de las hojas antiguas y después quedan sus cicatrices, cuando aquéllas ya se han desprendido. Las hojas son persistentes, coriáceas, arqueadas, muy grandes y salen en penacho desde la copa a modo de cabellera. Son de color verde azulado o verde grisáceo, a diferencia de las de su congénere. Miden 1-5,5 m de longitud y su estructura es pinnada. A cada lado del grueso eje se disponen numerosos segmentos (pinnas) plegados, rígidos y terminados en punta. Hay ejemplares macho, que producen el polen, y ejemplares hembra, que tras la fecundación forman los frutos (dátiles) que nacen en racimos en la base de las hojas. Cuando son verdes se asemejan a una bellota sin caperuza, pero al madurar se hacen carnosos, pardos y muy dulces. Tienen un hueso muy alargado en su interior con un surco longitudinal y, a menudo, con estrías transversales.</span></p>
<p class="LO-normal"><b><span style="font-size: 14.0pt;line-height: 107%">ECOLOGÍA</span></b></p>
<p class="LO-normal" style="text-align: justify"><span style="font-size: 14.0pt;line-height: 107%">Crece en zonas secas, áridas o subdesérticas soleadas y arenosas, con frecuencia en suelos salinos, lo que indica la presencia de agua a gran profundidad. </span></p>
<p class="LO-normal"><b><span style="font-size: 14.0pt;line-height: 107%">DISTRIBUCIÓN</span></b></p>
<p class="LO-normal" style="text-align: justify"><span style="font-size: 14.0pt;line-height: 107%">La palmera datilera habita de forma natural desde el sur de la cuenca mediterránea (Senegal y sur de Marruecos) hasta las costas de Pakistán. Es muy cultivada por sus frutos y por ser planta ornamental. Se ha naturalizado en el este y sur peninsular, sobre todo gracias a la dispersión de sus frutos que han propiciado aves y mamíferos, pero no se aleja mucho de la costa. No obstante, las hay plantadas incluso en Madrid, si bien estas especies que se encuentran en el interior peninsular están en el límite de resistencia a las heladas. </span></p>

<p>Palmera. Phoenix dactylifera. ¿SABÍAS QUE…? El mayor palmeral de Europa está en Elche (Alicante) y está declarado Patrimonio de la Humanidad por la Unesco. Tiene más de 200.000 ejemplares y fue plantado por los&#46;&#46;&#46;</p>
