{"id":872,"date":"2015-03-16T12:50:42","date_gmt":"2015-03-16T12:50:42","guid":{"rendered":"http:\/\/blogsaverroes.juntadeandalucia.es\/pre\/ceip\/?page_id=120"},"modified":"2015-11-19T13:33:32","modified_gmt":"2015-11-19T13:33:32","slug":"contactar","status":"publish","type":"page","link":"https:\/\/blogsaverroes.juntadeandalucia.es\/iesacci\/contactar\/","title":{"rendered":"Contactar"},"content":{"rendered":"<h4><strong>Datos de contacto<\/strong><\/h4>\n<p><strong>Instituto de Ense\u00f1anza Secundaria I.E.S. Acci<\/strong><\/p>\n<p><strong>Direcci\u00f3n:<\/strong>\u00a0Avenida de Buenos Aires 68, 18.500 Guadix, Granada<br \/>\n<strong>Tel\u00e9fono \/ FAX:<\/strong> 958 69 99 12<br \/>\n<strong>Email:<\/strong> 18009213.edu@juntadeandalucia.es<\/p>\n<h4><strong>Horarios<\/strong><\/h4>\n<p>Horario de\u00a0secretar\u00eda para atenci\u00f3n al p\u00fablico: de lunes a viernes, de 09:00 a 14:00<\/p>\n<p><strong>Contacto por cuestionario:<\/strong><\/p>\n<p>Si desea contactar con nosotros, rellene el siguiente cuestionario. Intentaremos contestarle a la mayor brevedad posible.<br \/>\n*(campo obligatorio)<\/p>\n<p>[contact_form]<\/p>\n<p>Si lo desea, tambi\u00e9n puede localizarnos a trav\u00e9s de Google Maps:<\/p>\n<p>[googlemaps https:\/\/www.google.com\/maps\/embed?pb=!1m18!1m12!1m3!1d1976.2357575014785!2d-3.130786851946519!3d37.30909379392433!2m3!1f0!2f0!3f0!3m2!1i1024!2i768!4f13.1!3m3!1m2!1s0xd6e2b057f328cf9%3A0x8e620cb7e31ce09d!2sIES+ACCI!5e1!3m2!1ses!2ses!4v1447934546443&amp;w=600&amp;h=450]<\/p>\n","protected":false},"excerpt":{"rendered":"<p>Datos de contacto Instituto de Ense\u00f1anza Secundaria I.E.S. Acci Direcci\u00f3n:\u00a0Avenida de Buenos Aires 68, 18.500 Guadix, Granada Tel\u00e9fono \/ FAX: 958 69 99 12 Email: 18009213.edu@juntadeandalucia.es Horarios Horario de\u00a0secretar\u00eda para atenci\u00f3n al p\u00fablico: de&#46;&#46;&#46;<\/p>\n","protected":false},"author":1,"featured_media":0,"parent":0,"menu_order":0,"comment_status":"closed","ping_status":"open","template":"template-full-width.php","meta":{"ngg_post_thumbnail":0,"footnotes":"","_mc_calendar":[]},"aioseo_notices":[],"_links":{"self":[{"href":"https:\/\/blogsaverroes.juntadeandalucia.es\/iesacci\/wp-json\/wp\/v2\/pages\/872"}],"collection":[{"href":"https:\/\/blogsaverroes.juntadeandalucia.es\/iesacci\/wp-json\/wp\/v2\/pages"}],"about":[{"href":"https:\/\/blogsaverroes.juntadeandalucia.es\/iesacci\/wp-json\/wp\/v2\/types\/page"}],"author":[{"embeddable":true,"href":"https:\/\/blogsaverroes.juntadeandalucia.es\/iesacci\/wp-json\/wp\/v2\/users\/1"}],"replies":[{"embeddable":true,"href":"https:\/\/blogsaverroes.juntadeandalucia.es\/iesacci\/wp-json\/wp\/v2\/comments?post=872"}],"version-history":[{"count":10,"href":"https:\/\/blogsaverroes.juntadeandalucia.es\/iesacci\/wp-json\/wp\/v2\/pages\/872\/revisions"}],"predecessor-version":[{"id":2388,"href":"https:\/\/blogsaverroes.juntadeandalucia.es\/iesacci\/wp-json\/wp\/v2\/pages\/872\/revisions\/2388"}],"wp:attachment":[{"href":"https:\/\/blogsaverroes.juntadeandalucia.es\/iesacci\/wp-json\/wp\/v2\/media?parent=872"}],"curies":[{"name":"wp","href":"https:\/\/api.w.org\/{rel}","templated":true}]}}