{"id":375,"date":"2015-03-18T10:26:09","date_gmt":"2015-03-18T10:26:09","guid":{"rendered":"http:\/\/blogsaverroes.juntadeandalucia.es\/pre\/ceip\/?page_id=375"},"modified":"2017-06-09T12:30:36","modified_gmt":"2017-06-09T12:30:36","slug":"httpwateraroundus-blogspot-com-es201705studens-works-for-wau-in-spain-html","status":"publish","type":"page","link":"https:\/\/blogsaverroes.juntadeandalucia.es\/iesalbaida\/tecnologia\/httpwateraroundus-blogspot-com-es201705studens-works-for-wau-in-spain-html\/","title":{"rendered":"Erasmus+ WAU- water around us"},"content":{"rendered":"<p style=\"text-align: center\"><a href=\"http:\/\/wateraroundus.blogspot.com.es\/2017\/05\/studens-works-for-wau-in-spain.html\"><strong>Erasmus+ WAU- water around us<\/strong><\/a><\/p>\n<div>En el proyecto Erasmus+ WAU- water around us- venimos trabajando desde 2014, est\u00e1 financiado por la uni\u00f3n europea en su totalidad y en \u00e9l intervienen escuelas de cuatro pa\u00edses: Portugal, Rep\u00fablica Checa, Lituania y Espa\u00f1a.<\/div>\n<div>Los centros educativos de Alcains,Bechyne,Siauliai y Almer\u00eda estudian el agua como origen de la vida y desde el punto de vista antropol\u00f3gico,medioambiental y art\u00edstico.\u200b Cada fase del proyecto ha culminado con la visita durante una semana a cada uno de los pa\u00edses participantes y las experiencias vividas por alumnos y profesores no han podido ser m\u00e1s enriquecedoras y gratificantes.<\/div>\n<p>&nbsp;<\/p>\n<p>&nbsp;<\/p>\n<p>&nbsp;<\/p>\n","protected":false},"excerpt":{"rendered":"<p>Erasmus+ WAU- water around us En el proyecto Erasmus+ WAU- water around us- venimos trabajando desde 2014, est\u00e1 financiado por la uni\u00f3n europea en su totalidad y en \u00e9l intervienen escuelas de cuatro pa\u00edses: Portugal, Rep\u00fablica Checa, Lituania y Espa\u00f1a. Los centros educativos de Alcains,Bechyne,Siauliai y Almer\u00eda estudian el agua como origen de la vida [&hellip;]<\/p>\n","protected":false},"author":1,"featured_media":2530,"parent":162,"menu_order":0,"comment_status":"closed","ping_status":"open","template":"template-sidebar-content.php","meta":{"ngg_post_thumbnail":0,"footnotes":"","_mc_calendar":[]},"aioseo_notices":[],"_links":{"self":[{"href":"https:\/\/blogsaverroes.juntadeandalucia.es\/iesalbaida\/wp-json\/wp\/v2\/pages\/375"}],"collection":[{"href":"https:\/\/blogsaverroes.juntadeandalucia.es\/iesalbaida\/wp-json\/wp\/v2\/pages"}],"about":[{"href":"https:\/\/blogsaverroes.juntadeandalucia.es\/iesalbaida\/wp-json\/wp\/v2\/types\/page"}],"author":[{"embeddable":true,"href":"https:\/\/blogsaverroes.juntadeandalucia.es\/iesalbaida\/wp-json\/wp\/v2\/users\/1"}],"replies":[{"embeddable":true,"href":"https:\/\/blogsaverroes.juntadeandalucia.es\/iesalbaida\/wp-json\/wp\/v2\/comments?post=375"}],"version-history":[{"count":7,"href":"https:\/\/blogsaverroes.juntadeandalucia.es\/iesalbaida\/wp-json\/wp\/v2\/pages\/375\/revisions"}],"predecessor-version":[{"id":2532,"href":"https:\/\/blogsaverroes.juntadeandalucia.es\/iesalbaida\/wp-json\/wp\/v2\/pages\/375\/revisions\/2532"}],"up":[{"embeddable":true,"href":"https:\/\/blogsaverroes.juntadeandalucia.es\/iesalbaida\/wp-json\/wp\/v2\/pages\/162"}],"wp:featuredmedia":[{"embeddable":true,"href":"https:\/\/blogsaverroes.juntadeandalucia.es\/iesalbaida\/wp-json\/wp\/v2\/media\/2530"}],"wp:attachment":[{"href":"https:\/\/blogsaverroes.juntadeandalucia.es\/iesalbaida\/wp-json\/wp\/v2\/media?parent=375"}],"curies":[{"name":"wp","href":"https:\/\/api.w.org\/{rel}","templated":true}]}}