{"id":42,"date":"2015-03-13T08:40:47","date_gmt":"2015-03-13T08:40:47","guid":{"rendered":"http:\/\/blogsaverroes.juntadeandalucia.es\/pre\/ceip\/?page_id=42"},"modified":"2025-09-09T10:29:41","modified_gmt":"2025-09-09T10:29:41","slug":"equipo-directivo","status":"publish","type":"page","link":"https:\/\/blogsaverroes.juntadeandalucia.es\/iesalbaida\/equipo-directivo\/","title":{"rendered":"Equipo directivo"},"content":{"rendered":"\t\t<div data-elementor-type=\"wp-page\" data-elementor-id=\"42\" class=\"elementor elementor-42\">\n\t\t\t\t\t\t<section class=\"elementor-section elementor-top-section elementor-element elementor-element-79c28b22 elementor-section-boxed elementor-section-height-default elementor-section-height-default\" data-id=\"79c28b22\" data-element_type=\"section\">\n\t\t\t\t\t\t<div class=\"elementor-container elementor-column-gap-default\">\n\t\t\t\t\t<div class=\"elementor-column elementor-col-100 elementor-top-column elementor-element elementor-element-3feb508a\" data-id=\"3feb508a\" data-element_type=\"column\">\n\t\t\t<div class=\"elementor-widget-wrap elementor-element-populated\">\n\t\t\t\t\t\t<div class=\"elementor-element elementor-element-37fd09dc elementor-widget elementor-widget-text-editor\" data-id=\"37fd09dc\" data-element_type=\"widget\" data-widget_type=\"text-editor.default\">\n\t\t\t\t<div class=\"elementor-widget-container\">\n\t\t\t\t\t\t\t\t\t<p>&nbsp;<\/p>\n<ul>\n<li><strong>Direcci\u00f3n:<\/strong> D. Jos\u00e9 Luis de la Herr\u00e1n.<\/li>\n<li><strong>Vicedirecci\u00f3n<\/strong>: D\u00f1a. Carmen Torreblanca Ram\u00f3n.<\/li>\n<li><strong>Jefatura de estudios:<\/strong>\n<ul>\n<li>D\u00f1a. M. Fuensanta S\u00e1nchez P\u00e9rez &#8211; Jefa de estudios<\/li>\n<li>D. Gabriel Rico Merino &#8211; Jefe de estudios de adultos<\/li>\n<li>D\u00f1a. M\u00aa del Mar G\u00f3mez Pacheco &#8211; Jefa de estudios adjunta<\/li>\n<li>D\u00f1a Ana J. Egea Montoya &#8211; Jefa de estudios adjunta<\/li>\n<li>D\u00f1a. Josefa M\u00e1rquez Ruiz &#8211; Jefa de estudios adjunta<\/li>\n<\/ul>\n<\/li>\n<li><strong>Secretar\u00eda<\/strong>: D\u00f1a. Yolanda Jim\u00e9nez Carmona.<\/li>\n<\/ul>\t\t\t\t\t\t\t\t<\/div>\n\t\t\t\t<\/div>\n\t\t\t\t\t<\/div>\n\t\t<\/div>\n\t\t\t\t\t<\/div>\n\t\t<\/section>\n\t\t\t\t<\/div>\n\t\t","protected":false},"excerpt":{"rendered":"<p>&nbsp; Direcci\u00f3n: D. Jos\u00e9 Luis de la Herr\u00e1n. Vicedirecci\u00f3n: D\u00f1a. Carmen Torreblanca Ram\u00f3n. Jefatura de estudios: D\u00f1a. M. Fuensanta S\u00e1nchez P\u00e9rez &#8211; Jefa de estudios D. Gabriel Rico Merino &#8211; Jefe de estudios de adultos D\u00f1a. M\u00aa del Mar G\u00f3mez Pacheco &#8211; Jefa de estudios adjunta D\u00f1a Ana J. Egea Montoya &#8211; Jefa de estudios [&hellip;]<\/p>\n","protected":false},"author":1,"featured_media":0,"parent":0,"menu_order":0,"comment_status":"closed","ping_status":"open","template":"elementor_header_footer","meta":{"ngg_post_thumbnail":0,"footnotes":"","_mc_calendar":[]},"aioseo_notices":[],"_links":{"self":[{"href":"https:\/\/blogsaverroes.juntadeandalucia.es\/iesalbaida\/wp-json\/wp\/v2\/pages\/42"}],"collection":[{"href":"https:\/\/blogsaverroes.juntadeandalucia.es\/iesalbaida\/wp-json\/wp\/v2\/pages"}],"about":[{"href":"https:\/\/blogsaverroes.juntadeandalucia.es\/iesalbaida\/wp-json\/wp\/v2\/types\/page"}],"author":[{"embeddable":true,"href":"https:\/\/blogsaverroes.juntadeandalucia.es\/iesalbaida\/wp-json\/wp\/v2\/users\/1"}],"replies":[{"embeddable":true,"href":"https:\/\/blogsaverroes.juntadeandalucia.es\/iesalbaida\/wp-json\/wp\/v2\/comments?post=42"}],"version-history":[{"count":18,"href":"https:\/\/blogsaverroes.juntadeandalucia.es\/iesalbaida\/wp-json\/wp\/v2\/pages\/42\/revisions"}],"predecessor-version":[{"id":6946,"href":"https:\/\/blogsaverroes.juntadeandalucia.es\/iesalbaida\/wp-json\/wp\/v2\/pages\/42\/revisions\/6946"}],"wp:attachment":[{"href":"https:\/\/blogsaverroes.juntadeandalucia.es\/iesalbaida\/wp-json\/wp\/v2\/media?parent=42"}],"curies":[{"name":"wp","href":"https:\/\/api.w.org\/{rel}","templated":true}]}}