{"id":6198,"date":"2025-06-04T15:47:13","date_gmt":"2025-06-04T15:47:13","guid":{"rendered":"https:\/\/blogsaverroes.juntadeandalucia.es\/iesalbaida\/?page_id=6198"},"modified":"2026-01-15T16:18:13","modified_gmt":"2026-01-15T16:18:13","slug":"departamento-de-biologia-y-geologia","status":"publish","type":"page","link":"https:\/\/blogsaverroes.juntadeandalucia.es\/iesalbaida\/departamento-de-biologia-y-geologia\/","title":{"rendered":"Departamento de Biolog\u00eda y Geolog\u00eda"},"content":{"rendered":"\t\t<div data-elementor-type=\"wp-page\" data-elementor-id=\"6198\" class=\"elementor elementor-6198\">\n\t\t\t\t\t\t<section class=\"elementor-section elementor-top-section elementor-element elementor-element-3aa39201 elementor-section-boxed elementor-section-height-default elementor-section-height-default\" data-id=\"3aa39201\" data-element_type=\"section\">\n\t\t\t\t\t\t<div class=\"elementor-container elementor-column-gap-default\">\n\t\t\t\t\t<div class=\"elementor-column elementor-col-100 elementor-top-column elementor-element elementor-element-1dbffaaa\" data-id=\"1dbffaaa\" data-element_type=\"column\">\n\t\t\t<div class=\"elementor-widget-wrap elementor-element-populated\">\n\t\t\t\t\t\t<div class=\"elementor-element elementor-element-751ff962 elementor-widget elementor-widget-heading\" data-id=\"751ff962\" data-element_type=\"widget\" data-widget_type=\"heading.default\">\n\t\t\t\t<div class=\"elementor-widget-container\">\n\t\t\t\t\t<h2 class=\"elementor-heading-title elementor-size-default\">- DEPARTAMENTO DE BIOLOG\u00cdA Y GEOLOG\u00cdA -<\/h2>\t\t\t\t<\/div>\n\t\t\t\t<\/div>\n\t\t\t\t\t<\/div>\n\t\t<\/div>\n\t\t\t\t\t<\/div>\n\t\t<\/section>\n\t\t\t\t<section class=\"elementor-section elementor-top-section elementor-element elementor-element-761d9f44 elementor-section-boxed elementor-section-height-default elementor-section-height-default\" data-id=\"761d9f44\" data-element_type=\"section\">\n\t\t\t\t\t\t<div class=\"elementor-container elementor-column-gap-default\">\n\t\t\t\t\t<div class=\"elementor-column elementor-col-100 elementor-top-column elementor-element elementor-element-78280d63\" data-id=\"78280d63\" data-element_type=\"column\">\n\t\t\t<div class=\"elementor-widget-wrap elementor-element-populated\">\n\t\t\t\t\t\t<div class=\"elementor-element elementor-element-4a78c3da elementor-widget elementor-widget-text-editor\" data-id=\"4a78c3da\" data-element_type=\"widget\" data-widget_type=\"text-editor.default\">\n\t\t\t\t<div class=\"elementor-widget-container\">\n\t\t\t\t\t\t\t\t\t<p>ENLACES A LA\u00a0<span style=\"font-weight: bolder\">PROGRAMACIONES DE ESTE CURSO<\/span><\/p><ul><li><a href=\"https:\/\/drive.google.com\/file\/d\/16mmGg0bVAg8zhvvQKUSkdbij07r7HClo\/view?usp=drive_link\" target=\"_blank\" rel=\"noopener\">PROGRAMACI\u00d3N DID\u00c1CTICA BIOLOG\u00cdA Y GEOLOG\u00cdA 1\u00ba ESO<\/a><\/li><li><a href=\"https:\/\/drive.google.com\/file\/d\/100lQE1W0Czmrxdg8UFH5kQSFVxGlUYnW\/view?usp=drive_link\" target=\"_blank\" rel=\"noopener\">PROGRAMACI\u00d3N DID\u00c1CTICA BIOLOG\u00cdA Y GEOLOG\u00cdA 3\u00ba ESO<\/a><\/li><li><a href=\"https:\/\/drive.google.com\/file\/d\/1t2mMeve2_FGY9SE4EmzWfdSpaeGYFnBk\/view?usp=drive_link\" target=\"_blank\" rel=\"noopener\">PROGRAMACI\u00d3N DID\u00c1CTICA BIOLOG\u00cdA Y GEOLOG\u00cdA 4\u00ba ESO<\/a><\/li><li><a href=\"https:\/\/drive.google.com\/file\/d\/1XVIwjI8vA4o2lCJ3SSs8rJm2R8OBCPtS\/view?usp=drive_link\" target=\"_blank\" rel=\"noopener\">PROGRAMACI\u00d3N DID\u00c1CTICA BIOLOG\u00cdA Y GEOLOG\u00cdA 1\u00ba BACHILLERATO ANATOM\u00cdA APLICADA<\/a><\/li><li><a href=\"https:\/\/drive.google.com\/file\/d\/18mLTsGv2-y4ey-7fv8QAz3rYUmIJKZ-p\/view?usp=drive_link\" target=\"_blank\" rel=\"noopener\">PROGRAMACI\u00d3N DID\u00c1CTICA BIOLOG\u00cdA Y GEOLOG\u00cdA 1\u00ba BACHILLERATO BIOLOG\u00cdA, GEOLOG\u00cdA Y CIENCIAS AMBIENTALES<\/a><\/li><li><a href=\"https:\/\/drive.google.com\/file\/d\/1Zd9jh_c0zoLGF8x26hCXTQg4yPABzNUA\/view?usp=drive_link\" target=\"_blank\" rel=\"noopener\">PROGRAMACI\u00d3N DID\u00c1CTICA BIOLOG\u00cdA Y GEOLOG\u00cdA 2\u00ba BACHILLERATO<\/a><\/li><\/ul>\t\t\t\t\t\t\t\t<\/div>\n\t\t\t\t<\/div>\n\t\t\t\t\t<\/div>\n\t\t<\/div>\n\t\t\t\t\t<\/div>\n\t\t<\/section>\n\t\t\t\t<\/div>\n\t\t","protected":false},"excerpt":{"rendered":"<p>&#8211; DEPARTAMENTO DE BIOLOG\u00cdA Y GEOLOG\u00cdA &#8211; ENLACES A LA\u00a0PROGRAMACIONES DE ESTE CURSO PROGRAMACI\u00d3N DID\u00c1CTICA BIOLOG\u00cdA Y GEOLOG\u00cdA 1\u00ba ESO PROGRAMACI\u00d3N DID\u00c1CTICA BIOLOG\u00cdA Y GEOLOG\u00cdA 3\u00ba ESO PROGRAMACI\u00d3N DID\u00c1CTICA BIOLOG\u00cdA Y GEOLOG\u00cdA 4\u00ba ESO PROGRAMACI\u00d3N DID\u00c1CTICA BIOLOG\u00cdA Y GEOLOG\u00cdA 1\u00ba BACHILLERATO ANATOM\u00cdA APLICADA PROGRAMACI\u00d3N DID\u00c1CTICA BIOLOG\u00cdA Y GEOLOG\u00cdA 1\u00ba BACHILLERATO BIOLOG\u00cdA, GEOLOG\u00cdA Y CIENCIAS AMBIENTALES [&hellip;]<\/p>\n","protected":false},"author":4211,"featured_media":0,"parent":0,"menu_order":0,"comment_status":"closed","ping_status":"closed","template":"elementor_header_footer","meta":{"ngg_post_thumbnail":0,"footnotes":"","_mc_calendar":[]},"aioseo_notices":[],"_links":{"self":[{"href":"https:\/\/blogsaverroes.juntadeandalucia.es\/iesalbaida\/wp-json\/wp\/v2\/pages\/6198"}],"collection":[{"href":"https:\/\/blogsaverroes.juntadeandalucia.es\/iesalbaida\/wp-json\/wp\/v2\/pages"}],"about":[{"href":"https:\/\/blogsaverroes.juntadeandalucia.es\/iesalbaida\/wp-json\/wp\/v2\/types\/page"}],"author":[{"embeddable":true,"href":"https:\/\/blogsaverroes.juntadeandalucia.es\/iesalbaida\/wp-json\/wp\/v2\/users\/4211"}],"replies":[{"embeddable":true,"href":"https:\/\/blogsaverroes.juntadeandalucia.es\/iesalbaida\/wp-json\/wp\/v2\/comments?post=6198"}],"version-history":[{"count":49,"href":"https:\/\/blogsaverroes.juntadeandalucia.es\/iesalbaida\/wp-json\/wp\/v2\/pages\/6198\/revisions"}],"predecessor-version":[{"id":7292,"href":"https:\/\/blogsaverroes.juntadeandalucia.es\/iesalbaida\/wp-json\/wp\/v2\/pages\/6198\/revisions\/7292"}],"wp:attachment":[{"href":"https:\/\/blogsaverroes.juntadeandalucia.es\/iesalbaida\/wp-json\/wp\/v2\/media?parent=6198"}],"curies":[{"name":"wp","href":"https:\/\/api.w.org\/{rel}","templated":true}]}}