{"id":6219,"date":"2025-06-04T15:53:05","date_gmt":"2025-06-04T15:53:05","guid":{"rendered":"https:\/\/blogsaverroes.juntadeandalucia.es\/iesalbaida\/?page_id=6219"},"modified":"2026-01-15T16:22:23","modified_gmt":"2026-01-15T16:22:23","slug":"departamento-de-musica","status":"publish","type":"page","link":"https:\/\/blogsaverroes.juntadeandalucia.es\/iesalbaida\/departamento-de-musica\/","title":{"rendered":"Departamento de M\u00fasica"},"content":{"rendered":"\t\t<div data-elementor-type=\"wp-page\" data-elementor-id=\"6219\" class=\"elementor elementor-6219\">\n\t\t\t\t\t\t<section class=\"elementor-section elementor-top-section elementor-element elementor-element-5af8d7de elementor-section-boxed elementor-section-height-default elementor-section-height-default\" data-id=\"5af8d7de\" data-element_type=\"section\">\n\t\t\t\t\t\t<div class=\"elementor-container elementor-column-gap-default\">\n\t\t\t\t\t<div class=\"elementor-column elementor-col-100 elementor-top-column elementor-element elementor-element-7da963d8\" data-id=\"7da963d8\" data-element_type=\"column\">\n\t\t\t<div class=\"elementor-widget-wrap elementor-element-populated\">\n\t\t\t\t\t\t<div class=\"elementor-element elementor-element-72be28da elementor-widget elementor-widget-heading\" data-id=\"72be28da\" data-element_type=\"widget\" data-widget_type=\"heading.default\">\n\t\t\t\t<div class=\"elementor-widget-container\">\n\t\t\t\t\t<h2 class=\"elementor-heading-title elementor-size-default\">- DEPARTAMENTO DE M\u00daSICA Y PL\u00c1STICA-<\/h2>\t\t\t\t<\/div>\n\t\t\t\t<\/div>\n\t\t\t\t\t<\/div>\n\t\t<\/div>\n\t\t\t\t\t<\/div>\n\t\t<\/section>\n\t\t\t\t<section class=\"elementor-section elementor-top-section elementor-element elementor-element-7916f626 elementor-section-boxed elementor-section-height-default elementor-section-height-default\" data-id=\"7916f626\" data-element_type=\"section\">\n\t\t\t\t\t\t<div class=\"elementor-container elementor-column-gap-default\">\n\t\t\t\t\t<div class=\"elementor-column elementor-col-100 elementor-top-column elementor-element elementor-element-2c6b10a8\" data-id=\"2c6b10a8\" data-element_type=\"column\">\n\t\t\t<div class=\"elementor-widget-wrap elementor-element-populated\">\n\t\t\t\t\t\t<div class=\"elementor-element elementor-element-3e1c07ca elementor-widget elementor-widget-text-editor\" data-id=\"3e1c07ca\" data-element_type=\"widget\" data-widget_type=\"text-editor.default\">\n\t\t\t\t<div class=\"elementor-widget-container\">\n\t\t\t\t\t\t\t\t\t<p>ENLACES A LA <strong>PROGRAMACIONES&nbsp;<\/strong>DE ESTE CURSO<\/p>\n<ul>\n<li style=\"list-style-type: none\">\n<ul>\n<li><a href=\"https:\/\/drive.google.com\/file\/d\/1lin8tWAoxUzvB0FT5hPvRFTaUX6MW6Nm\/view?usp=drive_link\" target=\"_blank\" rel=\"noopener\">PROGRAMACI\u00d3N DID\u00c1CTICA M\u00daSICA 1\u00ba Y 2\u00ba ESO<\/a><\/li>\n<li><a href=\"https:\/\/drive.google.com\/file\/d\/1OOqa-6LfR1t_VJJL5-EoNp_sk8rfB675\/view?usp=drive_link\" target=\"_blank\" rel=\"noopener\">PROGRAMACI\u00d3N DID\u00c1CTICA EDUCACI\u00d3N PL\u00c1STICA Y AUDIOVISUAL 1\u00ba Y 3\u00ba ESO<\/a><\/li>\n<li><a href=\"https:\/\/drive.google.com\/file\/d\/1nF7c8NHvV6Cj8wqlIAdxvhWLsHdPp7Zz\/view?usp=drive_link\" target=\"_blank\" rel=\"noopener\">PROGRAMACI\u00d3N DID\u00c1CTICA EDUCACI\u00d3N EXPRESI\u00d3N ART\u00cdSTICA 4\u00ba ESO<\/a><\/li>\n<li><a href=\"https:\/\/drive.google.com\/file\/d\/1g1LmMDJMaWwp9jxZLyKqAiWkuJj7at3b\/view?usp=drive_link\" target=\"_blank\" rel=\"noopener\">PROGRAMACI\u00d3N DID\u00c1CTICA DIBUJO T\u00c9CNICO 1\u00ba Y 2\u00ba BACHILLERATO<\/a><\/li>\n<\/ul>\n<\/li>\n<\/ul>\t\t\t\t\t\t\t\t<\/div>\n\t\t\t\t<\/div>\n\t\t\t\t\t<\/div>\n\t\t<\/div>\n\t\t\t\t\t<\/div>\n\t\t<\/section>\n\t\t\t\t<\/div>\n\t\t","protected":false},"excerpt":{"rendered":"<p>&#8211; DEPARTAMENTO DE M\u00daSICA Y PL\u00c1STICA- ENLACES A LA PROGRAMACIONES&nbsp;DE ESTE CURSO PROGRAMACI\u00d3N DID\u00c1CTICA M\u00daSICA 1\u00ba Y 2\u00ba ESO PROGRAMACI\u00d3N DID\u00c1CTICA EDUCACI\u00d3N PL\u00c1STICA Y AUDIOVISUAL 1\u00ba Y 3\u00ba ESO PROGRAMACI\u00d3N DID\u00c1CTICA EDUCACI\u00d3N EXPRESI\u00d3N ART\u00cdSTICA 4\u00ba ESO PROGRAMACI\u00d3N DID\u00c1CTICA DIBUJO T\u00c9CNICO 1\u00ba Y 2\u00ba BACHILLERATO<\/p>\n","protected":false},"author":4211,"featured_media":0,"parent":0,"menu_order":0,"comment_status":"closed","ping_status":"closed","template":"elementor_header_footer","meta":{"ngg_post_thumbnail":0,"footnotes":"","_mc_calendar":[]},"aioseo_notices":[],"_links":{"self":[{"href":"https:\/\/blogsaverroes.juntadeandalucia.es\/iesalbaida\/wp-json\/wp\/v2\/pages\/6219"}],"collection":[{"href":"https:\/\/blogsaverroes.juntadeandalucia.es\/iesalbaida\/wp-json\/wp\/v2\/pages"}],"about":[{"href":"https:\/\/blogsaverroes.juntadeandalucia.es\/iesalbaida\/wp-json\/wp\/v2\/types\/page"}],"author":[{"embeddable":true,"href":"https:\/\/blogsaverroes.juntadeandalucia.es\/iesalbaida\/wp-json\/wp\/v2\/users\/4211"}],"replies":[{"embeddable":true,"href":"https:\/\/blogsaverroes.juntadeandalucia.es\/iesalbaida\/wp-json\/wp\/v2\/comments?post=6219"}],"version-history":[{"count":22,"href":"https:\/\/blogsaverroes.juntadeandalucia.es\/iesalbaida\/wp-json\/wp\/v2\/pages\/6219\/revisions"}],"predecessor-version":[{"id":7301,"href":"https:\/\/blogsaverroes.juntadeandalucia.es\/iesalbaida\/wp-json\/wp\/v2\/pages\/6219\/revisions\/7301"}],"wp:attachment":[{"href":"https:\/\/blogsaverroes.juntadeandalucia.es\/iesalbaida\/wp-json\/wp\/v2\/media?parent=6219"}],"curies":[{"name":"wp","href":"https:\/\/api.w.org\/{rel}","templated":true}]}}

Departamento de Música

<div data-elementor-type="wp-page" data-elementor-id="6219" class="elementor elementor-6219">
						<section class="elementor-section elementor-top-section elementor-element elementor-element-5af8d7de elementor-section-boxed elementor-section-height-default elementor-section-height-default" data-id="5af8d7de" data-element_type="section">
						<div class="elementor-container elementor-column-gap-default">
					<div class="elementor-column elementor-col-100 elementor-top-column elementor-element elementor-element-7da963d8" data-id="7da963d8" data-element_type="column">
			<div class="elementor-widget-wrap elementor-element-populated">
						<div class="elementor-element elementor-element-72be28da elementor-widget elementor-widget-heading" data-id="72be28da" data-element_type="widget" data-widget_type="heading.default">
				<div class="elementor-widget-container">
					<h2 class="elementor-heading-title elementor-size-default">- DEPARTAMENTO DE MÚSICA Y PLÁSTICA-</h2>				</div>
				</div>
					</div>
		</div>
					</div>
		</section>
				<section class="elementor-section elementor-top-section elementor-element elementor-element-7916f626 elementor-section-boxed elementor-section-height-default elementor-section-height-default" data-id="7916f626" data-element_type="section">
						<div class="elementor-container elementor-column-gap-default">
					<div class="elementor-column elementor-col-100 elementor-top-column elementor-element elementor-element-2c6b10a8" data-id="2c6b10a8" data-element_type="column">
			<div class="elementor-widget-wrap elementor-element-populated">
						<div class="elementor-element elementor-element-3e1c07ca elementor-widget elementor-widget-text-editor" data-id="3e1c07ca" data-element_type="widget" data-widget_type="text-editor.default">
				<div class="elementor-widget-container">
									<p>ENLACES A LA <strong>PROGRAMACIONES&nbsp;</strong>DE ESTE CURSO</p>
<ul>
<li style="list-style-type: none">
<ul>
<li><a href="https://drive.google.com/file/d/1lin8tWAoxUzvB0FT5hPvRFTaUX6MW6Nm/view?usp=drive_link" target="_blank" rel="noopener">PROGRAMACIÓN DIDÁCTICA MÚSICA 1º Y 2º ESO</a></li>
<li><a href="https://drive.google.com/file/d/1OOqa-6LfR1t_VJJL5-EoNp_sk8rfB675/view?usp=drive_link" target="_blank" rel="noopener">PROGRAMACIÓN DIDÁCTICA EDUCACIÓN PLÁSTICA Y AUDIOVISUAL 1º Y 3º ESO</a></li>
<li><a href="https://drive.google.com/file/d/1nF7c8NHvV6Cj8wqlIAdxvhWLsHdPp7Zz/view?usp=drive_link" target="_blank" rel="noopener">PROGRAMACIÓN DIDÁCTICA EDUCACIÓN EXPRESIÓN ARTÍSTICA 4º ESO</a></li>
<li><a href="https://drive.google.com/file/d/1g1LmMDJMaWwp9jxZLyKqAiWkuJj7at3b/view?usp=drive_link" target="_blank" rel="noopener">PROGRAMACIÓN DIDÁCTICA DIBUJO TÉCNICO 1º Y 2º BACHILLERATO</a></li>
</ul>
</li>
</ul>								</div>
				</div>
					</div>
		</div>
					</div>
		</section>
				</div>

<p>&#8211; DEPARTAMENTO DE MÚSICA Y PLÁSTICA- ENLACES A LA PROGRAMACIONES&nbsp;DE ESTE CURSO PROGRAMACIÓN DIDÁCTICA MÚSICA 1º Y 2º ESO PROGRAMACIÓN DIDÁCTICA EDUCACIÓN PLÁSTICA Y AUDIOVISUAL 1º Y 3º ESO PROGRAMACIÓN DIDÁCTICA EDUCACIÓN EXPRESIÓN ARTÍSTICA 4º ESO PROGRAMACIÓN DIDÁCTICA DIBUJO TÉCNICO 1º Y 2º BACHILLERATO</p>
