{"id":6240,"date":"2025-06-04T16:02:13","date_gmt":"2025-06-04T16:02:13","guid":{"rendered":"https:\/\/blogsaverroes.juntadeandalucia.es\/iesalbaida\/?page_id=6240"},"modified":"2026-01-15T16:22:56","modified_gmt":"2026-01-15T16:22:56","slug":"departamento-de-fol-formacion-y-orientacion-laboral","status":"publish","type":"page","link":"https:\/\/blogsaverroes.juntadeandalucia.es\/iesalbaida\/departamento-de-fol-formacion-y-orientacion-laboral\/","title":{"rendered":"Departamento de FOL (Formaci\u00f3n y Orientaci\u00f3n Laboral)"},"content":{"rendered":"\t\t<div data-elementor-type=\"wp-page\" data-elementor-id=\"6240\" class=\"elementor elementor-6240\">\n\t\t\t\t\t\t<section class=\"elementor-section elementor-top-section elementor-element elementor-element-76a0b567 elementor-section-boxed elementor-section-height-default elementor-section-height-default\" data-id=\"76a0b567\" data-element_type=\"section\">\n\t\t\t\t\t\t<div class=\"elementor-container elementor-column-gap-default\">\n\t\t\t\t\t<div class=\"elementor-column elementor-col-100 elementor-top-column elementor-element elementor-element-58cf53d9\" data-id=\"58cf53d9\" data-element_type=\"column\">\n\t\t\t<div class=\"elementor-widget-wrap elementor-element-populated\">\n\t\t\t\t\t\t<div class=\"elementor-element elementor-element-103e171f elementor-widget elementor-widget-heading\" data-id=\"103e171f\" data-element_type=\"widget\" data-widget_type=\"heading.default\">\n\t\t\t\t<div class=\"elementor-widget-container\">\n\t\t\t\t\t<h2 class=\"elementor-heading-title elementor-size-default\">- DEPARTAMENTO DE FOL (FORMACI\u00d3N Y ORIENTACI\u00d3N LABORAL) -<\/h2>\t\t\t\t<\/div>\n\t\t\t\t<\/div>\n\t\t\t\t\t<\/div>\n\t\t<\/div>\n\t\t\t\t\t<\/div>\n\t\t<\/section>\n\t\t\t\t<section class=\"elementor-section elementor-top-section elementor-element elementor-element-36ec372a elementor-section-boxed elementor-section-height-default elementor-section-height-default\" data-id=\"36ec372a\" data-element_type=\"section\">\n\t\t\t\t\t\t<div class=\"elementor-container elementor-column-gap-default\">\n\t\t\t\t\t<div class=\"elementor-column elementor-col-100 elementor-top-column elementor-element elementor-element-30639d69\" data-id=\"30639d69\" data-element_type=\"column\">\n\t\t\t<div class=\"elementor-widget-wrap elementor-element-populated\">\n\t\t\t\t\t\t<div class=\"elementor-element elementor-element-54351922 elementor-widget elementor-widget-text-editor\" data-id=\"54351922\" data-element_type=\"widget\" data-widget_type=\"text-editor.default\">\n\t\t\t\t<div class=\"elementor-widget-container\">\n\t\t\t\t\t\t\t\t\t<p>ENLACES A LA <strong>PROGRAMACIONES\u00a0<\/strong>DE ESTE CURSO<\/p><ul><li><a href=\"https:\/\/drive.google.com\/file\/d\/14cGFZzoMIyGUfm2yXABwTVVN_cdWZrp_\/view?usp=drive_link\" target=\"_blank\" rel=\"noopener\">PROGRAMACI\u00d3N DID\u00c1CTICA IPE I<\/a><span style=\"background-color: transparent\">\u00a0<\/span><\/li><li><a href=\"https:\/\/drive.google.com\/file\/d\/1GMisJ24qR_bnie5lM9_9X3AJaxNDPvIN\/view?usp=drive_link\" target=\"_blank\" rel=\"noopener\">PROGRAMACI\u00d3N DID\u00c1CTICA IPE II<\/a><\/li><li><a href=\"https:\/\/drive.google.com\/file\/d\/1Tnt9dtbUxqNVb5fBc76TG1vrUTL0bh0r\/view?usp=drive_link\" target=\"_blank\" rel=\"noopener\">PROGRAMACI\u00d3N DID\u00c1CTICA FOL DIET\u00c9TICA GS (LOGSE)<\/a><\/li><li><a href=\"https:\/\/drive.google.com\/file\/d\/1uZur8sV_agiLEXmZAcIEfXUxeH_XAqTG\/view?usp=drive_link\" target=\"_blank\" rel=\"noopener\">PROGRAMACI\u00d3N DID\u00c1CTICA RET DIET\u00c9TICAL GS (LOGSE)<\/a><\/li><li><a href=\"https:\/\/drive.google.com\/file\/d\/1h5hnEXclGaiLUjq589DeYeoYMdC4ftTf\/view?usp=drive_link\" target=\"_blank\" rel=\"noopener\">PROGRAMACI\u00d3N DID\u00c1CTICA FOL CAE GM (LOGSE)<\/a><\/li><li><a href=\"https:\/\/drive.google.com\/file\/d\/18CINWVFrzZl7MN8bkRGIkwtEJwQ4lEPI\/view?usp=drive_link\" target=\"_blank\" rel=\"noopener\">PROGRAMACI\u00d3N DID\u00c1CTICA RET CAE GM (LOGSE)<\/a><\/li><\/ul><ul><li style=\"list-style-type: none\">\u00a0<\/li><\/ul>\t\t\t\t\t\t\t\t<\/div>\n\t\t\t\t<\/div>\n\t\t\t\t\t<\/div>\n\t\t<\/div>\n\t\t\t\t\t<\/div>\n\t\t<\/section>\n\t\t\t\t<section class=\"elementor-section elementor-top-section elementor-element elementor-element-1debacb elementor-section-boxed elementor-section-height-default elementor-section-height-default\" data-id=\"1debacb\" data-element_type=\"section\">\n\t\t\t\t\t\t<div class=\"elementor-container elementor-column-gap-default\">\n\t\t\t\t\t<div class=\"elementor-column elementor-col-100 elementor-top-column elementor-element elementor-element-88e5aa3\" data-id=\"88e5aa3\" data-element_type=\"column\">\n\t\t\t<div class=\"elementor-widget-wrap elementor-element-populated\">\n\t\t\t\t\t\t<div class=\"elementor-element elementor-element-9a097da elementor-widget elementor-widget-text-editor\" data-id=\"9a097da\" data-element_type=\"widget\" data-widget_type=\"text-editor.default\">\n\t\t\t\t<div class=\"elementor-widget-container\">\n\t\t\t\t\t\t\t\t\t<ul><li><a href=\"https:\/\/drive.google.com\/file\/d\/150bsNpMrP8Bi0Kqf_Hx5_D2afdva-7_q\/view?usp=drive_link\" target=\"_blank\" rel=\"noopener\">PROGRAMACI\u00d3N DID\u00c1CTICA FOL CAE GM ADULTOS (LOGSE) <\/a><\/li><li><a href=\"https:\/\/drive.google.com\/file\/d\/1REMGoL039LOu8I8MJdv5fbpCHe9LWhMX\/view?usp=drive_link\" target=\"_blank\" rel=\"noopener\">PROGRAMACI\u00d3N DID\u00c1CTICA RET CAE GM ADULTOS (LOGSE)<\/a><\/li><\/ul>\t\t\t\t\t\t\t\t<\/div>\n\t\t\t\t<\/div>\n\t\t\t\t\t<\/div>\n\t\t<\/div>\n\t\t\t\t\t<\/div>\n\t\t<\/section>\n\t\t\t\t<\/div>\n\t\t","protected":false},"excerpt":{"rendered":"<p>&#8211; DEPARTAMENTO DE FOL (FORMACI\u00d3N Y ORIENTACI\u00d3N LABORAL) &#8211; ENLACES A LA PROGRAMACIONES\u00a0DE ESTE CURSO PROGRAMACI\u00d3N DID\u00c1CTICA IPE I\u00a0 PROGRAMACI\u00d3N DID\u00c1CTICA IPE II PROGRAMACI\u00d3N DID\u00c1CTICA FOL DIET\u00c9TICA GS (LOGSE) PROGRAMACI\u00d3N DID\u00c1CTICA RET DIET\u00c9TICAL GS (LOGSE) PROGRAMACI\u00d3N DID\u00c1CTICA FOL CAE GM (LOGSE) PROGRAMACI\u00d3N DID\u00c1CTICA RET CAE GM (LOGSE) \u00a0 PROGRAMACI\u00d3N DID\u00c1CTICA FOL CAE GM ADULTOS (LOGSE) [&hellip;]<\/p>\n","protected":false},"author":4211,"featured_media":0,"parent":0,"menu_order":0,"comment_status":"closed","ping_status":"closed","template":"elementor_header_footer","meta":{"ngg_post_thumbnail":0,"footnotes":"","_mc_calendar":[]},"aioseo_notices":[],"_links":{"self":[{"href":"https:\/\/blogsaverroes.juntadeandalucia.es\/iesalbaida\/wp-json\/wp\/v2\/pages\/6240"}],"collection":[{"href":"https:\/\/blogsaverroes.juntadeandalucia.es\/iesalbaida\/wp-json\/wp\/v2\/pages"}],"about":[{"href":"https:\/\/blogsaverroes.juntadeandalucia.es\/iesalbaida\/wp-json\/wp\/v2\/types\/page"}],"author":[{"embeddable":true,"href":"https:\/\/blogsaverroes.juntadeandalucia.es\/iesalbaida\/wp-json\/wp\/v2\/users\/4211"}],"replies":[{"embeddable":true,"href":"https:\/\/blogsaverroes.juntadeandalucia.es\/iesalbaida\/wp-json\/wp\/v2\/comments?post=6240"}],"version-history":[{"count":34,"href":"https:\/\/blogsaverroes.juntadeandalucia.es\/iesalbaida\/wp-json\/wp\/v2\/pages\/6240\/revisions"}],"predecessor-version":[{"id":7304,"href":"https:\/\/blogsaverroes.juntadeandalucia.es\/iesalbaida\/wp-json\/wp\/v2\/pages\/6240\/revisions\/7304"}],"wp:attachment":[{"href":"https:\/\/blogsaverroes.juntadeandalucia.es\/iesalbaida\/wp-json\/wp\/v2\/media?parent=6240"}],"curies":[{"name":"wp","href":"https:\/\/api.w.org\/{rel}","templated":true}]}}