{"id":634,"date":"2021-03-10T09:08:53","date_gmt":"2021-03-10T08:08:53","guid":{"rendered":"https:\/\/blogsaverroes.juntadeandalucia.es\/iesalbaytar\/?page_id=634"},"modified":"2024-06-10T09:19:57","modified_gmt":"2024-06-10T07:19:57","slug":"634-2","status":"publish","type":"page","link":"https:\/\/blogsaverroes.juntadeandalucia.es\/iesalbaytar\/634-2\/","title":{"rendered":"Pevau 2024"},"content":{"rendered":"<p><img decoding=\"async\" class=\"size-medium wp-image-635 aligncenter\" src=\"https:\/\/blogsaverroes.juntadeandalucia.es\/iesalbaytar\/files\/2021\/03\/IMAGEN-PEVAU-300x85.jpg\" alt=\"\" width=\"300\" height=\"85\" srcset=\"https:\/\/blogsaverroes.juntadeandalucia.es\/iesalbaytar\/files\/2021\/03\/IMAGEN-PEVAU-300x85.jpg 300w, https:\/\/blogsaverroes.juntadeandalucia.es\/iesalbaytar\/files\/2021\/03\/IMAGEN-PEVAU.jpg 307w\" sizes=\"(max-width: 300px) 100vw, 300px\" \/><\/p>\n<h3>TODA LA INFORMACI\u00d3N PUEDE CONSULTARLA EN EL ENLACE:<\/h3>\n<h3><img decoding=\"async\" class=\"wp-image-542 alignleft\" src=\"https:\/\/blogsaverroes.juntadeandalucia.es\/iesalbaytar\/files\/2021\/02\/dedo-se\u00f1al.jpg\" alt=\"\" width=\"35\" height=\"28\"><\/h3>\n<h3>&nbsp;<span style=\"color: #0000ff\"><strong><a style=\"color: #0000ff\" href=\"https:\/\/www.uma.es\/acceso\/info\/4336\/prueba-de-acceso-admision\/\" target=\"_blank\" rel=\"noopener noreferrer\">PEVAU 2024<\/a><\/strong><\/span><\/h3>\n<p style=\"text-align: center\"><span style=\"font-size: 24pt;color: #0000ff\"><strong>Convocatoria Ordinaria<\/strong><\/span><\/p>\n<p style=\"text-align: center\"><strong><span style=\"color: #ff0000\"><span style=\"color: #993366;font-family: helvetica, arial, sans-serif;font-size: 18pt\">IMPORTANTE: <\/span>FECHA \u00daNICA DE INSCRIPCI\u00d3N EL <span style=\"color: #0000ff\"><span style=\"text-decoration: underline\"><span style=\"font-family: 'comic sans ms', sans-serif\">LUNES 27 DE MAYO DE 2024.<\/span><\/span>&nbsp;<\/span><\/span><\/strong><strong style=\"color: #ff6600\">EXCEPCIONALMENTE AQUELLOS ALUMNOS CON TODO APROBADO O QUE CREAN QUE VAN A TITULAR PUEDEN IR ENTREGANDO LA SOLICITUD EN SECRETAR\u00cdA DURANTE EL MES DE MAYO.<\/strong><\/p>\n<p><span style=\"color: #ff0000\">IMPRESO DE INSCRIPCI\u00d3N EN ESTE ENLACE, NO SE RELLENA A MANO, ES UN PDF RELLENABLE:<\/span><\/p>\n<h3><img decoding=\"async\" class=\"wp-image-542 alignleft\" src=\"https:\/\/blogsaverroes.juntadeandalucia.es\/iesalbaytar\/files\/2021\/02\/dedo-se\u00f1al.jpg\" alt=\"\" width=\"38\" height=\"30\"><\/h3>\n<p><a href=\"https:\/\/www.uma.es\/acceso\/navegador_de_ficheros\/Documentos-pruebas-de-acceso\/descargar\/PEVAU%202024\/IMPRESO%20PEVAU_2024.pdf\"><span style=\"color: #0000ff;font-size: 14pt\"><strong>SOLICITUD<\/strong><\/span> <span style=\"font-size: 14pt\"><strong><span style=\"color: #0000ff\">PEVAU 2024<\/span><\/strong><\/span><\/a><\/p>\n<p style=\"text-align: center\"><strong><span style=\"color: #ff0000\"><span style=\"color: #993366;font-family: helvetica, arial, sans-serif;font-size: 18pt\">IMPORTANTE: <\/span>TODOS LOS ALUMNOS QUE QUIERAN PRESENTARSE A LA PEVAU <span style=\"text-decoration: underline\">DEBEN SOLICITAR Y PAGAR EL T\u00cdTULO DE BACHILLERATO<\/span> EN CUANTO SEPAN LAS NOTAS, NUNCA ANTES, ESTO ES, <span style=\"text-decoration: underline;color: #0000ff\"><span style=\"font-family: 'comic sans ms', sans-serif\">ENTRE EL VIERNES 24\/05\/2024 A LAS 21H Y EL LUNES 27\/05\/2024 A LAS 12H.<\/span><\/span><\/span><\/strong><\/p>\n<p style=\"text-align: center\"><span style=\"font-size: 12pt;color: #0000ff\"><strong>La UMA enviar\u00e1 la clave por SMS para el pago de tasas el d\u00eda 28 de Mayo a partir de las 15 h<\/strong><\/span><\/p>\n<p style=\"text-align: center\"><span style=\"color: #ff0000\">EL T\u00cdTULO SE SOLICITA DE FORMA TELEM\u00c1TICA EN LA SECRETAR\u00cdA VIRTUAL DE LA JUNTA DE ANDALUC\u00cdA EN ESTE ENLACE:<\/span><\/p>\n<div>\n<h3><img decoding=\"async\" class=\"wp-image-542 alignleft\" src=\"https:\/\/blogsaverroes.juntadeandalucia.es\/iesalbaytar\/files\/2021\/02\/dedo-se\u00f1al.jpg\" alt=\"\" width=\"38\" height=\"30\"><\/h3>\n<p><span style=\"font-size: 14pt;color: #0000ff\"><strong><a style=\"color: #0000ff\" href=\"https:\/\/www.juntadeandalucia.es\/educacion\/secretariavirtual\/accesoTramite\/302\/\" target=\"_blank\" rel=\"noopener noreferrer\">SOLICITUD TELEM\u00c1TICA DEL T\u00cdTULO DE BACHILLERATO<\/a><\/strong><\/span><\/p>\n<\/div>\n<div>\n<p style=\"text-align: center\"><em><strong>TASAS T\u00cdTULOS LOGSE:&nbsp;<\/strong><\/em>de Bachiller:&nbsp;<strong>56,07 \u20ac<\/strong><\/p>\n<p style=\"text-align: center\"><strong><span style=\"font-size: 24pt;color: #0000ff\">Convocatoria Extraordinaria<\/span><\/strong><\/p>\n<ul>\n<li><span style=\"color: #000000\"><strong><span style=\"font-size: 14pt\">Solicitud de PVAU d\u00edas 19, 20 y 21 de junio de 9 a 11h en Secretar\u00eda<\/span><\/strong><\/span><\/li>\n<li><span style=\"color: #000000\"><strong><span style=\"font-size: 14pt\">Pago del t\u00edtulo desde el d\u00eda de publicaci\u00f3n de notas en PASEN. Si no se paga el t\u00edtulo previamente, no se podr\u00e1 recoger solicitud de PVAU en secretar\u00eda<\/span><\/strong><\/span><\/li>\n<li><span style=\"color: #000000\"><strong><span style=\"font-size: 14pt\">Recogida de copia sellada. D\u00eda 21 a partir de las 12 h (el d\u00eda 24 de junio no se pueden recoger solicitudes, no se podr\u00e1 hacer ning\u00fan tipo de gesti\u00f3n en secretar\u00eda por ser festivo local)<\/span><\/strong><\/span><\/li>\n<li><span style=\"color: #000000\"><strong><span style=\"font-size: 14pt\">Recibir\u00e1n la clave de la UMA para el pago de tasas el 25 de Junio a partir de las 15 H<\/span><\/strong><\/span><\/li>\n<\/ul>\n<\/div>\n<table style=\"border-collapse: collapse;width: 100%;height: 159px\">\n<tbody>\n<tr>\n<td style=\"width: 100%\">\n<p style=\"text-align: center\"><span style=\"color: #ff0000\"><strong>CALENDARIO PRUEBAS:<\/strong><\/span><\/p>\n<p><span style=\"color: #0000ff\"><strong>ORDINARIA: 4, 5 y 6 DE JUNIO DE 2024 EN IES ARROYO DE LA MIEL<\/strong><\/span><\/p>\n<p><span style=\"color: #008000\"><strong>Sedes de las Pruebas<\/strong><\/span> &nbsp;&nbsp;<a href=\"https:\/\/www.uma.es\/acceso\/info\/141616\/sedes-pevau-2024\/\">https:\/\/www.uma.es\/acceso\/info\/141616\/sedes-pevau-2024\/<\/a><\/p>\n<p><span style=\"color: #ff00ff\"><strong>EXTRAORDINARIA: 2, 3 Y 4 DE JULIO DE 2024. LUGAR PENDIENTE DE CONFORMACI\u00d3N<\/strong><\/span><\/td>\n<\/tr>\n<\/tbody>\n<\/table>\n<div>&nbsp;<\/div>\n<div>&nbsp;<\/div>\n<div>&nbsp;<\/div>\n","protected":false},"excerpt":{"rendered":"<p>TODA LA INFORMACI\u00d3N PUEDE CONSULTARLA EN EL ENLACE: &nbsp;PEVAU 2024 Convocatoria Ordinaria IMPORTANTE: FECHA \u00daNICA DE INSCRIPCI\u00d3N EL LUNES 27 DE MAYO DE 2024.&nbsp;EXCEPCIONALMENTE AQUELLOS ALUMNOS CON TODO APROBADO O QUE CREAN QUE VAN A TITULAR PUEDEN IR ENTREGANDO LA SOLICITUD EN SECRETAR\u00cdA DURANTE EL MES DE MAYO. IMPRESO DE INSCRIPCI\u00d3N EN ESTE ENLACE, NO [&hellip;]<\/p>\n","protected":false},"author":12088,"featured_media":0,"parent":0,"menu_order":0,"comment_status":"closed","ping_status":"closed","template":"","meta":{"_et_pb_use_builder":"","_et_pb_old_content":"","_et_gb_content_width":"","ngg_post_thumbnail":0,"footnotes":""},"aioseo_notices":[],"_links":{"self":[{"href":"https:\/\/blogsaverroes.juntadeandalucia.es\/iesalbaytar\/wp-json\/wp\/v2\/pages\/634"}],"collection":[{"href":"https:\/\/blogsaverroes.juntadeandalucia.es\/iesalbaytar\/wp-json\/wp\/v2\/pages"}],"about":[{"href":"https:\/\/blogsaverroes.juntadeandalucia.es\/iesalbaytar\/wp-json\/wp\/v2\/types\/page"}],"author":[{"embeddable":true,"href":"https:\/\/blogsaverroes.juntadeandalucia.es\/iesalbaytar\/wp-json\/wp\/v2\/users\/12088"}],"replies":[{"embeddable":true,"href":"https:\/\/blogsaverroes.juntadeandalucia.es\/iesalbaytar\/wp-json\/wp\/v2\/comments?post=634"}],"version-history":[{"count":90,"href":"https:\/\/blogsaverroes.juntadeandalucia.es\/iesalbaytar\/wp-json\/wp\/v2\/pages\/634\/revisions"}],"predecessor-version":[{"id":1482,"href":"https:\/\/blogsaverroes.juntadeandalucia.es\/iesalbaytar\/wp-json\/wp\/v2\/pages\/634\/revisions\/1482"}],"wp:attachment":[{"href":"https:\/\/blogsaverroes.juntadeandalucia.es\/iesalbaytar\/wp-json\/wp\/v2\/media?parent=634"}],"curies":[{"name":"wp","href":"https:\/\/api.w.org\/{rel}","templated":true}]}}