{"id":1468,"date":"2023-09-28T23:12:46","date_gmt":"2023-09-28T21:12:46","guid":{"rendered":"https:\/\/blogsaverroes.juntadeandalucia.es\/iesalcrebite\/?page_id=1468"},"modified":"2023-09-28T23:13:35","modified_gmt":"2023-09-28T21:13:35","slug":"c-f-g-b","status":"publish","type":"page","link":"https:\/\/blogsaverroes.juntadeandalucia.es\/iesalcrebite\/c-f-g-b\/","title":{"rendered":"C.F.G.B."},"content":{"rendered":"<p><span style=\"font-size: 18pt\"><strong>C.F.G.B. INFORM\u00c1TICA Y COMUNICACIONES<\/strong><\/span><\/p>\n<p>&nbsp;<\/p>\n<p>NORMATIVA:<\/p>\n<ul class=\"lista\">\n<li><a href=\"https:\/\/www.adideandalucia.es\/normas\/ordenes\/Orden30mayo2023EducacionSecundariaObligatoria.pdf\" target=\"_blank\" rel=\"noopener noreferrer\">ORDEN de 30 de mayo de 2023<\/a>, por la que se desarrolla el curr\u00edculo correspondiente a la etapa de Educaci\u00f3n Secundaria Obligatoria en la Comunidad Aut\u00f3noma de Andaluc\u00eda, se regulan determinados aspectos de la atenci\u00f3n a la diversidad y a las diferencias individuales, se establece la ordenaci\u00f3n de la evaluaci\u00f3n del proceso de aprendizaje del alumnado y se determina el proceso de tr\u00e1nsito entre las diferentes etapas educativas (BOJA 02-06-2023).&nbsp;<a href=\"https:\/\/www.adideandalucia.es\/normas\/ordenes\/Orden30mayo2023ESO-Anexo1.pdf\" target=\"_blank\" rel=\"noopener noreferrer\">Anexo I<\/a>.&nbsp;<a href=\"https:\/\/www.adideandalucia.es\/normas\/ordenes\/Orden30mayo2023ESO-Anexo2.pdf\" target=\"_blank\" rel=\"noopener noreferrer\">Anexo II<\/a>.&nbsp;<a href=\"https:\/\/www.adideandalucia.es\/normas\/ordenes\/Orden30mayo2023ESO-Anexo3.pdf\" target=\"_blank\" rel=\"noopener noreferrer\">Anexo III<\/a>.&nbsp;<a href=\"https:\/\/www.adideandalucia.es\/normas\/ordenes\/Orden30mayo2023ESO-Anexo4.pdf\" target=\"_blank\" rel=\"noopener noreferrer\">Anexo IV<\/a>.&nbsp;<a href=\"https:\/\/www.adideandalucia.es\/normas\/ordenes\/Orden30mayo2023ESO-Anexo5.pdf\" target=\"_blank\" rel=\"noopener noreferrer\">Anexo V<\/a>.&nbsp;<a href=\"https:\/\/www.adideandalucia.es\/normas\/ordenes\/Orden30mayo2023ESO-Anexo6.pdf\" target=\"_blank\" rel=\"noopener noreferrer\">Anexo VI<\/a>.&nbsp;<a href=\"https:\/\/www.adideandalucia.es\/normas\/ordenes\/Orden30mayo2023ESO-Anexo7.pdf\" target=\"_blank\" rel=\"noopener noreferrer\">Anexo VII<\/a>.&nbsp;<a href=\"https:\/\/www.adideandalucia.es\/normas\/ordenes\/Orden30mayo2023ESO-Anexo8.pdf\" target=\"_blank\" rel=\"noopener noreferrer\">Anexo VIII<\/a>.&nbsp;<a href=\"https:\/\/www.adideandalucia.es\/normas\/ordenes\/Orden30mayo2023ESO-Anexo9.pdf\" target=\"_blank\" rel=\"noopener noreferrer\">Anexo IX<\/a>.&nbsp;<a href=\"https:\/\/www.adideandalucia.es\/normas\/ordenes\/Orden30mayo2023ESO-Anexo10.pdf\" target=\"_blank\" rel=\"noopener noreferrer\">Anexo X<\/a>.<\/li>\n<\/ul>\n<p>&nbsp;<\/p>\n<ul class=\"lista\">\n<li><a href=\"http:\/\/www.juntadeandalucia.es\/educacion\/portals\/galion\/FPBAnexoIV_Informatica_Comunicaciones.pdf\" target=\"_blank\" rel=\"noopener noreferrer\">Orden en Andaluc\u00eda y curriculo.<\/a><\/li>\n<\/ul>\n","protected":false},"excerpt":{"rendered":"<p>C.F.G.B. INFORM\u00c1TICA Y COMUNICACIONES &nbsp; NORMATIVA: ORDEN de 30 de mayo de 2023, por la que se desarrolla el curr\u00edculo correspondiente a la etapa de Educaci\u00f3n Secundaria Obligatoria en la Comunidad Aut\u00f3noma de Andaluc\u00eda,&#46;&#46;&#46;<\/p>\n","protected":false},"author":14869,"featured_media":0,"parent":0,"menu_order":0,"comment_status":"closed","ping_status":"closed","template":"","meta":{"ngg_post_thumbnail":0,"footnotes":""},"aioseo_notices":[],"_links":{"self":[{"href":"https:\/\/blogsaverroes.juntadeandalucia.es\/iesalcrebite\/wp-json\/wp\/v2\/pages\/1468"}],"collection":[{"href":"https:\/\/blogsaverroes.juntadeandalucia.es\/iesalcrebite\/wp-json\/wp\/v2\/pages"}],"about":[{"href":"https:\/\/blogsaverroes.juntadeandalucia.es\/iesalcrebite\/wp-json\/wp\/v2\/types\/page"}],"author":[{"embeddable":true,"href":"https:\/\/blogsaverroes.juntadeandalucia.es\/iesalcrebite\/wp-json\/wp\/v2\/users\/14869"}],"replies":[{"embeddable":true,"href":"https:\/\/blogsaverroes.juntadeandalucia.es\/iesalcrebite\/wp-json\/wp\/v2\/comments?post=1468"}],"version-history":[{"count":2,"href":"https:\/\/blogsaverroes.juntadeandalucia.es\/iesalcrebite\/wp-json\/wp\/v2\/pages\/1468\/revisions"}],"predecessor-version":[{"id":1470,"href":"https:\/\/blogsaverroes.juntadeandalucia.es\/iesalcrebite\/wp-json\/wp\/v2\/pages\/1468\/revisions\/1470"}],"wp:attachment":[{"href":"https:\/\/blogsaverroes.juntadeandalucia.es\/iesalcrebite\/wp-json\/wp\/v2\/media?parent=1468"}],"curies":[{"name":"wp","href":"https:\/\/api.w.org\/{rel}","templated":true}]}}