{"id":426,"date":"2020-12-18T08:46:54","date_gmt":"2020-12-18T07:46:54","guid":{"rendered":"https:\/\/blogsaverroes.juntadeandalucia.es\/pre\/plantilla-typewriter\/?page_id=426"},"modified":"2022-03-22T22:34:29","modified_gmt":"2022-03-22T21:34:29","slug":"contactar-con-el-centro","status":"publish","type":"page","link":"https:\/\/blogsaverroes.juntadeandalucia.es\/iesalcrebite\/contactar-con-el-centro\/","title":{"rendered":"Contactar"},"content":{"rendered":"<p><strong>Correo Electr\u00f3nico<\/strong><\/p>\n<p><strong><a href=\"mailto:18700359.edu@juntadeandalucia.es\">18700359.edu@juntadeandalucia.es<\/a><\/strong><\/p>\n<p><strong>Tel\u00e9fono<\/strong><\/p>\n<p>958 86 98 11<\/p>\n<p><strong>Fax<\/strong><\/p>\n<p>958 86 98 13<\/p>\n<p><strong>Direcci\u00f3n<\/strong><\/p>\n<p>Plaza Carlos Cano s\/n<br \/>\n18800 Baza<br \/>\nGranada<\/p>\n<p><strong>Ubicaci\u00f3n<\/strong><\/p>\n<p><iframe loading=\"lazy\" src=\"https:\/\/www.google.com\/maps\/embed?pb=!1m18!1m12!1m3!1d3165.5898684431304!2d-2.7706894843533694!3d37.49400363603572!2m3!1f0!2f0!3f0!3m2!1i1024!2i768!4f13.1!3m3!1m2!1s0xd6fe9db52fbfc39%3A0x42b5c4f31aadbb2d!2sIES%20Alcrebite!5e0!3m2!1ses!2ses!4v1647948066013!5m2!1ses!2ses\" width=\"100%\" height=\"458\"><\/iframe><\/p>\n","protected":false},"excerpt":{"rendered":"<p>Correo Electr\u00f3nico 18700359.edu@juntadeandalucia.es Tel\u00e9fono 958 86 98 11 Fax 958 86 98 13 Direcci\u00f3n Plaza Carlos Cano s\/n 18800 Baza Granada Ubicaci\u00f3n<\/p>\n","protected":false},"author":14869,"featured_media":0,"parent":0,"menu_order":0,"comment_status":"closed","ping_status":"closed","template":"","meta":{"ngg_post_thumbnail":0,"footnotes":""},"aioseo_notices":[],"_links":{"self":[{"href":"https:\/\/blogsaverroes.juntadeandalucia.es\/iesalcrebite\/wp-json\/wp\/v2\/pages\/426"}],"collection":[{"href":"https:\/\/blogsaverroes.juntadeandalucia.es\/iesalcrebite\/wp-json\/wp\/v2\/pages"}],"about":[{"href":"https:\/\/blogsaverroes.juntadeandalucia.es\/iesalcrebite\/wp-json\/wp\/v2\/types\/page"}],"author":[{"embeddable":true,"href":"https:\/\/blogsaverroes.juntadeandalucia.es\/iesalcrebite\/wp-json\/wp\/v2\/users\/14869"}],"replies":[{"embeddable":true,"href":"https:\/\/blogsaverroes.juntadeandalucia.es\/iesalcrebite\/wp-json\/wp\/v2\/comments?post=426"}],"version-history":[{"count":3,"href":"https:\/\/blogsaverroes.juntadeandalucia.es\/iesalcrebite\/wp-json\/wp\/v2\/pages\/426\/revisions"}],"predecessor-version":[{"id":587,"href":"https:\/\/blogsaverroes.juntadeandalucia.es\/iesalcrebite\/wp-json\/wp\/v2\/pages\/426\/revisions\/587"}],"wp:attachment":[{"href":"https:\/\/blogsaverroes.juntadeandalucia.es\/iesalcrebite\/wp-json\/wp\/v2\/media?parent=426"}],"curies":[{"name":"wp","href":"https:\/\/api.w.org\/{rel}","templated":true}]}}