{"id":158,"date":"2015-03-17T07:50:33","date_gmt":"2015-03-17T07:50:33","guid":{"rendered":"http:\/\/blogsaverroes.juntadeandalucia.es\/pre\/ceip\/?page_id=158"},"modified":"2026-01-06T12:06:14","modified_gmt":"2026-01-06T11:06:14","slug":"matematicas","status":"publish","type":"page","link":"https:\/\/blogsaverroes.juntadeandalucia.es\/iesalfakar\/matematicas\/","title":{"rendered":"Matem\u00e1ticas"},"content":{"rendered":"<p style=\"text-align: center\"><span style=\"font-size: large\">Jefa de Departamento: Mar\u00eda Jos\u00e9 Madrid Ruiz<\/span><\/p>\n<p style=\"text-align: center\"><img loading=\"lazy\" decoding=\"async\" class=\" size-medium wp-image-2135 aligncenter\" src=\"http:\/\/blogsaverroes.juntadeandalucia.es\/iesalfakar\/files\/2015\/03\/matematicas-300x210.jpg\" alt=\"matematicas\" width=\"300\" height=\"210\" srcset=\"https:\/\/blogsaverroes.juntadeandalucia.es\/iesalfakar\/files\/2015\/03\/matematicas-300x210.jpg 300w, https:\/\/blogsaverroes.juntadeandalucia.es\/iesalfakar\/files\/2015\/03\/matematicas.jpg 640w\" sizes=\"(max-width: 300px) 100vw, 300px\" \/><\/p>\n<p style=\"text-align: left\"><b><span style=\"font-size: large\">&nbsp;Miembros<\/span><\/b><\/p>\n<p style=\"text-align: left\" align=\"center\"><span style=\"font-size: large\">&nbsp;&nbsp; 1.<\/span><span style=\"font-size: large\">&nbsp;Mar\u00eda Inmaculada Cano Joyas (Biling\u00fce &#8211; Ingl\u00e9s)&nbsp; &nbsp; &nbsp; <\/span><\/p>\n<p style=\"text-align: left\" align=\"center\"><span style=\"font-size: large\">&nbsp; &nbsp;2. Mar\u00eda Jos\u00e9 Madrid Ruiz.<\/span><\/p>\n<p style=\"text-align: left\" align=\"center\"><span style=\"font-size: large\">&nbsp; &nbsp;3.&nbsp;<\/span><span style=\"font-size: large\">Andr\u00e9s Rodr\u00edguez Carrillo<\/span>.<\/p>\n<p style=\"text-align: left\" align=\"center\"><span style=\"font-size: large\">&nbsp; &nbsp;4. Paulino Valderas Braojos&nbsp;<\/span><\/p>\n<p align=\"center\"><a href=\"https:\/\/blogsaverroes.juntadeandalucia.es\/iesalfakar\/files\/2023\/12\/10.-CORTA-MAT.pdf\">PROGRAMACION CORTA MAT<\/a><\/p>\n<p style=\"text-align: center\">&nbsp;<\/p>\n<p>&nbsp;<\/p>\n<p style=\"text-align: center\">&nbsp;<\/p>\n<p style=\"text-align: center\">P\u00e1gina actualizada el 7 de Enero 2026<\/p>\n<p>&nbsp;<\/p>\n<p>&nbsp;<\/p>\n<p style=\"text-align: center\">&nbsp;<\/p>\n","protected":false},"excerpt":{"rendered":"<p>Jefa de Departamento: Mar\u00eda Jos\u00e9 Madrid Ruiz &nbsp;Miembros &nbsp;&nbsp; 1.&nbsp;Mar\u00eda Inmaculada Cano Joyas (Biling\u00fce &#8211; Ingl\u00e9s)&nbsp; &nbsp; &nbsp; &nbsp; &nbsp;2. Mar\u00eda Jos\u00e9 Madrid Ruiz. &nbsp; &nbsp;3.&nbsp;Andr\u00e9s Rodr\u00edguez Carrillo. &nbsp; &nbsp;4. Paulino Valderas Braojos&nbsp; PROGRAMACION&#46;&#46;&#46;<\/p>\n","protected":false},"author":1,"featured_media":0,"parent":0,"menu_order":0,"comment_status":"open","ping_status":"open","template":"page-templates\/child-menu.php","meta":{"_exactmetrics_skip_tracking":false,"_exactmetrics_sitenote_active":false,"_exactmetrics_sitenote_note":"","_exactmetrics_sitenote_category":0,"ngg_post_thumbnail":0,"footnotes":"","_mc_calendar":[]},"aioseo_notices":[],"_links":{"self":[{"href":"https:\/\/blogsaverroes.juntadeandalucia.es\/iesalfakar\/wp-json\/wp\/v2\/pages\/158"}],"collection":[{"href":"https:\/\/blogsaverroes.juntadeandalucia.es\/iesalfakar\/wp-json\/wp\/v2\/pages"}],"about":[{"href":"https:\/\/blogsaverroes.juntadeandalucia.es\/iesalfakar\/wp-json\/wp\/v2\/types\/page"}],"author":[{"embeddable":true,"href":"https:\/\/blogsaverroes.juntadeandalucia.es\/iesalfakar\/wp-json\/wp\/v2\/users\/1"}],"replies":[{"embeddable":true,"href":"https:\/\/blogsaverroes.juntadeandalucia.es\/iesalfakar\/wp-json\/wp\/v2\/comments?post=158"}],"version-history":[{"count":32,"href":"https:\/\/blogsaverroes.juntadeandalucia.es\/iesalfakar\/wp-json\/wp\/v2\/pages\/158\/revisions"}],"predecessor-version":[{"id":8403,"href":"https:\/\/blogsaverroes.juntadeandalucia.es\/iesalfakar\/wp-json\/wp\/v2\/pages\/158\/revisions\/8403"}],"wp:attachment":[{"href":"https:\/\/blogsaverroes.juntadeandalucia.es\/iesalfakar\/wp-json\/wp\/v2\/media?parent=158"}],"curies":[{"name":"wp","href":"https:\/\/api.w.org\/{rel}","templated":true}]}}