{"id":170,"date":"2015-03-17T07:55:32","date_gmt":"2015-03-17T07:55:32","guid":{"rendered":"http:\/\/blogsaverroes.juntadeandalucia.es\/pre\/ceip\/?page_id=170"},"modified":"2026-01-05T13:01:52","modified_gmt":"2026-01-05T12:01:52","slug":"biologia-y-geologia-2","status":"publish","type":"page","link":"https:\/\/blogsaverroes.juntadeandalucia.es\/iesalfakar\/biologia-y-geologia-2\/","title":{"rendered":"Ciencias Naturales"},"content":{"rendered":"<p>&nbsp;<\/p>\n<table style=\"width: 110.889%;height: 415px;text-align: center\" border=\"1\" cellspacing=\"2\" cellpadding=\"2\">\n<tbody>\n<tr style=\"height: 27px\">\n<td style=\"text-align: center;vertical-align: top;width: 99.0465%;height: 27px\" colspan=\"2\" rowspan=\"1\"><span style=\"font-size: large\">Jefa de Departamento: Antonio Guerrero Mar\u00edn<\/span><\/td>\n<\/tr>\n<tr style=\"height: 308px\">\n<td style=\"vertical-align: middle;width: 58.2837%;height: 308px\" colspan=\"1\" rowspan=\"1\"><a href=\"https:\/\/blogsaverroes.juntadeandalucia.es\/iesalfakar\/files\/2015\/03\/fisica_quimica.jpg\"><img loading=\"lazy\" decoding=\"async\" class=\"wp-image-2082 alignleft\" src=\"https:\/\/blogsaverroes.juntadeandalucia.es\/iesalfakar\/files\/2015\/03\/fisica_quimica-300x212.jpg\" alt=\"\" width=\"180\" height=\"127\" srcset=\"https:\/\/blogsaverroes.juntadeandalucia.es\/iesalfakar\/files\/2015\/03\/fisica_quimica-300x212.jpg 300w, https:\/\/blogsaverroes.juntadeandalucia.es\/iesalfakar\/files\/2015\/03\/fisica_quimica.jpg 640w\" sizes=\"(max-width: 180px) 100vw, 180px\" \/><\/a><a href=\"http:\/\/blogsaverroes.juntadeandalucia.es\/iesalfakar\/files\/2015\/03\/sistema_solar.jpg\"><img loading=\"lazy\" decoding=\"async\" class=\"wp-image-1597 alignright\" src=\"http:\/\/blogsaverroes.juntadeandalucia.es\/iesalfakar\/files\/2015\/03\/sistema_solar-300x188.jpg\" alt=\"sistema_solar\" width=\"188\" height=\"118\" srcset=\"https:\/\/blogsaverroes.juntadeandalucia.es\/iesalfakar\/files\/2015\/03\/sistema_solar-300x188.jpg 300w, https:\/\/blogsaverroes.juntadeandalucia.es\/iesalfakar\/files\/2015\/03\/sistema_solar.jpg 640w\" sizes=\"(max-width: 188px) 100vw, 188px\" \/>\u200b<\/a><\/td>\n<td style=\"vertical-align: top;width: 40.7628%;height: 308px\" colspan=\"1\" rowspan=\"1\">\n<p style=\"text-align: left\"><b><span style=\"font-size: large\"> Miembros<\/span><\/b><\/p>\n<p style=\"text-align: left\" align=\"center\"><span style=\"font-size: large\"> 1.&nbsp;<\/span><span style=\"font-size: large\">&nbsp;Antonio Guerrero Mar\u00edn<\/span><\/p>\n<p style=\"text-align: left\" align=\"center\"><span style=\"font-size: large\">2. Asunci\u00f3n Mesa Maga\u00f1a<\/span><\/p>\n<p style=\"text-align: left\" align=\"center\"><span style=\"font-size: large\">3. Sandra Ruiz Rasso<\/span><\/p>\n<p style=\"text-align: left\" align=\"center\">&nbsp;<\/p>\n<p align=\"center\">&nbsp;<\/p>\n<\/td>\n<\/tr>\n<tr style=\"height: 24px\">\n<td style=\"vertical-align: top;width: 99.0465%;height: 24px\" colspan=\"2\" rowspan=\"1\"><a href=\"https:\/\/blogsaverroes.juntadeandalucia.es\/iesalfakar\/files\/2026\/01\/CORTA-CCNN-25-26.pdf\">PROGRAMACI\u00d3N CCNN 25-26<\/a><\/td>\n<\/tr>\n<tr style=\"height: 56px\">\n<td style=\"vertical-align: top;width: 99.0465%;height: 56px\" colspan=\"2\" rowspan=\"1\">\n<p style=\"text-align: center\">P\u00e1gina actualizada el 7 de Enero de 2026<\/p>\n<\/td>\n<\/tr>\n<\/tbody>\n<\/table>\n<p>&nbsp;<\/p>\n<p align=\"center\">&nbsp;<\/p>\n","protected":false},"excerpt":{"rendered":"<p>&nbsp; Jefa de Departamento: Antonio Guerrero Mar\u00edn \u200b Miembros 1.&nbsp;&nbsp;Antonio Guerrero Mar\u00edn 2. Asunci\u00f3n Mesa Maga\u00f1a 3. Sandra Ruiz Rasso &nbsp; &nbsp; PROGRAMACI\u00d3N CCNN 25-26 P\u00e1gina actualizada el 7 de Enero de 2026 &nbsp;&#46;&#46;&#46;<\/p>\n","protected":false},"author":1,"featured_media":0,"parent":0,"menu_order":0,"comment_status":"open","ping_status":"open","template":"page-templates\/child-menu.php","meta":{"_exactmetrics_skip_tracking":false,"_exactmetrics_sitenote_active":false,"_exactmetrics_sitenote_note":"","_exactmetrics_sitenote_category":0,"ngg_post_thumbnail":0,"footnotes":"","_mc_calendar":[]},"aioseo_notices":[],"_links":{"self":[{"href":"https:\/\/blogsaverroes.juntadeandalucia.es\/iesalfakar\/wp-json\/wp\/v2\/pages\/170"}],"collection":[{"href":"https:\/\/blogsaverroes.juntadeandalucia.es\/iesalfakar\/wp-json\/wp\/v2\/pages"}],"about":[{"href":"https:\/\/blogsaverroes.juntadeandalucia.es\/iesalfakar\/wp-json\/wp\/v2\/types\/page"}],"author":[{"embeddable":true,"href":"https:\/\/blogsaverroes.juntadeandalucia.es\/iesalfakar\/wp-json\/wp\/v2\/users\/1"}],"replies":[{"embeddable":true,"href":"https:\/\/blogsaverroes.juntadeandalucia.es\/iesalfakar\/wp-json\/wp\/v2\/comments?post=170"}],"version-history":[{"count":33,"href":"https:\/\/blogsaverroes.juntadeandalucia.es\/iesalfakar\/wp-json\/wp\/v2\/pages\/170\/revisions"}],"predecessor-version":[{"id":8397,"href":"https:\/\/blogsaverroes.juntadeandalucia.es\/iesalfakar\/wp-json\/wp\/v2\/pages\/170\/revisions\/8397"}],"wp:attachment":[{"href":"https:\/\/blogsaverroes.juntadeandalucia.es\/iesalfakar\/wp-json\/wp\/v2\/media?parent=170"}],"curies":[{"name":"wp","href":"https:\/\/api.w.org\/{rel}","templated":true}]}}