{"id":1806,"date":"2019-03-17T18:00:28","date_gmt":"2019-03-17T17:00:28","guid":{"rendered":"http:\/\/blogsaverroes.juntadeandalucia.es\/pre\/ceip\/?page_id=144"},"modified":"2025-04-20T20:07:22","modified_gmt":"2025-04-20T19:07:22","slug":"orientacion-2","status":"publish","type":"page","link":"https:\/\/blogsaverroes.juntadeandalucia.es\/iesalfakar\/orientacion-2\/","title":{"rendered":"Orientaci\u00f3n"},"content":{"rendered":"<h2>&nbsp;<\/h2>\n<table style=\"width: 840px;height: 202px;text-align: center\" border=\"1\" cellspacing=\"2\" cellpadding=\"2\">\n<tbody>\n<tr>\n<td style=\"text-align: center;vertical-align: top\" colspan=\"2\" rowspan=\"1\"><span style=\"font-size: large\">Jefa de Departamento: Elena Lupi\u00f3n Carretero<\/span><\/td>\n<\/tr>\n<tr>\n<td style=\"vertical-align: middle\" colspan=\"1\" rowspan=\"1\"><img loading=\"lazy\" decoding=\"async\" class=\"aligncenter size-medium wp-image-2155\" src=\"http:\/\/blogsaverroes.juntadeandalucia.es\/iesalfakar\/files\/2015\/03\/orientacion-300x221.jpg\" alt=\"orientacion\" width=\"300\" height=\"221\" srcset=\"https:\/\/blogsaverroes.juntadeandalucia.es\/iesalfakar\/files\/2015\/03\/orientacion-300x221.jpg 300w, https:\/\/blogsaverroes.juntadeandalucia.es\/iesalfakar\/files\/2015\/03\/orientacion.jpg 640w\" sizes=\"(max-width: 300px) 100vw, 300px\" \/><\/td>\n<td style=\"vertical-align: top\" colspan=\"1\" rowspan=\"1\">\n<p style=\"text-align: left\"><span style=\"font-size: large\">&nbsp;<\/span><\/p>\n<p style=\"text-align: left\"><span style=\"font-size: large\">&nbsp;Miembros:<\/span><\/p>\n<p style=\"text-align: left\">&nbsp;&nbsp;&nbsp;&nbsp; 1. Elena Lupi\u00f3n Carretero(Orientadora)<\/p>\n<p style=\"text-align: left\">&nbsp;&nbsp;&nbsp;&nbsp; 2. Amaia Llandr\u00e9s Ramos (Profesora especialista de Pedagog\u00eda Terap\u00e9utica)<\/p>\n<p style=\"text-align: left\"><span style=\"font-size: large\">&nbsp;&nbsp;&nbsp; <\/span><\/p>\n<\/td>\n<\/tr>\n<tr>\n<td style=\"vertical-align: top\" colspan=\"2\" rowspan=\"1\">\n<h4 style=\"text-align: justify\">&nbsp;<\/h4>\n<p style=\"text-align: justify\"><em>&nbsp;&nbsp;&nbsp;&nbsp;&nbsp;&nbsp;&nbsp;&nbsp;&nbsp; La orientaci\u00f3n educativa contribuye al desarrollo de las facetas personal, acad\u00e9mica y profesional del alumnado. Es un proceso en el que deben involucrarse las familias y para el cual pueden acudir a los tutores y al asesoramiento y apoyo de los orientadores de los centros <\/em><em>educativos. Entre sus objetivos principales se encuentran los siguientes:<\/em><\/p>\n<ul style=\"text-align: justify\">\n<li><em>Resolver problemas de la vida acad\u00e9mica, como dificultades durante el proceso de aprendizaje, ausencia de motivaci\u00f3n, etc.<\/em><\/li>\n<li><em>Tomar decisiones sobre itinerarios de estudio e incorporaci\u00f3n al mundo laboral.<\/em><\/li>\n<li><em>Convivencia y educaci\u00f3n en valores.<\/em><\/li>\n<\/ul>\n<p>&nbsp;<\/td>\n<\/tr>\n<tr>\n<td style=\"vertical-align: top\" colspan=\"2\" rowspan=\"1\">\n<p style=\"text-align: center\">P\u00e1gina actualizada el 4 de Noviembre 2024<\/p>\n<\/td>\n<\/tr>\n<\/tbody>\n<\/table>\n<p>&nbsp;<\/p>\n<p align=\"center\">&nbsp;<\/p>\n<p align=\"center\">&nbsp;<\/p>\n<p align=\"center\">&nbsp;<\/p>\n<p style=\"text-align: center\">&nbsp;<\/p>\n","protected":false},"excerpt":{"rendered":"<p>&nbsp; Jefa de Departamento: Elena Lupi\u00f3n Carretero &nbsp; &nbsp;Miembros: &nbsp;&nbsp;&nbsp;&nbsp; 1. Elena Lupi\u00f3n Carretero(Orientadora) &nbsp;&nbsp;&nbsp;&nbsp; 2. Amaia Llandr\u00e9s Ramos (Profesora especialista de Pedagog\u00eda Terap\u00e9utica) &nbsp;&nbsp;&nbsp; &nbsp; &nbsp;&nbsp;&nbsp;&nbsp;&nbsp;&nbsp;&nbsp;&nbsp;&nbsp; La orientaci\u00f3n educativa contribuye al desarrollo de&#46;&#46;&#46;<\/p>\n","protected":false},"author":1,"featured_media":0,"parent":0,"menu_order":0,"comment_status":"open","ping_status":"open","template":"page-templates\/child-menu.php","meta":{"_exactmetrics_skip_tracking":false,"_exactmetrics_sitenote_active":false,"_exactmetrics_sitenote_note":"","_exactmetrics_sitenote_category":0,"ngg_post_thumbnail":0,"footnotes":"","_mc_calendar":[]},"aioseo_notices":[],"_links":{"self":[{"href":"https:\/\/blogsaverroes.juntadeandalucia.es\/iesalfakar\/wp-json\/wp\/v2\/pages\/1806"}],"collection":[{"href":"https:\/\/blogsaverroes.juntadeandalucia.es\/iesalfakar\/wp-json\/wp\/v2\/pages"}],"about":[{"href":"https:\/\/blogsaverroes.juntadeandalucia.es\/iesalfakar\/wp-json\/wp\/v2\/types\/page"}],"author":[{"embeddable":true,"href":"https:\/\/blogsaverroes.juntadeandalucia.es\/iesalfakar\/wp-json\/wp\/v2\/users\/1"}],"replies":[{"embeddable":true,"href":"https:\/\/blogsaverroes.juntadeandalucia.es\/iesalfakar\/wp-json\/wp\/v2\/comments?post=1806"}],"version-history":[{"count":12,"href":"https:\/\/blogsaverroes.juntadeandalucia.es\/iesalfakar\/wp-json\/wp\/v2\/pages\/1806\/revisions"}],"predecessor-version":[{"id":7622,"href":"https:\/\/blogsaverroes.juntadeandalucia.es\/iesalfakar\/wp-json\/wp\/v2\/pages\/1806\/revisions\/7622"}],"wp:attachment":[{"href":"https:\/\/blogsaverroes.juntadeandalucia.es\/iesalfakar\/wp-json\/wp\/v2\/media?parent=1806"}],"curies":[{"name":"wp","href":"https:\/\/api.w.org\/{rel}","templated":true}]}}