{"id":35,"date":"2015-03-13T08:21:43","date_gmt":"2015-03-13T08:21:43","guid":{"rendered":"http:\/\/blogsaverroes.juntadeandalucia.es\/pre\/ceip\/?page_id=35"},"modified":"2024-09-21T18:06:56","modified_gmt":"2024-09-21T17:06:56","slug":"el-centro-2","status":"publish","type":"page","link":"https:\/\/blogsaverroes.juntadeandalucia.es\/iesalfakar\/el-centro-2\/","title":{"rendered":"Datos del centro"},"content":{"rendered":"<p>&nbsp;<br \/>\n<iframe loading=\"lazy\" src=\"https:\/\/www.google.com\/maps\/embed?pb=!1m18!1m12!1m3!1d2613.9354809119204!2d-3.5628704851897566!3d37.23755327986079!2m3!1f0!2f0!3f0!3m2!1i1024!2i768!4f13.1!3m3!1m2!1s0xd71e2a28bf61973%3A0xe671d7990d2fc7!2sI.E.S.%20AL-FAKAR!5e1!3m2!1ses!2ses!4v1626382451319!5m2!1ses!2ses\" width=\"600\" height=\"450\"><\/iframe><br \/>\n&nbsp;<\/p>\n<table id=\"table1\" style=\"width: 100%\" border=\"1\" width=\"100%\">\n<tbody>\n<tr>\n<td style=\"width: 98.9418%\" colspan=\"4\" align=\"center\">\n<p align=\"center\">INSTITUTO DE EDUCACI\u00d3N SECUNDARIA&nbsp;OBLIGATORIA&nbsp;\u00abAL-FAKAR\u00bb<\/p>\n<\/td>\n<\/tr>\n<tr>\n<td style=\"width: 98.9418%\" colspan=\"4\" align=\"center\">\n<p align=\"center\">Avenida Federico Garc\u00eda Lorca S\/N &#8211; 18170 &#8211; Alfacar&nbsp; (Granada)<\/p>\n<\/td>\n<\/tr>\n<tr>\n<td style=\"width: 28.5714%\" colspan=\"2\" align=\"center\">Tel\u00e9fono: 958893962<\/td>\n<td style=\"width: 38.8889%\" align=\"center\">C\u00f3digo del centro: 18000738<\/td>\n<td style=\"width: 30.1587%\" align=\"center\">Correo electr\u00f3nico:<br \/>\n<a href=\"mailto:iesalfacar@gmail.com\">iesalfacar@gmail.com<\/a><\/td>\n<\/tr>\n<\/tbody>\n<\/table>\n<p>&nbsp;<\/p>\n<table id=\"table1\" border=\"1\" width=\"100%\">\n<tbody>\n<tr>\n<td align=\"center\" width=\"196\">Oferta educativa<\/td>\n<td align=\"center\" width=\"155\">ESO<\/td>\n<td align=\"center\">Horario lectivo<\/td>\n<td align=\"center\">8:15 &#8211; 14:45<\/td>\n<\/tr>\n<\/tbody>\n<\/table>\n<p style=\"text-align: center\">Actualizada el d\u00eda 20\/09\/2024<\/p>\n<table style=\"height: 474px\" width=\"673\">\n<tbody>\n<tr>\n<td><a href=\"https:\/\/blogsaverroes.juntadeandalucia.es\/iesalfakar\/files\/2020\/09\/43BEC38A-F0E5-4BE7-8072-6D6597285FFF-scaled.jpg\"><img loading=\"lazy\" decoding=\"async\" class=\"alignnone wp-image-4306 \" src=\"https:\/\/blogsaverroes.juntadeandalucia.es\/iesalfakar\/files\/2020\/09\/43BEC38A-F0E5-4BE7-8072-6D6597285FFF-300x300.jpg\" alt=\"\" width=\"269\" height=\"269\" srcset=\"https:\/\/blogsaverroes.juntadeandalucia.es\/iesalfakar\/files\/2020\/09\/43BEC38A-F0E5-4BE7-8072-6D6597285FFF-300x300.jpg 300w, https:\/\/blogsaverroes.juntadeandalucia.es\/iesalfakar\/files\/2020\/09\/43BEC38A-F0E5-4BE7-8072-6D6597285FFF-1024x1024.jpg 1024w, https:\/\/blogsaverroes.juntadeandalucia.es\/iesalfakar\/files\/2020\/09\/43BEC38A-F0E5-4BE7-8072-6D6597285FFF-150x150.jpg 150w, https:\/\/blogsaverroes.juntadeandalucia.es\/iesalfakar\/files\/2020\/09\/43BEC38A-F0E5-4BE7-8072-6D6597285FFF-768x768.jpg 768w, https:\/\/blogsaverroes.juntadeandalucia.es\/iesalfakar\/files\/2020\/09\/43BEC38A-F0E5-4BE7-8072-6D6597285FFF-100x100.jpg 100w, https:\/\/blogsaverroes.juntadeandalucia.es\/iesalfakar\/files\/2020\/09\/43BEC38A-F0E5-4BE7-8072-6D6597285FFF-1536x1536.jpg 1536w, https:\/\/blogsaverroes.juntadeandalucia.es\/iesalfakar\/files\/2020\/09\/43BEC38A-F0E5-4BE7-8072-6D6597285FFF-2048x2048.jpg 2048w, https:\/\/blogsaverroes.juntadeandalucia.es\/iesalfakar\/files\/2020\/09\/43BEC38A-F0E5-4BE7-8072-6D6597285FFF-80x80.jpg 80w, https:\/\/blogsaverroes.juntadeandalucia.es\/iesalfakar\/files\/2020\/09\/43BEC38A-F0E5-4BE7-8072-6D6597285FFF-320x320.jpg 320w, https:\/\/blogsaverroes.juntadeandalucia.es\/iesalfakar\/files\/2020\/09\/43BEC38A-F0E5-4BE7-8072-6D6597285FFF-24x24.jpg 24w, https:\/\/blogsaverroes.juntadeandalucia.es\/iesalfakar\/files\/2020\/09\/43BEC38A-F0E5-4BE7-8072-6D6597285FFF-36x36.jpg 36w, https:\/\/blogsaverroes.juntadeandalucia.es\/iesalfakar\/files\/2020\/09\/43BEC38A-F0E5-4BE7-8072-6D6597285FFF-48x48.jpg 48w, https:\/\/blogsaverroes.juntadeandalucia.es\/iesalfakar\/files\/2020\/09\/43BEC38A-F0E5-4BE7-8072-6D6597285FFF-scaled.jpg 1600w\" sizes=\"(max-width: 269px) 100vw, 269px\" \/><\/a><a href=\"http:\/\/blogsaverroes.juntadeandalucia.es\/iesalfakar\/files\/2016\/02\/DSCN0094.jpg\"><img loading=\"lazy\" decoding=\"async\" class=\"wp-image-2484 alignright\" src=\"http:\/\/blogsaverroes.juntadeandalucia.es\/iesalfakar\/files\/2016\/02\/DSCN0094-300x225.jpg\" alt=\"\" width=\"283\" height=\"212\" srcset=\"https:\/\/blogsaverroes.juntadeandalucia.es\/iesalfakar\/files\/2016\/02\/DSCN0094-300x225.jpg 300w, https:\/\/blogsaverroes.juntadeandalucia.es\/iesalfakar\/files\/2016\/02\/DSCN0094-1024x768.jpg 1024w, https:\/\/blogsaverroes.juntadeandalucia.es\/iesalfakar\/files\/2016\/02\/DSCN0094.jpg 1600w\" sizes=\"(max-width: 283px) 100vw, 283px\" \/><\/a><\/p>\n<p>&nbsp;<\/td>\n<\/tr>\n<tr>\n<td>&nbsp;<\/p>\n<p><a href=\"http:\/\/blogsaverroes.juntadeandalucia.es\/iesalfakar\/files\/2015\/03\/ies-al-fakar-9.jpg\"><img loading=\"lazy\" decoding=\"async\" class=\"wp-image-2314 alignright\" src=\"http:\/\/blogsaverroes.juntadeandalucia.es\/iesalfakar\/files\/2015\/03\/ies-al-fakar-9-300x225.jpg\" alt=\"\" width=\"281\" height=\"211\" srcset=\"https:\/\/blogsaverroes.juntadeandalucia.es\/iesalfakar\/files\/2015\/03\/ies-al-fakar-9-300x225.jpg 300w, https:\/\/blogsaverroes.juntadeandalucia.es\/iesalfakar\/files\/2015\/03\/ies-al-fakar-9.jpg 800w\" sizes=\"(max-width: 281px) 100vw, 281px\" \/><\/a><a href=\"https:\/\/blogsaverroes.juntadeandalucia.es\/iesalfakar\/files\/2020\/09\/20200915_080606-scaled.jpg\"><img loading=\"lazy\" decoding=\"async\" class=\"wp-image-4305 size-medium aligncenter\" src=\"https:\/\/blogsaverroes.juntadeandalucia.es\/iesalfakar\/files\/2020\/09\/20200915_080606-225x300.jpg\" alt=\"\" width=\"225\" height=\"300\" srcset=\"https:\/\/blogsaverroes.juntadeandalucia.es\/iesalfakar\/files\/2020\/09\/20200915_080606-225x300.jpg 225w, https:\/\/blogsaverroes.juntadeandalucia.es\/iesalfakar\/files\/2020\/09\/20200915_080606-768x1024.jpg 768w, https:\/\/blogsaverroes.juntadeandalucia.es\/iesalfakar\/files\/2020\/09\/20200915_080606-1152x1536.jpg 1152w, https:\/\/blogsaverroes.juntadeandalucia.es\/iesalfakar\/files\/2020\/09\/20200915_080606-1536x2048.jpg 1536w, https:\/\/blogsaverroes.juntadeandalucia.es\/iesalfakar\/files\/2020\/09\/20200915_080606-18x24.jpg 18w, https:\/\/blogsaverroes.juntadeandalucia.es\/iesalfakar\/files\/2020\/09\/20200915_080606-27x36.jpg 27w, https:\/\/blogsaverroes.juntadeandalucia.es\/iesalfakar\/files\/2020\/09\/20200915_080606-36x48.jpg 36w, https:\/\/blogsaverroes.juntadeandalucia.es\/iesalfakar\/files\/2020\/09\/20200915_080606-scaled.jpg 1200w\" sizes=\"(max-width: 225px) 100vw, 225px\" \/><\/a><\/p>\n<p>&nbsp;<\/p>\n<p>&nbsp;<\/p>\n<p>&nbsp;<\/p>\n<p>&nbsp;<\/td>\n<\/tr>\n<\/tbody>\n<\/table>\n<p><a href=\"http:\/\/blogsaverroes.juntadeandalucia.es\/iesalfakar\/files\/2016\/02\/DSCN0062.jpg\"><img loading=\"lazy\" decoding=\"async\" class=\"wp-image-2485 aligncenter\" src=\"http:\/\/blogsaverroes.juntadeandalucia.es\/iesalfakar\/files\/2016\/02\/DSCN0062-300x225.jpg\" alt=\"\" width=\"269\" height=\"202\" srcset=\"https:\/\/blogsaverroes.juntadeandalucia.es\/iesalfakar\/files\/2016\/02\/DSCN0062-300x225.jpg 300w, https:\/\/blogsaverroes.juntadeandalucia.es\/iesalfakar\/files\/2016\/02\/DSCN0062-1024x768.jpg 1024w, https:\/\/blogsaverroes.juntadeandalucia.es\/iesalfakar\/files\/2016\/02\/DSCN0062.jpg 1600w\" sizes=\"(max-width: 269px) 100vw, 269px\" \/><\/a><\/p>\n<p>&nbsp;<\/p>\n<p>&nbsp;<\/p>\n<p>&nbsp;<\/p>\n","protected":false},"excerpt":{"rendered":"<p>&nbsp; &nbsp; INSTITUTO DE EDUCACI\u00d3N SECUNDARIA&nbsp;OBLIGATORIA&nbsp;\u00abAL-FAKAR\u00bb Avenida Federico Garc\u00eda Lorca S\/N &#8211; 18170 &#8211; Alfacar&nbsp; (Granada) Tel\u00e9fono: 958893962 C\u00f3digo del centro: 18000738 Correo electr\u00f3nico: iesalfacar@gmail.com &nbsp; Oferta educativa ESO Horario lectivo 8:15 &#8211; 14:45&#46;&#46;&#46;<\/p>\n","protected":false},"author":1,"featured_media":0,"parent":0,"menu_order":0,"comment_status":"open","ping_status":"open","template":"","meta":{"_exactmetrics_skip_tracking":false,"_exactmetrics_sitenote_active":false,"_exactmetrics_sitenote_note":"","_exactmetrics_sitenote_category":0,"ngg_post_thumbnail":0,"footnotes":"","_mc_calendar":[]},"aioseo_notices":[],"_links":{"self":[{"href":"https:\/\/blogsaverroes.juntadeandalucia.es\/iesalfakar\/wp-json\/wp\/v2\/pages\/35"}],"collection":[{"href":"https:\/\/blogsaverroes.juntadeandalucia.es\/iesalfakar\/wp-json\/wp\/v2\/pages"}],"about":[{"href":"https:\/\/blogsaverroes.juntadeandalucia.es\/iesalfakar\/wp-json\/wp\/v2\/types\/page"}],"author":[{"embeddable":true,"href":"https:\/\/blogsaverroes.juntadeandalucia.es\/iesalfakar\/wp-json\/wp\/v2\/users\/1"}],"replies":[{"embeddable":true,"href":"https:\/\/blogsaverroes.juntadeandalucia.es\/iesalfakar\/wp-json\/wp\/v2\/comments?post=35"}],"version-history":[{"count":34,"href":"https:\/\/blogsaverroes.juntadeandalucia.es\/iesalfakar\/wp-json\/wp\/v2\/pages\/35\/revisions"}],"predecessor-version":[{"id":7598,"href":"https:\/\/blogsaverroes.juntadeandalucia.es\/iesalfakar\/wp-json\/wp\/v2\/pages\/35\/revisions\/7598"}],"wp:attachment":[{"href":"https:\/\/blogsaverroes.juntadeandalucia.es\/iesalfakar\/wp-json\/wp\/v2\/media?parent=35"}],"curies":[{"name":"wp","href":"https:\/\/api.w.org\/{rel}","templated":true}]}}