{"id":44,"date":"2015-03-13T08:42:15","date_gmt":"2015-03-13T08:42:15","guid":{"rendered":"http:\/\/blogsaverroes.juntadeandalucia.es\/pre\/ceip\/?page_id=44"},"modified":"2026-01-06T13:06:44","modified_gmt":"2026-01-06T12:06:44","slug":"planes-y-proyectos","status":"publish","type":"page","link":"https:\/\/blogsaverroes.juntadeandalucia.es\/iesalfakar\/planes-y-proyectos\/","title":{"rendered":"Planes y Programas"},"content":{"rendered":"<p>&nbsp;<\/p>\n<p><span style=\"font-family: Arial Narrow\">Algunos de los <b>planes y proyectos actuales<\/b> de nuestro Centro promovidos por la Consejer\u00eda de Educaci\u00f3n&nbsp;son:<\/span><\/p>\n<p align=\"center\"><b><i><span style=\"color: #003366;font-family: Arial Narrow\">&nbsp;TDE(Transformaci\u00f3n Digital Educativa) &#8211; Biling\u00fcismo<\/span><\/i><\/b><span style=\"color: #003366\"> &#8211;<b><i><span style=\"font-family: Arial Narrow\">&nbsp;<\/span><\/i><\/b><\/span><\/p>\n<p align=\"center\"><span style=\"color: #003366\">&#8211; <\/span><b><i><span style=\"color: #003366;font-family: Arial Narrow\">&nbsp;Plan de Salud Laboral<\/span><\/i><\/b><\/p>\n<p align=\"center\"><b><i><span style=\"color: #003366;font-family: Arial Narrow\">-Biblioteca Escolar&nbsp;<\/span><\/i><\/b><span style=\"color: #003366\"> &#8211;<\/span><b><i><span style=\"color: #003366;font-family: Arial Narrow\"> Red Andaluza \u00abEscuela Espacio de Paz\u00bb &#8211; Plan de igualdad &#8211; Erasmus+<\/span><\/i><\/b><\/p>\n<p align=\"center\">&nbsp;<span style=\"font-family: Arial Narrow\">Actualizado el d\u00eda 7\/1\/2026<\/span><\/p>\n<p>&nbsp;<\/p>\n<p>&nbsp;<\/p>\n","protected":false},"excerpt":{"rendered":"<p>&nbsp; Algunos de los planes y proyectos actuales de nuestro Centro promovidos por la Consejer\u00eda de Educaci\u00f3n&nbsp;son: &nbsp;TDE(Transformaci\u00f3n Digital Educativa) &#8211; Biling\u00fcismo &#8211;&nbsp; &#8211; &nbsp;Plan de Salud Laboral -Biblioteca Escolar&nbsp; &#8211; Red Andaluza \u00abEscuela&#46;&#46;&#46;<\/p>\n","protected":false},"author":1,"featured_media":0,"parent":0,"menu_order":0,"comment_status":"open","ping_status":"closed","template":"page-templates\/child-menu.php","meta":{"_exactmetrics_skip_tracking":false,"_exactmetrics_sitenote_active":false,"_exactmetrics_sitenote_note":"","_exactmetrics_sitenote_category":0,"ngg_post_thumbnail":0,"footnotes":"","_mc_calendar":[]},"aioseo_notices":[],"_links":{"self":[{"href":"https:\/\/blogsaverroes.juntadeandalucia.es\/iesalfakar\/wp-json\/wp\/v2\/pages\/44"}],"collection":[{"href":"https:\/\/blogsaverroes.juntadeandalucia.es\/iesalfakar\/wp-json\/wp\/v2\/pages"}],"about":[{"href":"https:\/\/blogsaverroes.juntadeandalucia.es\/iesalfakar\/wp-json\/wp\/v2\/types\/page"}],"author":[{"embeddable":true,"href":"https:\/\/blogsaverroes.juntadeandalucia.es\/iesalfakar\/wp-json\/wp\/v2\/users\/1"}],"replies":[{"embeddable":true,"href":"https:\/\/blogsaverroes.juntadeandalucia.es\/iesalfakar\/wp-json\/wp\/v2\/comments?post=44"}],"version-history":[{"count":16,"href":"https:\/\/blogsaverroes.juntadeandalucia.es\/iesalfakar\/wp-json\/wp\/v2\/pages\/44\/revisions"}],"predecessor-version":[{"id":8417,"href":"https:\/\/blogsaverroes.juntadeandalucia.es\/iesalfakar\/wp-json\/wp\/v2\/pages\/44\/revisions\/8417"}],"wp:attachment":[{"href":"https:\/\/blogsaverroes.juntadeandalucia.es\/iesalfakar\/wp-json\/wp\/v2\/media?parent=44"}],"curies":[{"name":"wp","href":"https:\/\/api.w.org\/{rel}","templated":true}]}}

<p>&nbsp;</p>
<p><span style="font-family: Arial Narrow">Algunos de los <b>planes y proyectos actuales</b> de nuestro Centro promovidos por la Consejería de Educación&nbsp;son:</span></p>
<p align="center"><b><i><span style="color: #003366;font-family: Arial Narrow">&nbsp;TDE(Transformación Digital Educativa) &#8211; Bilingüismo</span></i></b><span style="color: #003366"> &#8211;<b><i><span style="font-family: Arial Narrow">&nbsp;</span></i></b></span></p>
<p align="center"><span style="color: #003366">&#8211; </span><b><i><span style="color: #003366;font-family: Arial Narrow">&nbsp;Plan de Salud Laboral</span></i></b></p>
<p align="center"><b><i><span style="color: #003366;font-family: Arial Narrow">-Biblioteca Escolar&nbsp;</span></i></b><span style="color: #003366"> &#8211;</span><b><i><span style="color: #003366;font-family: Arial Narrow"> Red Andaluza «Escuela Espacio de Paz» &#8211; Plan de igualdad &#8211; Erasmus+</span></i></b></p>
<p align="center">&nbsp;<span style="font-family: Arial Narrow">Actualizado el día 7/1/2026</span></p>
<p>&nbsp;</p>
<p>&nbsp;</p>

<p>&nbsp; Algunos de los planes y proyectos actuales de nuestro Centro promovidos por la Consejería de Educación&nbsp;son: &nbsp;TDE(Transformación Digital Educativa) &#8211; Bilingüismo &#8211;&nbsp; &#8211; &nbsp;Plan de Salud Laboral -Biblioteca Escolar&nbsp; &#8211; Red Andaluza «Escuela&#46;&#46;&#46;</p>
