{"id":12930,"date":"2022-09-26T12:42:07","date_gmt":"2022-09-26T12:42:07","guid":{"rendered":"https:\/\/blogsaverroes.juntadeandalucia.es\/iesalfonsoxi\/?page_id=12930"},"modified":"2023-10-01T09:04:55","modified_gmt":"2023-10-01T09:04:55","slug":"proyecto-o-live-train-for-europe","status":"publish","type":"page","link":"https:\/\/blogsaverroes.juntadeandalucia.es\/iesalfonsoxi\/proyecto-o-live-train-for-europe\/","title":{"rendered":"Proyecto: O-LIVE TRAIN TO EUROPE"},"content":{"rendered":"<hr>\n<p style=\"text-align: center\">Proyecto de <span style=\"color: #993366\"><strong>Movilidad<\/strong><\/span> Erasmus + \u201cO-LIVE TRAIN TO EUROPE\u201d<\/p>\n<p>Os presentamos el Proyecto de Movilidad Erasmus + \u201cO-LIVE TRAIN TO EUROPE\u201d.<\/p>\n<p>Este proyecto se encuentra enmarcado dentro del programa europeo <a href=\"https:\/\/erasmus-plus.ec.europa.eu\/es\/about-erasmus\/what-is-erasmus\"><strong><span style=\"color: #993366\">ERASMUS+<\/span><\/strong><\/a> para la educaci\u00f3n y la formaci\u00f3n, la juventud y el deporte. Nuestro centro forma parte del este Consorcio Erasmus+ junto con 8 centros m\u00e1s de la zona centro de Andaluc\u00eda.<\/p>\n<p>El d\u00eda 22 de septiembre, se llev\u00f3 a cabo la primera reuni\u00f3n del CONSORCIO \u201cO-LIVE TRAIN TO EUROPE \u201c en el IES Felipe Solis (Cabra).<\/p>\n<p>En dicha reuni\u00f3n se establecieron las bases sobre las que trabajar en el presente curso escolar y, en especial, las movilidades por Europa del alumnado de Grado Medio de estos centros educativos a destinos como Portugal, Italia, Bulgaria o Alemania.<\/p>\n<p>&nbsp;<\/p>\n<p>&nbsp;<\/p>\n<p><a href=\"https:\/\/blogsaverroes.juntadeandalucia.es\/iesalfonsoxi\/files\/2022\/09\/consorcio.png\"><img fetchpriority=\"high\" decoding=\"async\" class=\"aligncenter size-full wp-image-12933\" src=\"https:\/\/blogsaverroes.juntadeandalucia.es\/iesalfonsoxi\/files\/2022\/09\/consorcio.png\" alt=\"\" width=\"384\" height=\"288\" srcset=\"https:\/\/blogsaverroes.juntadeandalucia.es\/iesalfonsoxi\/files\/2022\/09\/consorcio.png 384w, https:\/\/blogsaverroes.juntadeandalucia.es\/iesalfonsoxi\/files\/2022\/09\/consorcio-300x225.png 300w\" sizes=\"(max-width: 384px) 100vw, 384px\" \/><\/a><\/p>\n<hr>\n<h2 style=\"text-align: center\"><strong><span style=\"color: #ff0000\"><span style=\"color: #000000\">SOLICITUD<\/span> \u00a1\u00a1\u00a1\u00a1ERASMUS+ FCT!!!!<\/span><\/strong><\/h2>\n<p>Desde el d\u00eda 1 hasta el 21 de octubre estar\u00e1 abierto el plazo de solicitud de participaci\u00f3n en el proyecto Erasmus Olive Train to Europe en la modalidad de estancias de larga duraci\u00f3n (90 d\u00edas) para realizar la FCT en pa\u00edses de la uni\u00f3n europea. Esperamos vuestra participaci\u00f3n\u00bb<\/p>\n<ul>\n<li style=\"text-align: left\"><a href=\"https:\/\/drive.google.com\/file\/d\/1l7mwPM2Rze1Q-uDDNnxwwIj4Twr4FWru\/view?usp=sharing\">Bases para \u00abOlive Train to Europe FCT\u00bb.<\/a><\/li>\n<li style=\"text-align: left\"><a href=\"https:\/\/drive.google.com\/file\/d\/1tYBshjNBshVw5-EH2TUcqhMuB9gi2LFv\/view?usp=sharing\">Formulario de Inscripci\u00f3n.<\/a><\/li>\n<\/ul>\n<hr>\n<h2>LISTADO PROVISIONAL DE ADMITIDOS AL PROYECTO <span style=\"color: #ff0000\">ERASMUS+ FP<\/span><\/h2>\n<p style=\"text-align: justify\">Siguiendo las bases establecidas en el proyecto Erasmus+ Olive Train to Europe, la comisi\u00f3n de selecci\u00f3n ha procedido a baremar las solicitudes del alumnado interesado en desarrollar la Formaci\u00f3n en Centros de Trabajo en el extranjero, emitiendo el siguiente listado provisional de admitidos de nuestro centro en el orden que se detalla.<br \/>\nA continuaci\u00f3n el consorcio pasar\u00e1 a analizar las solicitudes y realizar\u00e1 una propuesta de reparto de plazas para cada centro, que deber\u00e1 ser ratificada por todos, pasando posteriormente a publicar el listado definitivo de admitidos a partir del 11 de noviembre.<\/p>\n<p style=\"text-align: justify\">Para la baremaci\u00f3n se han tenido en cuenta las calificaciones del primer curso, una valoraci\u00f3n del equipo docente sobre la motivaci\u00f3n, el inter\u00e9s, la formalidad, la madurez y el comportamiento del alumnado, un informe del departamento de orientaci\u00f3n y un informe del departamento de ingl\u00e9s para los destinos que requieran del conocimiento de este idioma.<\/p>\n<p align=\"center\"><u><b>Listado provisional ordenado del alumnado admitido en el proyecto Erasmus+ Olive Train to Europe:<\/b><\/u><\/p>\n<p align=\"center\"><img decoding=\"async\" src=\"https:\/\/blogsaverroes.juntadeandalucia.es\/iesalfonsoxi\/files\/2022\/11\/tabla.png\" alt=\"https:\/\/blogsaverroes.juntadeandalucia.es\/iesalfonsoxi\/files\/2022\/11\/tabla.png\"><\/p>\n<p style=\"text-align: left\" align=\"center\">Queremos compartir con vosotros la estupenda experiencia de nuestros alumnos en el proyecto <strong><span style=\"color: #993366\">Erasmus +FP 22 23<\/span><\/strong>, durante el tercer trimestre del curso pasado para ello compartimos con vosotros el Genially que prepararon los participantes..\u00a1disfrutadlo!<\/p>\n<div style=\"width: 100%\">\n<div style=\"padding-bottom: 56.25%;padding-top: 0;height: 0\"><iframe src=\"https:\/\/view.genial.ly\/641c56248cf2f700183588c9\" width=\"1200\" height=\"675\" frameborder=\"0\" scrolling=\"yes\"><\/iframe><\/div>\n<\/div>\n","protected":false},"excerpt":{"rendered":"<p>Proyecto de Movilidad Erasmus + \u201cO-LIVE TRAIN TO EUROPE\u201d Os presentamos el Proyecto de Movilidad Erasmus + \u201cO-LIVE TRAIN TO EUROPE\u201d. Este proyecto se encuentra enmarcado dentro del programa europeo ERASMUS+ para la educaci\u00f3n y la formaci\u00f3n, la juventud y el deporte. Nuestro centro forma parte del este Consorcio Erasmus+ junto con 8 centros m\u00e1s &hellip; <\/p>\n<p><a class=\"more-link btn\" href=\"https:\/\/blogsaverroes.juntadeandalucia.es\/iesalfonsoxi\/proyecto-o-live-train-for-europe\/\">Seguir leyendo<\/a><\/p>\n","protected":false},"author":6379,"featured_media":12931,"parent":0,"menu_order":0,"comment_status":"closed","ping_status":"closed","template":"","meta":{"ngg_post_thumbnail":0,"footnotes":"","_mc_calendar":[]},"aioseo_notices":[],"_links":{"self":[{"href":"https:\/\/blogsaverroes.juntadeandalucia.es\/iesalfonsoxi\/wp-json\/wp\/v2\/pages\/12930"}],"collection":[{"href":"https:\/\/blogsaverroes.juntadeandalucia.es\/iesalfonsoxi\/wp-json\/wp\/v2\/pages"}],"about":[{"href":"https:\/\/blogsaverroes.juntadeandalucia.es\/iesalfonsoxi\/wp-json\/wp\/v2\/types\/page"}],"author":[{"embeddable":true,"href":"https:\/\/blogsaverroes.juntadeandalucia.es\/iesalfonsoxi\/wp-json\/wp\/v2\/users\/6379"}],"replies":[{"embeddable":true,"href":"https:\/\/blogsaverroes.juntadeandalucia.es\/iesalfonsoxi\/wp-json\/wp\/v2\/comments?post=12930"}],"version-history":[{"count":9,"href":"https:\/\/blogsaverroes.juntadeandalucia.es\/iesalfonsoxi\/wp-json\/wp\/v2\/pages\/12930\/revisions"}],"predecessor-version":[{"id":14423,"href":"https:\/\/blogsaverroes.juntadeandalucia.es\/iesalfonsoxi\/wp-json\/wp\/v2\/pages\/12930\/revisions\/14423"}],"wp:featuredmedia":[{"embeddable":true,"href":"https:\/\/blogsaverroes.juntadeandalucia.es\/iesalfonsoxi\/wp-json\/wp\/v2\/media\/12931"}],"wp:attachment":[{"href":"https:\/\/blogsaverroes.juntadeandalucia.es\/iesalfonsoxi\/wp-json\/wp\/v2\/media?parent=12930"}],"curies":[{"name":"wp","href":"https:\/\/api.w.org\/{rel}","templated":true}]}}