{"id":170,"date":"0201-09-17T07:55:32","date_gmt":"0201-09-17T07:55:32","guid":{"rendered":"http:\/\/blogsaverroes.juntadeandalucia.es\/pre\/ceip\/?page_id=170"},"modified":"2025-12-15T12:49:24","modified_gmt":"2025-12-15T12:49:24","slug":"biologia-y-geologia-2","status":"publish","type":"page","link":"https:\/\/blogsaverroes.juntadeandalucia.es\/iesalfonsoxi\/biologia-y-geologia-2\/","title":{"rendered":"Biolog\u00eda y Geolog\u00eda"},"content":{"rendered":"<p>&nbsp;<\/p>\n<p>&nbsp;<\/p>\n<table class=\" aligncenter\" style=\"height: 518px;width: 89.4717%\">\n<tbody>\n<tr style=\"height: 65px\">\n<td style=\"width: 46.0317%;height: 65px\" colspan=\"2\">&nbsp;<\/td>\n<td style=\"width: 37.3016%;height: 65px\" colspan=\"2\" bgcolor=\"#E3CEF6\">\n<h6 style=\"text-align: center\"><strong><span style=\"color: #993366\">&nbsp;Puesto o Especialidad<\/span><\/strong><\/h6>\n<\/td>\n<\/tr>\n<tr style=\"height: 81px\">\n<td style=\"width: 13.4921%;height: 81px\" bgcolor=\"#E3CEF6\">\n<h6><span style=\"color: #993366\"><strong>Jefatura de departamento<\/strong><\/span><\/h6>\n<\/td>\n<td style=\"width: 32.5397%;height: 81px\"><strong><span style=\"color: #993366\">&nbsp;L\u00f3pez Garrido, \u00c1lvaro&nbsp;<\/span><\/strong><\/td>\n<td style=\"width: 15.2381%;height: 81px\"><a href=\"https:\/\/blogsaverroes.juntadeandalucia.es\/iesalfonsoxi\/files\/2019\/01\/\u00c1LVARO-L\u00d3PEZ.jpg\"><img decoding=\"async\" class=\"wp-image-2973 aligncenter\" src=\"https:\/\/blogsaverroes.juntadeandalucia.es\/iesalfonsoxi\/files\/2019\/01\/\u00c1LVARO-L\u00d3PEZ-240x300.jpg\" alt=\"\" width=\"87\" height=\"109\" srcset=\"https:\/\/blogsaverroes.juntadeandalucia.es\/iesalfonsoxi\/files\/2019\/01\/\u00c1LVARO-L\u00d3PEZ-240x300.jpg 240w, https:\/\/blogsaverroes.juntadeandalucia.es\/iesalfonsoxi\/files\/2019\/01\/\u00c1LVARO-L\u00d3PEZ-19x24.jpg 19w, https:\/\/blogsaverroes.juntadeandalucia.es\/iesalfonsoxi\/files\/2019\/01\/\u00c1LVARO-L\u00d3PEZ-29x36.jpg 29w, https:\/\/blogsaverroes.juntadeandalucia.es\/iesalfonsoxi\/files\/2019\/01\/\u00c1LVARO-L\u00d3PEZ-38x48.jpg 38w, https:\/\/blogsaverroes.juntadeandalucia.es\/iesalfonsoxi\/files\/2019\/01\/\u00c1LVARO-L\u00d3PEZ.jpg 315w\" sizes=\"(max-width: 87px) 100vw, 87px\" \/><\/a><\/td>\n<td style=\"width: 22.0635%;height: 81px\"><strong><span style=\"color: #993366\">Biolog\u00eda y Geolog\u00eda P.E.S<\/span><\/strong><\/td>\n<\/tr>\n<tr style=\"height: 74px\">\n<td style=\"width: 13.4921%;height: 205px\" rowspan=\"2\" bgcolor=\"#E3CEF6\">\n<h6><span style=\"color: #993366\"><strong>Componentes<\/strong><\/span><\/h6>\n<\/td>\n<td style=\"width: 32.5397%;height: 74px\"><strong><span style=\"color: #993366\">&nbsp;Fortis D\u00edaz, Pedro Javier<\/span><\/strong><\/td>\n<td style=\"width: 15.2381%;height: 74px\"><a href=\"https:\/\/blogsaverroes.juntadeandalucia.es\/iesalfonsoxi\/files\/2019\/01\/JAVIER-FORTIS-1-e1538908409562.jpg\"><img decoding=\"async\" class=\"wp-image-2976 aligncenter\" src=\"https:\/\/blogsaverroes.juntadeandalucia.es\/iesalfonsoxi\/files\/2019\/01\/JAVIER-FORTIS-1-e1538908409562-200x300.jpg\" alt=\"\" width=\"82\" height=\"123\" srcset=\"https:\/\/blogsaverroes.juntadeandalucia.es\/iesalfonsoxi\/files\/2019\/01\/JAVIER-FORTIS-1-e1538908409562-200x300.jpg 200w, https:\/\/blogsaverroes.juntadeandalucia.es\/iesalfonsoxi\/files\/2019\/01\/JAVIER-FORTIS-1-e1538908409562-768x1152.jpg 768w, https:\/\/blogsaverroes.juntadeandalucia.es\/iesalfonsoxi\/files\/2019\/01\/JAVIER-FORTIS-1-e1538908409562-683x1024.jpg 683w, https:\/\/blogsaverroes.juntadeandalucia.es\/iesalfonsoxi\/files\/2019\/01\/JAVIER-FORTIS-1-e1538908409562-16x24.jpg 16w, https:\/\/blogsaverroes.juntadeandalucia.es\/iesalfonsoxi\/files\/2019\/01\/JAVIER-FORTIS-1-e1538908409562-24x36.jpg 24w, https:\/\/blogsaverroes.juntadeandalucia.es\/iesalfonsoxi\/files\/2019\/01\/JAVIER-FORTIS-1-e1538908409562-32x48.jpg 32w, https:\/\/blogsaverroes.juntadeandalucia.es\/iesalfonsoxi\/files\/2019\/01\/JAVIER-FORTIS-1-e1538908409562.jpg 1067w\" sizes=\"(max-width: 82px) 100vw, 82px\" \/><\/a><\/td>\n<td style=\"width: 22.0635%;height: 74px\"><strong><span style=\"color: #993366\">Biolog\u00eda y Geolog\u00eda P.E.S<\/span><\/strong><\/td>\n<\/tr>\n<tr style=\"height: 62px\">\n<td style=\"width: 32.5397%;height: 62px\"><strong><span style=\"color: #993366\">&nbsp;Sousa Molina, Diego<\/span><\/strong><\/td>\n<td style=\"width: 15.2381%;height: 62px\"><a href=\"https:\/\/blogsaverroes.juntadeandalucia.es\/iesalfonsoxi\/files\/2019\/01\/DIEGO-SOUSA-.jpg\"><img decoding=\"async\" class=\"wp-image-2975 aligncenter\" src=\"https:\/\/blogsaverroes.juntadeandalucia.es\/iesalfonsoxi\/files\/2019\/01\/DIEGO-SOUSA--240x300.jpg\" alt=\"\" width=\"100\" height=\"126\" srcset=\"https:\/\/blogsaverroes.juntadeandalucia.es\/iesalfonsoxi\/files\/2019\/01\/DIEGO-SOUSA--240x300.jpg 240w, https:\/\/blogsaverroes.juntadeandalucia.es\/iesalfonsoxi\/files\/2019\/01\/DIEGO-SOUSA--19x24.jpg 19w, https:\/\/blogsaverroes.juntadeandalucia.es\/iesalfonsoxi\/files\/2019\/01\/DIEGO-SOUSA--29x36.jpg 29w, https:\/\/blogsaverroes.juntadeandalucia.es\/iesalfonsoxi\/files\/2019\/01\/DIEGO-SOUSA--38x48.jpg 38w, https:\/\/blogsaverroes.juntadeandalucia.es\/iesalfonsoxi\/files\/2019\/01\/DIEGO-SOUSA-.jpg 315w\" sizes=\"(max-width: 100px) 100vw, 100px\" \/><\/a><\/td>\n<td style=\"width: 22.0635%;height: 62px\"><strong><span style=\"color: #993366\">Biolog\u00eda y Geolog\u00eda P.E.S<\/span><\/strong><\/td>\n<\/tr>\n<\/tbody>\n<\/table>\n<p>&nbsp;<\/p>\n<p>&nbsp;<\/p>\n<p><strong>Programaciones del Departamento (curso 2025-26):<\/strong><\/p>\n<p><a href=\"https:\/\/blogsaverroes.juntadeandalucia.es\/iesalfonsoxi\/files\/2025\/12\/PROGRAMACION-Dpto-ByG-25-26.pdf\">PROGRAMACI\u00d3N Dpto ByG 25-26<\/a><\/p>\n<p><img loading=\"lazy\" decoding=\"async\" class=\"aligncenter\" src=\"https:\/\/blogsaverroes.juntadeandalucia.es\/iessalvadorserrano\/files\/2015\/03\/biologia-300x169.jpg\" alt=\"biologia\" width=\"252\" height=\"142\"><\/p>\n<p style=\"text-align: justify\">La asignatura de Biolog\u00eda y Geolog\u00eda debe contribuir durante la Educaci\u00f3n Secundaria Obligatoria (ESO) a que el alumnado adquiera unos conocimientos y destrezas b\u00e1sicas que le permitan adquirir una cultura cient\u00edfica; los alumnos y alumnas debe identificarse como agentes activos, y reconocer que de sus actuaciones y conocimientos depender\u00e1 el desarrollo de su entorno.<\/p>\n<p style=\"text-align: justify\">Durante esta etapa se persigue asentar los conocimientos ya adquiridos, para ir construyendo curso a curso conocimientos y destrezas que permitan a alumnos y alumnas ser ciudadanos respetuosos consigo mismos, con los dem\u00e1s y con el medio, con el material que utilizan o que est\u00e1 a su disposici\u00f3n, responsables, capaces de tener criterios propios y de no perder el inter\u00e9s que tienen desde el comienzo de su temprana actividad escolar por no dejar de aprender.<\/p>\n<p style=\"text-align: justify\">En el Bachillerato, la materia de Biolog\u00eda y Geolog\u00eda profundiza en los conocimientos adquiridos en la ESO, analizando con mayor detalle la organizaci\u00f3n de los seres vivos, su biodiversidad, su distribuci\u00f3n y los factores que en ella influyen, as\u00ed como el comportamiento de la Tierra como un planeta en continua actividad.<\/p>\n","protected":false},"excerpt":{"rendered":"<p>&nbsp; &nbsp; &nbsp; &nbsp;Puesto o Especialidad Jefatura de departamento &nbsp;L\u00f3pez Garrido, \u00c1lvaro&nbsp; Biolog\u00eda y Geolog\u00eda P.E.S Componentes &nbsp;Fortis D\u00edaz, Pedro Javier Biolog\u00eda y Geolog\u00eda P.E.S &nbsp;Sousa Molina, Diego Biolog\u00eda y Geolog\u00eda P.E.S &nbsp; &nbsp; Programaciones del Departamento (curso 2025-26): PROGRAMACI\u00d3N Dpto ByG 25-26 La asignatura de Biolog\u00eda y Geolog\u00eda debe contribuir durante la Educaci\u00f3n Secundaria &hellip; <\/p>\n<p><a class=\"more-link btn\" href=\"https:\/\/blogsaverroes.juntadeandalucia.es\/iesalfonsoxi\/biologia-y-geologia-2\/\">Seguir leyendo<\/a><\/p>\n","protected":false},"author":1,"featured_media":0,"parent":0,"menu_order":0,"comment_status":"closed","ping_status":"open","template":"","meta":{"ngg_post_thumbnail":0,"footnotes":"","_mc_calendar":[]},"aioseo_notices":[],"_links":{"self":[{"href":"https:\/\/blogsaverroes.juntadeandalucia.es\/iesalfonsoxi\/wp-json\/wp\/v2\/pages\/170"}],"collection":[{"href":"https:\/\/blogsaverroes.juntadeandalucia.es\/iesalfonsoxi\/wp-json\/wp\/v2\/pages"}],"about":[{"href":"https:\/\/blogsaverroes.juntadeandalucia.es\/iesalfonsoxi\/wp-json\/wp\/v2\/types\/page"}],"author":[{"embeddable":true,"href":"https:\/\/blogsaverroes.juntadeandalucia.es\/iesalfonsoxi\/wp-json\/wp\/v2\/users\/1"}],"replies":[{"embeddable":true,"href":"https:\/\/blogsaverroes.juntadeandalucia.es\/iesalfonsoxi\/wp-json\/wp\/v2\/comments?post=170"}],"version-history":[{"count":51,"href":"https:\/\/blogsaverroes.juntadeandalucia.es\/iesalfonsoxi\/wp-json\/wp\/v2\/pages\/170\/revisions"}],"predecessor-version":[{"id":17742,"href":"https:\/\/blogsaverroes.juntadeandalucia.es\/iesalfonsoxi\/wp-json\/wp\/v2\/pages\/170\/revisions\/17742"}],"wp:attachment":[{"href":"https:\/\/blogsaverroes.juntadeandalucia.es\/iesalfonsoxi\/wp-json\/wp\/v2\/media?parent=170"}],"curies":[{"name":"wp","href":"https:\/\/api.w.org\/{rel}","templated":true}]}}