{"id":178,"date":"2015-03-17T07:56:43","date_gmt":"2015-03-17T07:56:43","guid":{"rendered":"http:\/\/blogsaverroes.juntadeandalucia.es\/pre\/ceip\/?page_id=178"},"modified":"2025-12-15T12:43:08","modified_gmt":"2025-12-15T12:43:08","slug":"musica","status":"publish","type":"page","link":"https:\/\/blogsaverroes.juntadeandalucia.es\/iesalfonsoxi\/musica\/","title":{"rendered":"M\u00fasica"},"content":{"rendered":"<p>&nbsp;<\/p>\n<table class=\" alignleft\" style=\"height: 75px\" width=\"651\">\n<tbody>\n<tr>\n<td style=\"width: 441.818px\" colspan=\"2\">&nbsp;<\/td>\n<td style=\"width: 181.818px\" bgcolor=\"#E3CEF6\">\n<h6 style=\"text-align: center\"><span style=\"color: #993366\">Puesto o Especialidad<\/span><\/h6>\n<\/td>\n<\/tr>\n<tr>\n<td style=\"width: 210px\" bgcolor=\"#E3CEF6\">\n<h6><span style=\"color: #993366\"><strong>Jefatura de departamento<\/strong><\/span><\/h6>\n<\/td>\n<td style=\"width: 210.909px;text-align: center\"><strong><span style=\"color: #993366\">Serrano Yepes, Raquel<\/span><\/strong><\/td>\n<td style=\"width: 181.818px;text-align: center\"><strong><span style=\"color: #993366\">M\u00fasica P.E.S.<\/span><\/strong><\/td>\n<\/tr>\n<\/tbody>\n<\/table>\n<p>&nbsp;<\/p>\n<p>&nbsp;<\/p>\n<p>&nbsp;<\/p>\n<p>&nbsp;<\/p>\n<p><a href=\"http:\/\/blogsaverroes.juntadeandalucia.es\/temafrontieries\/files\/2015\/03\/musica.jpg\"><img fetchpriority=\"high\" decoding=\"async\" class=\"aligncenter size-medium wp-image-2143\" src=\"http:\/\/blogsaverroes.juntadeandalucia.es\/temafrontieries\/files\/2015\/03\/musica-300x300.jpg\" alt=\"musica\" width=\"300\" height=\"300\" srcset=\"https:\/\/blogsaverroes.juntadeandalucia.es\/iesalfonsoxi\/files\/2015\/03\/musica-300x300.jpg 300w, https:\/\/blogsaverroes.juntadeandalucia.es\/iesalfonsoxi\/files\/2015\/03\/musica-150x150.jpg 150w, https:\/\/blogsaverroes.juntadeandalucia.es\/iesalfonsoxi\/files\/2015\/03\/musica-160x160.jpg 160w, https:\/\/blogsaverroes.juntadeandalucia.es\/iesalfonsoxi\/files\/2015\/03\/musica.jpg 640w\" sizes=\"(max-width: 300px) 100vw, 300px\" \/><\/a><\/p>\n<p><strong><span style=\"font-family: sans-serif\"><span style=\"font-size: medium\">M\u00fasica <\/span><\/span><\/strong><\/p>\n<p><span style=\"font-family: sans-serif\"><span style=\"font-size: medium\">La m\u00fasica, como bien cultural y como lenguaje y medio de comunicaci\u00f3n no verbal, constituye un elemento con gran valor en la vida de las personas; adem\u00e1s, favorece el desarrollo integral de los individuos, interviene en su formaci\u00f3n emocional e intelectual, a trav\u00e9s del conocimiento del hecho musical como manifestaci\u00f3n cultural e hist\u00f3rica, y contribuye al afianzamiento de una postura abierta, reflexiva y cr\u00edtica en el alumnado. <\/span><\/span><\/p>\n<p><span style=\"font-family: sans-serif\"><span style=\"font-size: medium\">En la actualidad la m\u00fasica constituye uno de los principales referentes de identificaci\u00f3n de la juventud. Con el desarrollo tecnol\u00f3gico se han multiplicado los cauces de acceso a las cada vez m\u00e1s numerosas fuentes de cultura musical, as\u00ed como a sus diversas maneras de creaci\u00f3n e interpretaci\u00f3n a trav\u00e9s de veh\u00edculos que forman parte de su vida cotidiana como Internet, dispositivos m\u00f3viles, reproductores de audio o videojuegos; adem\u00e1s, fomenta el desarrollo de la percepci\u00f3n, la sensibilidad est\u00e9tica, la expresi\u00f3n creativa y la reflexi\u00f3n cr\u00edtica.<\/span><\/span><\/p>\n<p><strong>Programaciones del Departamento de M\u00fasica (curso 2025-26):&nbsp;<\/strong><\/p>\n<p><a href=\"https:\/\/blogsaverroes.juntadeandalucia.es\/iesalfonsoxi\/files\/2025\/12\/Programacion-Dpto-Musica-1o-ESO.pdf\">Programaci\u00f3n Dpto M\u00fasica 1\u00ba ESO<\/a><\/p>\n<p><a href=\"https:\/\/blogsaverroes.juntadeandalucia.es\/iesalfonsoxi\/files\/2025\/12\/Programacion-Dpto-Musica-2o-ESO.pdf\">Programaci\u00f3n Dpto M\u00fasica 2\u00ba ESO<\/a><\/p>\n","protected":false},"excerpt":{"rendered":"<p>&nbsp; &nbsp; Puesto o Especialidad Jefatura de departamento Serrano Yepes, Raquel M\u00fasica P.E.S. &nbsp; &nbsp; &nbsp; &nbsp; M\u00fasica La m\u00fasica, como bien cultural y como lenguaje y medio de comunicaci\u00f3n no verbal, constituye un elemento con gran valor en la vida de las personas; adem\u00e1s, favorece el desarrollo integral de los individuos, interviene en su &hellip; <\/p>\n<p><a class=\"more-link btn\" href=\"https:\/\/blogsaverroes.juntadeandalucia.es\/iesalfonsoxi\/musica\/\">Seguir leyendo<\/a><\/p>\n","protected":false},"author":1,"featured_media":0,"parent":0,"menu_order":0,"comment_status":"closed","ping_status":"open","template":"","meta":{"ngg_post_thumbnail":0,"footnotes":"","_mc_calendar":[]},"aioseo_notices":[],"_links":{"self":[{"href":"https:\/\/blogsaverroes.juntadeandalucia.es\/iesalfonsoxi\/wp-json\/wp\/v2\/pages\/178"}],"collection":[{"href":"https:\/\/blogsaverroes.juntadeandalucia.es\/iesalfonsoxi\/wp-json\/wp\/v2\/pages"}],"about":[{"href":"https:\/\/blogsaverroes.juntadeandalucia.es\/iesalfonsoxi\/wp-json\/wp\/v2\/types\/page"}],"author":[{"embeddable":true,"href":"https:\/\/blogsaverroes.juntadeandalucia.es\/iesalfonsoxi\/wp-json\/wp\/v2\/users\/1"}],"replies":[{"embeddable":true,"href":"https:\/\/blogsaverroes.juntadeandalucia.es\/iesalfonsoxi\/wp-json\/wp\/v2\/comments?post=178"}],"version-history":[{"count":32,"href":"https:\/\/blogsaverroes.juntadeandalucia.es\/iesalfonsoxi\/wp-json\/wp\/v2\/pages\/178\/revisions"}],"predecessor-version":[{"id":17740,"href":"https:\/\/blogsaverroes.juntadeandalucia.es\/iesalfonsoxi\/wp-json\/wp\/v2\/pages\/178\/revisions\/17740"}],"wp:attachment":[{"href":"https:\/\/blogsaverroes.juntadeandalucia.es\/iesalfonsoxi\/wp-json\/wp\/v2\/media?parent=178"}],"curies":[{"name":"wp","href":"https:\/\/api.w.org\/{rel}","templated":true}]}}

Música

<p>&nbsp;</p>
<table class=" alignleft" style="height: 75px" width="651">
<tbody>
<tr>
<td style="width: 441.818px" colspan="2">&nbsp;</td>
<td style="width: 181.818px" bgcolor="#E3CEF6">
<h6 style="text-align: center"><span style="color: #993366">Puesto o Especialidad</span></h6>
</td>
</tr>
<tr>
<td style="width: 210px" bgcolor="#E3CEF6">
<h6><span style="color: #993366"><strong>Jefatura de departamento</strong></span></h6>
</td>
<td style="width: 210.909px;text-align: center"><strong><span style="color: #993366">Serrano Yepes, Raquel</span></strong></td>
<td style="width: 181.818px;text-align: center"><strong><span style="color: #993366">Música P.E.S.</span></strong></td>
</tr>
</tbody>
</table>
<p>&nbsp;</p>
<p>&nbsp;</p>
<p>&nbsp;</p>
<p>&nbsp;</p>
<p><a href="http://blogsaverroes.juntadeandalucia.es/temafrontieries/files/2015/03/musica.jpg"><img fetchpriority="high" decoding="async" class="aligncenter size-medium wp-image-2143" src="http://blogsaverroes.juntadeandalucia.es/temafrontieries/files/2015/03/musica-300x300.jpg" alt="musica" width="300" height="300" srcset="https://blogsaverroes.juntadeandalucia.es/iesalfonsoxi/files/2015/03/musica-300x300.jpg 300w, https://blogsaverroes.juntadeandalucia.es/iesalfonsoxi/files/2015/03/musica-150x150.jpg 150w, https://blogsaverroes.juntadeandalucia.es/iesalfonsoxi/files/2015/03/musica-160x160.jpg 160w, https://blogsaverroes.juntadeandalucia.es/iesalfonsoxi/files/2015/03/musica.jpg 640w" sizes="(max-width: 300px) 100vw, 300px" /></a></p>
<p><strong><span style="font-family: sans-serif"><span style="font-size: medium">Música </span></span></strong></p>
<p><span style="font-family: sans-serif"><span style="font-size: medium">La música, como bien cultural y como lenguaje y medio de comunicación no verbal, constituye un elemento con gran valor en la vida de las personas; además, favorece el desarrollo integral de los individuos, interviene en su formación emocional e intelectual, a través del conocimiento del hecho musical como manifestación cultural e histórica, y contribuye al afianzamiento de una postura abierta, reflexiva y crítica en el alumnado. </span></span></p>
<p><span style="font-family: sans-serif"><span style="font-size: medium">En la actualidad la música constituye uno de los principales referentes de identificación de la juventud. Con el desarrollo tecnológico se han multiplicado los cauces de acceso a las cada vez más numerosas fuentes de cultura musical, así como a sus diversas maneras de creación e interpretación a través de vehículos que forman parte de su vida cotidiana como Internet, dispositivos móviles, reproductores de audio o videojuegos; además, fomenta el desarrollo de la percepción, la sensibilidad estética, la expresión creativa y la reflexión crítica.</span></span></p>
<p><strong>Programaciones del Departamento de Música (curso 2025-26):&nbsp;</strong></p>
<p><a href="https://blogsaverroes.juntadeandalucia.es/iesalfonsoxi/files/2025/12/Programacion-Dpto-Musica-1o-ESO.pdf">Programación Dpto Música 1º ESO</a></p>
<p><a href="https://blogsaverroes.juntadeandalucia.es/iesalfonsoxi/files/2025/12/Programacion-Dpto-Musica-2o-ESO.pdf">Programación Dpto Música 2º ESO</a></p>

<p>&nbsp; &nbsp; Puesto o Especialidad Jefatura de departamento Serrano Yepes, Raquel Música P.E.S. &nbsp; &nbsp; &nbsp; &nbsp; Música La música, como bien cultural y como lenguaje y medio de comunicación no verbal, constituye un elemento con gran valor en la vida de las personas; además, favorece el desarrollo integral de los individuos, interviene en su &hellip; </p>
<p><a class="more-link btn" href="https://blogsaverroes.juntadeandalucia.es/iesalfonsoxi/musica/">Seguir leyendo</a></p>
