{"id":2496,"date":"2018-07-10T18:34:48","date_gmt":"2018-07-10T18:34:48","guid":{"rendered":"https:\/\/blogsaverroes.juntadeandalucia.es\/iesalfonsoxi\/?page_id=2496"},"modified":"2025-01-23T12:55:22","modified_gmt":"2025-01-23T12:55:22","slug":"equipo-directivo-2","status":"publish","type":"page","link":"https:\/\/blogsaverroes.juntadeandalucia.es\/iesalfonsoxi\/equipo-directivo-2\/","title":{"rendered":"Equipo directivo"},"content":{"rendered":"<p>El equipo directivo del <strong><span style=\"color: #993366\">IES Alfonso XI<\/span><\/strong> les da la<strong><span style=\"color: #993366\"> bienvenida<\/span><\/strong> a nuestra p\u00e1gina web. Desde este medio pretendemos dar a conocer nuestro centro, actividades y proyectos que desarrollamos, y servir de v\u00eda de comunicaci\u00f3n entre <strong><span style=\"color: #993366\">todos<\/span><\/strong> los miembros de la comunidad educativa.<\/p>\n<table class=\" aligncenter\" style=\"width: 583px;border-color: #fcf7f7;background-color: #fcf7f7;height: 702px\">\n<tbody>\n<tr>\n<td style=\"width: 115.333px\"><a href=\"https:\/\/blogsaverroes.juntadeandalucia.es\/iesalfonsoxi\/files\/2018\/07\/JUAN-MANUEL-AGUILERA.jpg\"><img decoding=\"async\" class=\"wp-image-4341 aligncenter\" src=\"https:\/\/blogsaverroes.juntadeandalucia.es\/iesalfonsoxi\/files\/2018\/07\/JUAN-MANUEL-AGUILERA-240x300.jpg\" alt=\"\" width=\"80\" height=\"100\" srcset=\"https:\/\/blogsaverroes.juntadeandalucia.es\/iesalfonsoxi\/files\/2018\/07\/JUAN-MANUEL-AGUILERA-240x300.jpg 240w, https:\/\/blogsaverroes.juntadeandalucia.es\/iesalfonsoxi\/files\/2018\/07\/JUAN-MANUEL-AGUILERA-19x24.jpg 19w, https:\/\/blogsaverroes.juntadeandalucia.es\/iesalfonsoxi\/files\/2018\/07\/JUAN-MANUEL-AGUILERA-29x36.jpg 29w, https:\/\/blogsaverroes.juntadeandalucia.es\/iesalfonsoxi\/files\/2018\/07\/JUAN-MANUEL-AGUILERA-38x48.jpg 38w, https:\/\/blogsaverroes.juntadeandalucia.es\/iesalfonsoxi\/files\/2018\/07\/JUAN-MANUEL-AGUILERA.jpg 315w\" sizes=\"(max-width: 80px) 100vw, 80px\" \/><\/a><\/td>\n<td style=\"width: 425.333px\">\n<blockquote>\n<h6><span style=\"color: #993366\">Direcci\u00f3n: Juan Manuel Aguilera D\u00edaz<\/span><\/h6>\n<\/blockquote>\n<\/td>\n<\/tr>\n<tr>\n<td style=\"width: 115.333px\"><a href=\"https:\/\/blogsaverroes.juntadeandalucia.es\/iesalfonsoxi\/files\/2022\/09\/Foto-Rafael-Ortega-Mesa.jpg\"><img decoding=\"async\" class=\"aligncenter wp-image-12859\" src=\"https:\/\/blogsaverroes.juntadeandalucia.es\/iesalfonsoxi\/files\/2022\/09\/Foto-Rafael-Ortega-Mesa.jpg\" alt=\"\" width=\"85\" height=\"104\" srcset=\"https:\/\/blogsaverroes.juntadeandalucia.es\/iesalfonsoxi\/files\/2022\/09\/Foto-Rafael-Ortega-Mesa.jpg 307w, https:\/\/blogsaverroes.juntadeandalucia.es\/iesalfonsoxi\/files\/2022\/09\/Foto-Rafael-Ortega-Mesa-244x300.jpg 244w\" sizes=\"(max-width: 85px) 100vw, 85px\" \/><\/a><\/td>\n<td style=\"width: 425.333px\">\n<blockquote>\n<h6><span style=\"color: #993366\">Vicedirecci\u00f3n: Rafael Ortega Mesa<br \/>\n<\/span><\/h6>\n<\/blockquote>\n<\/td>\n<\/tr>\n<tr>\n<td style=\"width: 115.333px\"><a href=\"https:\/\/blogsaverroes.juntadeandalucia.es\/iesalfonsoxi\/files\/2022\/07\/Carmen.jpeg\"><img decoding=\"async\" class=\"aligncenter wp-image-12725\" src=\"https:\/\/blogsaverroes.juntadeandalucia.es\/iesalfonsoxi\/files\/2022\/07\/Carmen.jpeg\" alt=\"\" width=\"60\" height=\"123\" srcset=\"https:\/\/blogsaverroes.juntadeandalucia.es\/iesalfonsoxi\/files\/2022\/07\/Carmen.jpeg 780w, https:\/\/blogsaverroes.juntadeandalucia.es\/iesalfonsoxi\/files\/2022\/07\/Carmen-146x300.jpeg 146w, https:\/\/blogsaverroes.juntadeandalucia.es\/iesalfonsoxi\/files\/2022\/07\/Carmen-499x1024.jpeg 499w, https:\/\/blogsaverroes.juntadeandalucia.es\/iesalfonsoxi\/files\/2022\/07\/Carmen-768x1575.jpeg 768w, https:\/\/blogsaverroes.juntadeandalucia.es\/iesalfonsoxi\/files\/2022\/07\/Carmen-749x1536.jpeg 749w\" sizes=\"(max-width: 60px) 100vw, 60px\" \/><\/a><\/td>\n<td style=\"width: 425.333px\">\n<blockquote>\n<h6><span style=\"color: #993366\">Jefatura de estudios: Carmen Bel\u00e9n&nbsp;Mu\u00f1oz Carmona<\/span><\/h6>\n<h6><strong>&nbsp;<\/strong><\/h6>\n<\/blockquote>\n<\/td>\n<\/tr>\n<tr>\n<td style=\"width: 115.333px\"><a href=\"https:\/\/blogsaverroes.juntadeandalucia.es\/iesalfonsoxi\/files\/2018\/07\/IMG_0351-e1549313113908.jpg\"><img loading=\"lazy\" decoding=\"async\" class=\"wp-image-4345 aligncenter\" src=\"https:\/\/blogsaverroes.juntadeandalucia.es\/iesalfonsoxi\/files\/2018\/07\/IMG_0351-e1549313113908-200x300.jpg\" alt=\"\" width=\"70\" height=\"105\" srcset=\"https:\/\/blogsaverroes.juntadeandalucia.es\/iesalfonsoxi\/files\/2018\/07\/IMG_0351-e1549313113908-200x300.jpg 200w, https:\/\/blogsaverroes.juntadeandalucia.es\/iesalfonsoxi\/files\/2018\/07\/IMG_0351-e1549313113908-768x1152.jpg 768w, https:\/\/blogsaverroes.juntadeandalucia.es\/iesalfonsoxi\/files\/2018\/07\/IMG_0351-e1549313113908-683x1024.jpg 683w, https:\/\/blogsaverroes.juntadeandalucia.es\/iesalfonsoxi\/files\/2018\/07\/IMG_0351-e1549313113908-16x24.jpg 16w, https:\/\/blogsaverroes.juntadeandalucia.es\/iesalfonsoxi\/files\/2018\/07\/IMG_0351-e1549313113908-24x36.jpg 24w, https:\/\/blogsaverroes.juntadeandalucia.es\/iesalfonsoxi\/files\/2018\/07\/IMG_0351-e1549313113908-32x48.jpg 32w, https:\/\/blogsaverroes.juntadeandalucia.es\/iesalfonsoxi\/files\/2018\/07\/IMG_0351-e1549313113908.jpg 1067w\" sizes=\"(max-width: 70px) 100vw, 70px\" \/><\/a><\/td>\n<td style=\"width: 425.333px\">\n<blockquote>\n<h6><span style=\"color: #993366\">Secretar\u00eda: Jos\u00e9 Luis Ruiz Fern\u00e1ndez<\/span><\/h6>\n<\/blockquote>\n<\/td>\n<\/tr>\n<tr>\n<td style=\"width: 115.333px\"><a href=\"https:\/\/blogsaverroes.juntadeandalucia.es\/iesalfonsoxi\/files\/2018\/07\/IMG_0332-e1549313163984.jpg\"><img loading=\"lazy\" decoding=\"async\" class=\"wp-image-4346 aligncenter\" src=\"https:\/\/blogsaverroes.juntadeandalucia.es\/iesalfonsoxi\/files\/2018\/07\/IMG_0332-e1549313163984-200x300.jpg\" alt=\"\" width=\"80\" height=\"120\" srcset=\"https:\/\/blogsaverroes.juntadeandalucia.es\/iesalfonsoxi\/files\/2018\/07\/IMG_0332-e1549313163984-200x300.jpg 200w, https:\/\/blogsaverroes.juntadeandalucia.es\/iesalfonsoxi\/files\/2018\/07\/IMG_0332-e1549313163984-768x1152.jpg 768w, https:\/\/blogsaverroes.juntadeandalucia.es\/iesalfonsoxi\/files\/2018\/07\/IMG_0332-e1549313163984-683x1024.jpg 683w, https:\/\/blogsaverroes.juntadeandalucia.es\/iesalfonsoxi\/files\/2018\/07\/IMG_0332-e1549313163984-16x24.jpg 16w, https:\/\/blogsaverroes.juntadeandalucia.es\/iesalfonsoxi\/files\/2018\/07\/IMG_0332-e1549313163984-24x36.jpg 24w, https:\/\/blogsaverroes.juntadeandalucia.es\/iesalfonsoxi\/files\/2018\/07\/IMG_0332-e1549313163984-32x48.jpg 32w, https:\/\/blogsaverroes.juntadeandalucia.es\/iesalfonsoxi\/files\/2018\/07\/IMG_0332-e1549313163984.jpg 1067w\" sizes=\"(max-width: 80px) 100vw, 80px\" \/><\/a><\/td>\n<td style=\"width: 425.333px\">\n<blockquote>\n<h6><span style=\"color: #993366\">Jefatura de estudio adjunta: Elena Mercedes Vallecillos Siles<\/span><\/h6>\n<\/blockquote>\n<\/td>\n<\/tr>\n<\/tbody>\n<\/table>\n<p>&nbsp;<\/p>\n<p>&nbsp;<\/p>\n","protected":false},"excerpt":{"rendered":"<p>El equipo directivo del IES Alfonso XI les da la bienvenida a nuestra p\u00e1gina web. Desde este medio pretendemos dar a conocer nuestro centro, actividades y proyectos que desarrollamos, y servir de v\u00eda de comunicaci\u00f3n entre todos los miembros de la comunidad educativa. Direcci\u00f3n: Juan Manuel Aguilera D\u00edaz Vicedirecci\u00f3n: Rafael Ortega Mesa Jefatura de estudios: &hellip; <\/p>\n<p><a class=\"more-link btn\" href=\"https:\/\/blogsaverroes.juntadeandalucia.es\/iesalfonsoxi\/equipo-directivo-2\/\">Seguir leyendo<\/a><\/p>\n","protected":false},"author":6379,"featured_media":0,"parent":0,"menu_order":0,"comment_status":"closed","ping_status":"closed","template":"","meta":{"ngg_post_thumbnail":0,"footnotes":"","_mc_calendar":[]},"aioseo_notices":[],"_links":{"self":[{"href":"https:\/\/blogsaverroes.juntadeandalucia.es\/iesalfonsoxi\/wp-json\/wp\/v2\/pages\/2496"}],"collection":[{"href":"https:\/\/blogsaverroes.juntadeandalucia.es\/iesalfonsoxi\/wp-json\/wp\/v2\/pages"}],"about":[{"href":"https:\/\/blogsaverroes.juntadeandalucia.es\/iesalfonsoxi\/wp-json\/wp\/v2\/types\/page"}],"author":[{"embeddable":true,"href":"https:\/\/blogsaverroes.juntadeandalucia.es\/iesalfonsoxi\/wp-json\/wp\/v2\/users\/6379"}],"replies":[{"embeddable":true,"href":"https:\/\/blogsaverroes.juntadeandalucia.es\/iesalfonsoxi\/wp-json\/wp\/v2\/comments?post=2496"}],"version-history":[{"count":9,"href":"https:\/\/blogsaverroes.juntadeandalucia.es\/iesalfonsoxi\/wp-json\/wp\/v2\/pages\/2496\/revisions"}],"predecessor-version":[{"id":16510,"href":"https:\/\/blogsaverroes.juntadeandalucia.es\/iesalfonsoxi\/wp-json\/wp\/v2\/pages\/2496\/revisions\/16510"}],"wp:attachment":[{"href":"https:\/\/blogsaverroes.juntadeandalucia.es\/iesalfonsoxi\/wp-json\/wp\/v2\/media?parent=2496"}],"curies":[{"name":"wp","href":"https:\/\/api.w.org\/{rel}","templated":true}]}}