{"id":2541,"date":"2018-07-13T10:30:51","date_gmt":"2018-07-13T10:30:51","guid":{"rendered":"https:\/\/blogsaverroes.juntadeandalucia.es\/iesalfonsoxi\/?page_id=2541"},"modified":"2022-07-28T10:29:20","modified_gmt":"2022-07-28T10:29:20","slug":"dfeie","status":"publish","type":"page","link":"https:\/\/blogsaverroes.juntadeandalucia.es\/iesalfonsoxi\/dfeie\/","title":{"rendered":"Departamento de Formaci\u00f3n e Innovaci\u00f3n Educativa"},"content":{"rendered":"<p><a href=\"https:\/\/blogsaverroes.juntadeandalucia.es\/iesalfonsoxi\/files\/2018\/07\/dfeie.jpg\"><img decoding=\"async\" class=\"wp-image-3722 alignleft\" src=\"https:\/\/blogsaverroes.juntadeandalucia.es\/iesalfonsoxi\/files\/2018\/07\/dfeie.jpg\" alt=\"\" width=\"166\" height=\"166\" srcset=\"https:\/\/blogsaverroes.juntadeandalucia.es\/iesalfonsoxi\/files\/2018\/07\/dfeie.jpg 225w, https:\/\/blogsaverroes.juntadeandalucia.es\/iesalfonsoxi\/files\/2018\/07\/dfeie-150x150.jpg 150w, https:\/\/blogsaverroes.juntadeandalucia.es\/iesalfonsoxi\/files\/2018\/07\/dfeie-100x100.jpg 100w, https:\/\/blogsaverroes.juntadeandalucia.es\/iesalfonsoxi\/files\/2018\/07\/dfeie-24x24.jpg 24w, https:\/\/blogsaverroes.juntadeandalucia.es\/iesalfonsoxi\/files\/2018\/07\/dfeie-36x36.jpg 36w, https:\/\/blogsaverroes.juntadeandalucia.es\/iesalfonsoxi\/files\/2018\/07\/dfeie-48x48.jpg 48w, https:\/\/blogsaverroes.juntadeandalucia.es\/iesalfonsoxi\/files\/2018\/07\/dfeie-50x50.jpg 50w\" sizes=\"(max-width: 166px) 100vw, 166px\" \/><\/a><\/p>\n<p align=\"justify\">El Departamento de Formaci\u00f3n, Evaluaci\u00f3n e Innovaci\u00f3n Educativa realiza labores de asesoramiento y organizaci\u00f3n de los aspectos formativos, evaluativos y de innovaci\u00f3n en nuestro Centro.<br \/>\nEspecialmente, es el Departamento encargado de todo lo relacionado con la formaci\u00f3n del profesorado (diagn\u00f3stico de necesidades, propuesta de actividades, colaboraci\u00f3n con CEP, coordinar actividades de formaci\u00f3n, informaci\u00f3n sobre buenas pr\u00e1cticas educativas y l\u00edneas de investigaci\u00f3n, establecer indicadores de calidad, elevar plan para evaluar los aspectos educativos del Plan de Centro, propuesta de planes de mejora,\u2026), en coordinaci\u00f3n con nuestro CEP de referencia e impulsando las buenas pr\u00e1cticas docentes, tanto en innovaci\u00f3n, como en evaluaci\u00f3n.<br \/>\nDel mismo modo, en este Departamento se establecen y analizan todas aquellas herramientas o indicadores que permiten a nuestra comunidad educativa su autoevaluaci\u00f3n; una reflexi\u00f3n y cr\u00edtica de nuestros procesos de ense\u00f1anza-aprendizaje, en aras de desarrollarlos y mejorarlos de forma cotidiana.<br \/>\nEn \u00faltimo lugar, es tambi\u00e9n labor de este Departamento investigar, proponer y desarrollar l\u00edneas novedosas de actuaci\u00f3n para con nuestro alumnado y en las actuaciones propias del sector profesorado. La innovaci\u00f3n debe promoverse como un valor en alza, necesaria para la obtenci\u00f3n de buenos resultados, no s\u00f3lo acad\u00e9micos. Por ello, es destacable el impulso que este Departamento otorga al uso de las TIC en nuestro Centro, ampliando el \u00e1mbito de actuaci\u00f3n de las mismas, as\u00ed como el conocimiento que todo los miembros de la comunidad educativa van ampliando y aplicando en su labor diaria.<\/p>\n<h6>&nbsp;<strong>Coordinadora: Moya Rosales, Vicky<br \/>\n<\/strong><\/h6>\n<h6><a href=\"https:\/\/sites.google.com\/iesalfonsoxi.com\/ies-alfonso-xi-formacion\/inicio\">Enlace al blog<\/a><\/h6>\n<p>&nbsp;<\/p>\n","protected":false},"excerpt":{"rendered":"<p>El Departamento de Formaci\u00f3n, Evaluaci\u00f3n e Innovaci\u00f3n Educativa realiza labores de asesoramiento y organizaci\u00f3n de los aspectos formativos, evaluativos y de innovaci\u00f3n en nuestro Centro. Especialmente, es el Departamento encargado de todo lo relacionado con la formaci\u00f3n del profesorado (diagn\u00f3stico de necesidades, propuesta de actividades, colaboraci\u00f3n con CEP, coordinar actividades de formaci\u00f3n, informaci\u00f3n sobre buenas &hellip; <\/p>\n<p><a class=\"more-link btn\" href=\"https:\/\/blogsaverroes.juntadeandalucia.es\/iesalfonsoxi\/dfeie\/\">Seguir leyendo<\/a><\/p>\n","protected":false},"author":6379,"featured_media":0,"parent":0,"menu_order":0,"comment_status":"closed","ping_status":"closed","template":"","meta":{"ngg_post_thumbnail":0,"footnotes":"","_mc_calendar":[]},"aioseo_notices":[],"_links":{"self":[{"href":"https:\/\/blogsaverroes.juntadeandalucia.es\/iesalfonsoxi\/wp-json\/wp\/v2\/pages\/2541"}],"collection":[{"href":"https:\/\/blogsaverroes.juntadeandalucia.es\/iesalfonsoxi\/wp-json\/wp\/v2\/pages"}],"about":[{"href":"https:\/\/blogsaverroes.juntadeandalucia.es\/iesalfonsoxi\/wp-json\/wp\/v2\/types\/page"}],"author":[{"embeddable":true,"href":"https:\/\/blogsaverroes.juntadeandalucia.es\/iesalfonsoxi\/wp-json\/wp\/v2\/users\/6379"}],"replies":[{"embeddable":true,"href":"https:\/\/blogsaverroes.juntadeandalucia.es\/iesalfonsoxi\/wp-json\/wp\/v2\/comments?post=2541"}],"version-history":[{"count":16,"href":"https:\/\/blogsaverroes.juntadeandalucia.es\/iesalfonsoxi\/wp-json\/wp\/v2\/pages\/2541\/revisions"}],"predecessor-version":[{"id":12849,"href":"https:\/\/blogsaverroes.juntadeandalucia.es\/iesalfonsoxi\/wp-json\/wp\/v2\/pages\/2541\/revisions\/12849"}],"wp:attachment":[{"href":"https:\/\/blogsaverroes.juntadeandalucia.es\/iesalfonsoxi\/wp-json\/wp\/v2\/media?parent=2541"}],"curies":[{"name":"wp","href":"https:\/\/api.w.org\/{rel}","templated":true}]}}