{"id":2623,"date":"2018-07-17T19:43:02","date_gmt":"2018-07-17T19:43:02","guid":{"rendered":"https:\/\/blogsaverroes.juntadeandalucia.es\/iesalfonsoxi\/?page_id=2623"},"modified":"2025-11-24T08:25:33","modified_gmt":"2025-11-24T08:25:33","slug":"ciclos-formativos-informatica","status":"publish","type":"page","link":"https:\/\/blogsaverroes.juntadeandalucia.es\/iesalfonsoxi\/planes-programas\/ciclos-formativos-informatica\/","title":{"rendered":"Radio Escolar"},"content":{"rendered":"<p style=\"text-align: justify\">Nuestra querida <strong>Onda Joven X<\/strong>I, la radio escolar del IES Alfonso XI, se inicia en Febrero de 2025 con la idea de de ser una herramienta educativa para el profesorado y el alumnado. Su objetivo fundamental es el de dar voz a investigaciones realizadas por el alumnado en clase o a partir del desarrollo de alguno de los planes o programas en los que participa el centro. Pero tambi\u00e9n nuestra radio escolar est\u00e1 abierta a la celebraci\u00f3n de efem\u00e9rides y a las noticias importantes del d\u00eda a d\u00eda del centro.<\/p>\n<p><a href=\"https:\/\/ondajovenxi.wixsite.com\/ondajovenxi\"><img fetchpriority=\"high\" decoding=\"async\" class=\"aligncenter wp-image-17634\" src=\"https:\/\/blogsaverroes.juntadeandalucia.es\/iesalfonsoxi\/files\/2025\/11\/ondajovenxi-300x120.png\" alt=\"\" width=\"418\" height=\"167\" srcset=\"https:\/\/blogsaverroes.juntadeandalucia.es\/iesalfonsoxi\/files\/2025\/11\/ondajovenxi-300x120.png 300w, https:\/\/blogsaverroes.juntadeandalucia.es\/iesalfonsoxi\/files\/2025\/11\/ondajovenxi-768x308.png 768w, https:\/\/blogsaverroes.juntadeandalucia.es\/iesalfonsoxi\/files\/2025\/11\/ondajovenxi-750x300.png 750w, https:\/\/blogsaverroes.juntadeandalucia.es\/iesalfonsoxi\/files\/2025\/11\/ondajovenxi.png 964w\" sizes=\"(max-width: 418px) 100vw, 418px\" \/><\/a>La web donde se alojan los podcasts que se realizan en la radio escolar es&nbsp;<a href=\"https:\/\/ondajovenxi.wixsite.com\/ondajovenxi\">https:\/\/ondajovenxi.wixsite.com\/ondajovenxi<\/a><\/p>\n<p>Ayuda:&nbsp;<\/p>\n<p><strong><span style=\"text-decoration: underline\">Funcionamiento de la mesa de mezclas<\/span>:<\/strong><\/p>\n<div class=\"embed-container\"><iframe title=\"Funcionamiento de la mesa de mezclas.\" width=\"750\" height=\"563\" src=\"https:\/\/www.youtube.com\/embed\/kNn2_HTFyYw?feature=oembed\" frameborder=\"0\" allow=\"accelerometer; autoplay; clipboard-write; encrypted-media; gyroscope; picture-in-picture; web-share\" referrerpolicy=\"strict-origin-when-cross-origin\" allowfullscreen><\/iframe><\/div>\n<p><span style=\"text-decoration: underline\"><strong>Trabajando con Audacity<\/strong><\/span>:<\/p>\n<div class=\"embed-container\"><iframe title=\"Trabajando con Audacity.\" width=\"750\" height=\"563\" src=\"https:\/\/www.youtube.com\/embed\/RLPRlyjK0_4?feature=oembed\" frameborder=\"0\" allow=\"accelerometer; autoplay; clipboard-write; encrypted-media; gyroscope; picture-in-picture; web-share\" referrerpolicy=\"strict-origin-when-cross-origin\" allowfullscreen><\/iframe><\/div>\n<p>&nbsp;<\/p>\n","protected":false},"excerpt":{"rendered":"<p>Nuestra querida Onda Joven XI, la radio escolar del IES Alfonso XI, se inicia en Febrero de 2025 con la idea de de ser una herramienta educativa para el profesorado y el alumnado. Su objetivo fundamental es el de dar voz a investigaciones realizadas por el alumnado en clase o a partir del desarrollo de &hellip; <\/p>\n<p><a class=\"more-link btn\" href=\"https:\/\/blogsaverroes.juntadeandalucia.es\/iesalfonsoxi\/planes-programas\/ciclos-formativos-informatica\/\">Seguir leyendo<\/a><\/p>\n","protected":false},"author":6379,"featured_media":0,"parent":3081,"menu_order":0,"comment_status":"closed","ping_status":"closed","template":"","meta":{"ngg_post_thumbnail":0,"footnotes":"","_mc_calendar":[]},"aioseo_notices":[],"_links":{"self":[{"href":"https:\/\/blogsaverroes.juntadeandalucia.es\/iesalfonsoxi\/wp-json\/wp\/v2\/pages\/2623"}],"collection":[{"href":"https:\/\/blogsaverroes.juntadeandalucia.es\/iesalfonsoxi\/wp-json\/wp\/v2\/pages"}],"about":[{"href":"https:\/\/blogsaverroes.juntadeandalucia.es\/iesalfonsoxi\/wp-json\/wp\/v2\/types\/page"}],"author":[{"embeddable":true,"href":"https:\/\/blogsaverroes.juntadeandalucia.es\/iesalfonsoxi\/wp-json\/wp\/v2\/users\/6379"}],"replies":[{"embeddable":true,"href":"https:\/\/blogsaverroes.juntadeandalucia.es\/iesalfonsoxi\/wp-json\/wp\/v2\/comments?post=2623"}],"version-history":[{"count":4,"href":"https:\/\/blogsaverroes.juntadeandalucia.es\/iesalfonsoxi\/wp-json\/wp\/v2\/pages\/2623\/revisions"}],"predecessor-version":[{"id":17633,"href":"https:\/\/blogsaverroes.juntadeandalucia.es\/iesalfonsoxi\/wp-json\/wp\/v2\/pages\/2623\/revisions\/17633"}],"up":[{"embeddable":true,"href":"https:\/\/blogsaverroes.juntadeandalucia.es\/iesalfonsoxi\/wp-json\/wp\/v2\/pages\/3081"}],"wp:attachment":[{"href":"https:\/\/blogsaverroes.juntadeandalucia.es\/iesalfonsoxi\/wp-json\/wp\/v2\/media?parent=2623"}],"curies":[{"name":"wp","href":"https:\/\/api.w.org\/{rel}","templated":true}]}}

<p style="text-align: justify">Nuestra querida <strong>Onda Joven X</strong>I, la radio escolar del IES Alfonso XI, se inicia en Febrero de 2025 con la idea de de ser una herramienta educativa para el profesorado y el alumnado. Su objetivo fundamental es el de dar voz a investigaciones realizadas por el alumnado en clase o a partir del desarrollo de alguno de los planes o programas en los que participa el centro. Pero también nuestra radio escolar está abierta a la celebración de efemérides y a las noticias importantes del día a día del centro.</p>
<p><a href="https://ondajovenxi.wixsite.com/ondajovenxi"><img fetchpriority="high" decoding="async" class="aligncenter wp-image-17634" src="https://blogsaverroes.juntadeandalucia.es/iesalfonsoxi/files/2025/11/ondajovenxi-300x120.png" alt="" width="418" height="167" srcset="https://blogsaverroes.juntadeandalucia.es/iesalfonsoxi/files/2025/11/ondajovenxi-300x120.png 300w, https://blogsaverroes.juntadeandalucia.es/iesalfonsoxi/files/2025/11/ondajovenxi-768x308.png 768w, https://blogsaverroes.juntadeandalucia.es/iesalfonsoxi/files/2025/11/ondajovenxi-750x300.png 750w, https://blogsaverroes.juntadeandalucia.es/iesalfonsoxi/files/2025/11/ondajovenxi.png 964w" sizes="(max-width: 418px) 100vw, 418px" /></a>La web donde se alojan los podcasts que se realizan en la radio escolar es&nbsp;<a href="https://ondajovenxi.wixsite.com/ondajovenxi">https://ondajovenxi.wixsite.com/ondajovenxi</a></p>
<p>Ayuda:&nbsp;</p>
<p><strong><span style="text-decoration: underline">Funcionamiento de la mesa de mezclas</span>:</strong></p>
<div class="embed-container"><iframe title="Funcionamiento de la mesa de mezclas." width="750" height="563" src="https://www.youtube.com/embed/kNn2_HTFyYw?feature=oembed" frameborder="0" allow="accelerometer; autoplay; clipboard-write; encrypted-media; gyroscope; picture-in-picture; web-share" referrerpolicy="strict-origin-when-cross-origin" allowfullscreen></iframe></div>
<p><span style="text-decoration: underline"><strong>Trabajando con Audacity</strong></span>:</p>
<div class="embed-container"><iframe title="Trabajando con Audacity." width="750" height="563" src="https://www.youtube.com/embed/RLPRlyjK0_4?feature=oembed" frameborder="0" allow="accelerometer; autoplay; clipboard-write; encrypted-media; gyroscope; picture-in-picture; web-share" referrerpolicy="strict-origin-when-cross-origin" allowfullscreen></iframe></div>
<p>&nbsp;</p>
