{"id":2944,"date":"2018-11-23T20:33:15","date_gmt":"2018-11-23T20:33:15","guid":{"rendered":"https:\/\/blogsaverroes.juntadeandalucia.es\/iesalfonsoxi\/?page_id=2944"},"modified":"2025-12-15T12:52:01","modified_gmt":"2025-12-15T12:52:01","slug":"dibujo","status":"publish","type":"page","link":"https:\/\/blogsaverroes.juntadeandalucia.es\/iesalfonsoxi\/dibujo\/","title":{"rendered":"Dibujo"},"content":{"rendered":"<p>&nbsp;<\/p>\n<table class=\" aligncenter\" style=\"height: 447px;width: 89.8842%\">\n<tbody>\n<tr style=\"height: 66px\">\n<td style=\"width: 51.121%;height: 66px\" colspan=\"2\">&nbsp;<\/td>\n<td style=\"width: 31.2407%;height: 66px;background-color: #dcc4ff\" colspan=\"2\" bgcolor=\"#E3CEF6\">\n<h6 style=\"text-align: center\"><strong><span style=\"color: #993366\">Puesto o Especialidad<\/span><\/strong><\/h6>\n<\/td>\n<\/tr>\n<tr style=\"height: 112px\">\n<td style=\"width: 15.2466%;height: 112px;vertical-align: middle;background-color: #dcc4ff\" bgcolor=\"#E3CEF6\"><span style=\"color: #993366\"><strong>Jefatura de Departamento<\/strong><\/span><\/td>\n<td style=\"width: 35.8744%;height: 112px\">&nbsp;<\/p>\n<p>&nbsp;<\/p>\n<p><span style=\"color: #993366\"><strong>S\u00e1nchez Poyato, Dulce Nombre<\/strong><\/span><\/p>\n<p><span style=\"color: #993366\"><strong>&nbsp;<\/strong><\/span><\/td>\n<td style=\"width: 14.3498%;height: 112px\"><a href=\"https:\/\/blogsaverroes.juntadeandalucia.es\/iesalfonsoxi\/files\/2018\/10\/IMG_0326-e1539099167931.jpg\"><img decoding=\"async\" class=\"wp-image-3013 aligncenter\" src=\"https:\/\/blogsaverroes.juntadeandalucia.es\/iesalfonsoxi\/files\/2018\/10\/IMG_0326-e1539099167931-200x300.jpg\" alt=\"\" width=\"80\" height=\"119\" srcset=\"https:\/\/blogsaverroes.juntadeandalucia.es\/iesalfonsoxi\/files\/2018\/10\/IMG_0326-e1539099167931-200x300.jpg 200w, https:\/\/blogsaverroes.juntadeandalucia.es\/iesalfonsoxi\/files\/2018\/10\/IMG_0326-e1539099167931-768x1152.jpg 768w, https:\/\/blogsaverroes.juntadeandalucia.es\/iesalfonsoxi\/files\/2018\/10\/IMG_0326-e1539099167931-683x1024.jpg 683w, https:\/\/blogsaverroes.juntadeandalucia.es\/iesalfonsoxi\/files\/2018\/10\/IMG_0326-e1539099167931-16x24.jpg 16w, https:\/\/blogsaverroes.juntadeandalucia.es\/iesalfonsoxi\/files\/2018\/10\/IMG_0326-e1539099167931-24x36.jpg 24w, https:\/\/blogsaverroes.juntadeandalucia.es\/iesalfonsoxi\/files\/2018\/10\/IMG_0326-e1539099167931-32x48.jpg 32w, https:\/\/blogsaverroes.juntadeandalucia.es\/iesalfonsoxi\/files\/2018\/10\/IMG_0326-e1539099167931.jpg 1067w\" sizes=\"(max-width: 80px) 100vw, 80px\" \/><\/a><\/td>\n<td style=\"width: 16.8909%;height: 112px\"><span style=\"color: #993366\"><strong>Dibujo P.E.S.<\/strong><\/span><\/td>\n<\/tr>\n<tr style=\"height: 148px\">\n<td style=\"width: 15.2466%;height: 148px;background-color: #dcc4ff\" bgcolor=\"#E3CEF6\"><span style=\"color: #993366\"><strong>Componente<\/strong><\/span><\/td>\n<td style=\"width: 35.8744%;height: 148px\">&nbsp;<\/p>\n<p><span style=\"color: #993366\"><strong>Puerma L\u00f3pez, Juan Jos\u00e9<\/strong><\/span><\/td>\n<td style=\"width: 14.3498%;height: 148px\">&nbsp;<\/td>\n<td style=\"width: 16.8909%;height: 148px\"><strong><span style=\"color: #993366\">Dibujo P.E.S<\/span>.<\/strong><\/td>\n<\/tr>\n<\/tbody>\n<\/table>\n<p>&nbsp;<\/p>\n<p><strong>Programaciones del Departamento (curso 2025-26):<\/strong><\/p>\n<p><a href=\"https:\/\/blogsaverroes.juntadeandalucia.es\/iesalfonsoxi\/files\/2025\/12\/PROGRAMACION-Dpto-Dibujo-25-26.pdf\">PROGRAMACI\u00d3N Dpto Dibujo 25-26<\/a><\/p>\n<p style=\"text-align: center\" align=\"justify\"><strong><span style=\"font-family: sans-serif\"><span style=\"font-size: medium\">Dibujo Art\u00edstico. <\/span><\/span><\/strong><\/p>\n<p style=\"text-align: justify\"><span style=\"font-family: sans-serif\"><span style=\"font-size: medium\">Partiendo de las destrezas y conocimientos previos adquiridos de forma general en la asignatura de Educaci\u00f3n Pl\u00e1stica, Visual y Audiovisual de la ESO, en Bachillerato se profundizar en las destrezas y conceptos del Dibujo como herramienta del pensamiento que participa en el proceso creativo, comunicativo, pl\u00e1stico y visual, contribuyendo a adquirir las competencias necesarias para la formaci\u00f3n permanente del individuo. <\/span><\/span><\/p>\n<p><a href=\"https:\/\/blogsaverroes.juntadeandalucia.es\/iesalfonsoxi\/files\/2019\/07\/WhatsApp-Image-2019-06-19-at-10.22.21.jpeg\"><img fetchpriority=\"high\" decoding=\"async\" class=\"alignleft size-full wp-image-6664\" src=\"https:\/\/blogsaverroes.juntadeandalucia.es\/iesalfonsoxi\/files\/2019\/07\/WhatsApp-Image-2019-06-19-at-10.22.21.jpeg\" alt=\"\" width=\"1600\" height=\"1200\" srcset=\"https:\/\/blogsaverroes.juntadeandalucia.es\/iesalfonsoxi\/files\/2019\/07\/WhatsApp-Image-2019-06-19-at-10.22.21.jpeg 1600w, https:\/\/blogsaverroes.juntadeandalucia.es\/iesalfonsoxi\/files\/2019\/07\/WhatsApp-Image-2019-06-19-at-10.22.21-300x225.jpeg 300w, https:\/\/blogsaverroes.juntadeandalucia.es\/iesalfonsoxi\/files\/2019\/07\/WhatsApp-Image-2019-06-19-at-10.22.21-768x576.jpeg 768w, https:\/\/blogsaverroes.juntadeandalucia.es\/iesalfonsoxi\/files\/2019\/07\/WhatsApp-Image-2019-06-19-at-10.22.21-1024x768.jpeg 1024w, https:\/\/blogsaverroes.juntadeandalucia.es\/iesalfonsoxi\/files\/2019\/07\/WhatsApp-Image-2019-06-19-at-10.22.21-24x18.jpeg 24w, https:\/\/blogsaverroes.juntadeandalucia.es\/iesalfonsoxi\/files\/2019\/07\/WhatsApp-Image-2019-06-19-at-10.22.21-36x27.jpeg 36w, https:\/\/blogsaverroes.juntadeandalucia.es\/iesalfonsoxi\/files\/2019\/07\/WhatsApp-Image-2019-06-19-at-10.22.21-48x36.jpeg 48w\" sizes=\"(max-width: 1600px) 100vw, 1600px\" \/><\/a><\/p>\n<p style=\"text-align: justify\"><span style=\"font-family: sans-serif\"><span style=\"font-size: medium\"><strong>Dibujo T\u00e9cnico.<\/strong> <\/span><\/span><\/p>\n<p style=\"text-align: justify\"><span style=\"font-family: sans-serif\"><span style=\"font-size: medium\">Entre las finalidades del Dibujo T\u00e9cnico figura de manera espec\u00edfica dotar al estudiante de las competencias necesarias para poder comunicarse gr\u00e1ficamente con objetividad en un mundo cada vez m\u00e1s complejo, que requiere del dise\u00f1o y fabricaci\u00f3n de productos que resuelvan las necesidades presentes y futuras. Esta funci\u00f3n comunicativa, gracias al acuerdo de una serie de convenciones a escala nacional, comunitaria e internacional, nos permite transmitir, interpretar y comprender ideas o proyectos de manera fiable, objetiva e inequ\u00edvoca. <\/span><\/span><\/p>\n","protected":false},"excerpt":{"rendered":"<p>&nbsp; &nbsp; Puesto o Especialidad Jefatura de Departamento &nbsp; &nbsp; S\u00e1nchez Poyato, Dulce Nombre &nbsp; Dibujo P.E.S. Componente &nbsp; Puerma L\u00f3pez, Juan Jos\u00e9 &nbsp; Dibujo P.E.S. &nbsp; Programaciones del Departamento (curso 2025-26): PROGRAMACI\u00d3N Dpto Dibujo 25-26 Dibujo Art\u00edstico. Partiendo de las destrezas y conocimientos previos adquiridos de forma general en la asignatura de Educaci\u00f3n Pl\u00e1stica, &hellip; <\/p>\n<p><a class=\"more-link btn\" href=\"https:\/\/blogsaverroes.juntadeandalucia.es\/iesalfonsoxi\/dibujo\/\">Seguir leyendo<\/a><\/p>\n","protected":false},"author":6379,"featured_media":0,"parent":0,"menu_order":0,"comment_status":"closed","ping_status":"closed","template":"","meta":{"ngg_post_thumbnail":0,"footnotes":"","_mc_calendar":[]},"aioseo_notices":[],"_links":{"self":[{"href":"https:\/\/blogsaverroes.juntadeandalucia.es\/iesalfonsoxi\/wp-json\/wp\/v2\/pages\/2944"}],"collection":[{"href":"https:\/\/blogsaverroes.juntadeandalucia.es\/iesalfonsoxi\/wp-json\/wp\/v2\/pages"}],"about":[{"href":"https:\/\/blogsaverroes.juntadeandalucia.es\/iesalfonsoxi\/wp-json\/wp\/v2\/types\/page"}],"author":[{"embeddable":true,"href":"https:\/\/blogsaverroes.juntadeandalucia.es\/iesalfonsoxi\/wp-json\/wp\/v2\/users\/6379"}],"replies":[{"embeddable":true,"href":"https:\/\/blogsaverroes.juntadeandalucia.es\/iesalfonsoxi\/wp-json\/wp\/v2\/comments?post=2944"}],"version-history":[{"count":55,"href":"https:\/\/blogsaverroes.juntadeandalucia.es\/iesalfonsoxi\/wp-json\/wp\/v2\/pages\/2944\/revisions"}],"predecessor-version":[{"id":17746,"href":"https:\/\/blogsaverroes.juntadeandalucia.es\/iesalfonsoxi\/wp-json\/wp\/v2\/pages\/2944\/revisions\/17746"}],"wp:attachment":[{"href":"https:\/\/blogsaverroes.juntadeandalucia.es\/iesalfonsoxi\/wp-json\/wp\/v2\/media?parent=2944"}],"curies":[{"name":"wp","href":"https:\/\/api.w.org\/{rel}","templated":true}]}}

<p>&nbsp;</p>
<table class=" aligncenter" style="height: 447px;width: 89.8842%">
<tbody>
<tr style="height: 66px">
<td style="width: 51.121%;height: 66px" colspan="2">&nbsp;</td>
<td style="width: 31.2407%;height: 66px;background-color: #dcc4ff" colspan="2" bgcolor="#E3CEF6">
<h6 style="text-align: center"><strong><span style="color: #993366">Puesto o Especialidad</span></strong></h6>
</td>
</tr>
<tr style="height: 112px">
<td style="width: 15.2466%;height: 112px;vertical-align: middle;background-color: #dcc4ff" bgcolor="#E3CEF6"><span style="color: #993366"><strong>Jefatura de Departamento</strong></span></td>
<td style="width: 35.8744%;height: 112px">&nbsp;</p>
<p>&nbsp;</p>
<p><span style="color: #993366"><strong>Sánchez Poyato, Dulce Nombre</strong></span></p>
<p><span style="color: #993366"><strong>&nbsp;</strong></span></td>
<td style="width: 14.3498%;height: 112px"><a href="https://blogsaverroes.juntadeandalucia.es/iesalfonsoxi/files/2018/10/IMG_0326-e1539099167931.jpg"><img decoding="async" class="wp-image-3013 aligncenter" src="https://blogsaverroes.juntadeandalucia.es/iesalfonsoxi/files/2018/10/IMG_0326-e1539099167931-200x300.jpg" alt="" width="80" height="119" srcset="https://blogsaverroes.juntadeandalucia.es/iesalfonsoxi/files/2018/10/IMG_0326-e1539099167931-200x300.jpg 200w, https://blogsaverroes.juntadeandalucia.es/iesalfonsoxi/files/2018/10/IMG_0326-e1539099167931-768x1152.jpg 768w, https://blogsaverroes.juntadeandalucia.es/iesalfonsoxi/files/2018/10/IMG_0326-e1539099167931-683x1024.jpg 683w, https://blogsaverroes.juntadeandalucia.es/iesalfonsoxi/files/2018/10/IMG_0326-e1539099167931-16x24.jpg 16w, https://blogsaverroes.juntadeandalucia.es/iesalfonsoxi/files/2018/10/IMG_0326-e1539099167931-24x36.jpg 24w, https://blogsaverroes.juntadeandalucia.es/iesalfonsoxi/files/2018/10/IMG_0326-e1539099167931-32x48.jpg 32w, https://blogsaverroes.juntadeandalucia.es/iesalfonsoxi/files/2018/10/IMG_0326-e1539099167931.jpg 1067w" sizes="(max-width: 80px) 100vw, 80px" /></a></td>
<td style="width: 16.8909%;height: 112px"><span style="color: #993366"><strong>Dibujo P.E.S.</strong></span></td>
</tr>
<tr style="height: 148px">
<td style="width: 15.2466%;height: 148px;background-color: #dcc4ff" bgcolor="#E3CEF6"><span style="color: #993366"><strong>Componente</strong></span></td>
<td style="width: 35.8744%;height: 148px">&nbsp;</p>
<p><span style="color: #993366"><strong>Puerma López, Juan José</strong></span></td>
<td style="width: 14.3498%;height: 148px">&nbsp;</td>
<td style="width: 16.8909%;height: 148px"><strong><span style="color: #993366">Dibujo P.E.S</span>.</strong></td>
</tr>
</tbody>
</table>
<p>&nbsp;</p>
<p><strong>Programaciones del Departamento (curso 2025-26):</strong></p>
<p><a href="https://blogsaverroes.juntadeandalucia.es/iesalfonsoxi/files/2025/12/PROGRAMACION-Dpto-Dibujo-25-26.pdf">PROGRAMACIÓN Dpto Dibujo 25-26</a></p>
<p style="text-align: center" align="justify"><strong><span style="font-family: sans-serif"><span style="font-size: medium">Dibujo Artístico. </span></span></strong></p>
<p style="text-align: justify"><span style="font-family: sans-serif"><span style="font-size: medium">Partiendo de las destrezas y conocimientos previos adquiridos de forma general en la asignatura de Educación Plástica, Visual y Audiovisual de la ESO, en Bachillerato se profundizar en las destrezas y conceptos del Dibujo como herramienta del pensamiento que participa en el proceso creativo, comunicativo, plástico y visual, contribuyendo a adquirir las competencias necesarias para la formación permanente del individuo. </span></span></p>
<p><a href="https://blogsaverroes.juntadeandalucia.es/iesalfonsoxi/files/2019/07/WhatsApp-Image-2019-06-19-at-10.22.21.jpeg"><img fetchpriority="high" decoding="async" class="alignleft size-full wp-image-6664" src="https://blogsaverroes.juntadeandalucia.es/iesalfonsoxi/files/2019/07/WhatsApp-Image-2019-06-19-at-10.22.21.jpeg" alt="" width="1600" height="1200" srcset="https://blogsaverroes.juntadeandalucia.es/iesalfonsoxi/files/2019/07/WhatsApp-Image-2019-06-19-at-10.22.21.jpeg 1600w, https://blogsaverroes.juntadeandalucia.es/iesalfonsoxi/files/2019/07/WhatsApp-Image-2019-06-19-at-10.22.21-300x225.jpeg 300w, https://blogsaverroes.juntadeandalucia.es/iesalfonsoxi/files/2019/07/WhatsApp-Image-2019-06-19-at-10.22.21-768x576.jpeg 768w, https://blogsaverroes.juntadeandalucia.es/iesalfonsoxi/files/2019/07/WhatsApp-Image-2019-06-19-at-10.22.21-1024x768.jpeg 1024w, https://blogsaverroes.juntadeandalucia.es/iesalfonsoxi/files/2019/07/WhatsApp-Image-2019-06-19-at-10.22.21-24x18.jpeg 24w, https://blogsaverroes.juntadeandalucia.es/iesalfonsoxi/files/2019/07/WhatsApp-Image-2019-06-19-at-10.22.21-36x27.jpeg 36w, https://blogsaverroes.juntadeandalucia.es/iesalfonsoxi/files/2019/07/WhatsApp-Image-2019-06-19-at-10.22.21-48x36.jpeg 48w" sizes="(max-width: 1600px) 100vw, 1600px" /></a></p>
<p style="text-align: justify"><span style="font-family: sans-serif"><span style="font-size: medium"><strong>Dibujo Técnico.</strong> </span></span></p>
<p style="text-align: justify"><span style="font-family: sans-serif"><span style="font-size: medium">Entre las finalidades del Dibujo Técnico figura de manera específica dotar al estudiante de las competencias necesarias para poder comunicarse gráficamente con objetividad en un mundo cada vez más complejo, que requiere del diseño y fabricación de productos que resuelvan las necesidades presentes y futuras. Esta función comunicativa, gracias al acuerdo de una serie de convenciones a escala nacional, comunitaria e internacional, nos permite transmitir, interpretar y comprender ideas o proyectos de manera fiable, objetiva e inequívoca. </span></span></p>

<p>&nbsp; &nbsp; Puesto o Especialidad Jefatura de Departamento &nbsp; &nbsp; Sánchez Poyato, Dulce Nombre &nbsp; Dibujo P.E.S. Componente &nbsp; Puerma López, Juan José &nbsp; Dibujo P.E.S. &nbsp; Programaciones del Departamento (curso 2025-26): PROGRAMACIÓN Dpto Dibujo 25-26 Dibujo Artístico. Partiendo de las destrezas y conocimientos previos adquiridos de forma general en la asignatura de Educación Plástica, &hellip; </p>
<p><a class="more-link btn" href="https://blogsaverroes.juntadeandalucia.es/iesalfonsoxi/dibujo/">Seguir leyendo</a></p>
