{"id":3099,"date":"2018-11-27T18:14:59","date_gmt":"2018-11-27T18:14:59","guid":{"rendered":"https:\/\/blogsaverroes.juntadeandalucia.es\/iesalfonsoxi\/?page_id=3099"},"modified":"2022-09-13T17:20:58","modified_gmt":"2022-09-13T17:20:58","slug":"orientacion-4","status":"publish","type":"page","link":"https:\/\/blogsaverroes.juntadeandalucia.es\/iesalfonsoxi\/orientacion-4\/","title":{"rendered":"Orientaci\u00f3n"},"content":{"rendered":"<h1 style=\"text-align: left\"><a href=\"https:\/\/blogsaverroes.juntadeandalucia.es\/iesalfonsoxi\/files\/2018\/11\/orientacion2.jpg\"><img decoding=\"async\" class=\" wp-image-3691 alignleft\" src=\"https:\/\/blogsaverroes.juntadeandalucia.es\/iesalfonsoxi\/files\/2018\/11\/orientacion2.jpg\" alt=\"\" width=\"166\" height=\"171\" srcset=\"https:\/\/blogsaverroes.juntadeandalucia.es\/iesalfonsoxi\/files\/2018\/11\/orientacion2.jpg 221w, https:\/\/blogsaverroes.juntadeandalucia.es\/iesalfonsoxi\/files\/2018\/11\/orientacion2-24x24.jpg 24w, https:\/\/blogsaverroes.juntadeandalucia.es\/iesalfonsoxi\/files\/2018\/11\/orientacion2-36x36.jpg 36w, https:\/\/blogsaverroes.juntadeandalucia.es\/iesalfonsoxi\/files\/2018\/11\/orientacion2-48x48.jpg 48w\" sizes=\"(max-width: 166px) 100vw, 166px\" \/><\/a>&nbsp;<\/h1>\n<h2 style=\"text-align: center\"><span style=\"color: #993366\"><strong>Orientaci\u00f3n educativa<\/strong><\/span><\/h2>\n<p style=\"text-align: justify\">&nbsp; &nbsp; La orientaci\u00f3n contribuye al desarrollo de las facetas personal, acad\u00e9mica y profesional de los alumnos y alumnas. Es un proceso en el que deben involucrarse las familias y para el cual pueden acudir a los tutores y al asesoramiento y apoyo de los orientadores de los centros educativos. Entre sus objetivos principales se encuentran los siguientes:<\/p>\n<ul>\n<li style=\"text-align: justify\">Resolver problemas de la vida acad\u00e9mica, como dificultades durante el proceso de aprendizaje, ausencia de motivaci\u00f3n, etc.<\/li>\n<li style=\"text-align: justify\">Tomar decisiones sobre itinerarios de estudio e incorporaci\u00f3n al mundo laboral.<\/li>\n<li style=\"text-align: justify\">Convivencia y educaci\u00f3n en valores.<\/li>\n<\/ul>\n<p>&nbsp;<\/p>\n<ul>\n<li>\n<h3><strong><em><span style=\"color: #993366\">As\u00ed trabaja nuestro departamento de Orientaci\u00f3n:<\/span><\/em><\/strong><\/h3>\n<\/li>\n<\/ul>\n<div style=\"width: 640px;\" class=\"wp-video\"><!--[if lt IE 9]><script>document.createElement('video');<\/script><![endif]-->\n<video class=\"wp-video-shortcode\" id=\"video-3099-1\" width=\"640\" height=\"352\" preload=\"metadata\" controls=\"controls\"><source type=\"video\/mp4\" src=\"https:\/\/blogsaverroes.juntadeandalucia.es\/iesalfonsoxi\/files\/2021\/03\/VID-20210212-WA0007.mp4?_=1\" \/><a href=\"https:\/\/blogsaverroes.juntadeandalucia.es\/iesalfonsoxi\/files\/2021\/03\/VID-20210212-WA0007.mp4\">https:\/\/blogsaverroes.juntadeandalucia.es\/iesalfonsoxi\/files\/2021\/03\/VID-20210212-WA0007.mp4<\/a><\/video><\/div>\n<p>&nbsp;<\/p>\n<ul>\n<li>\n<h3><strong><em><span style=\"color: #993366\"><a style=\"color: #993366\" href=\"http:\/\/orientacionalcala.blogspot.com\/\">Blog de la orientadora del IES Alfonso XI&nbsp; (Antonia Lucena Prieto)<\/a><\/span><\/em><\/strong><\/h3>\n<\/li>\n<\/ul>\n<p>&nbsp;<\/p>\n<ul>\n<li>\n<h3><em><strong><span style=\"color: #993366\">Conoce actividades 2020-21 de nuestro estupendo departamento de Orientaci\u00f3n<\/span><\/strong><\/em><\/h3>\n<\/li>\n<\/ul>\n<p>&nbsp;<\/p>\n<div style=\"width: 750px;\" class=\"wp-video\"><video class=\"wp-video-shortcode\" id=\"video-3099-2\" width=\"750\" height=\"425\" preload=\"metadata\" controls=\"controls\"><source type=\"video\/mp4\" src=\"https:\/\/blogsaverroes.juntadeandalucia.es\/iesalfonsoxi\/files\/2021\/03\/VID-20210215-WA0006.mp4?_=2\" \/><a href=\"https:\/\/blogsaverroes.juntadeandalucia.es\/iesalfonsoxi\/files\/2021\/03\/VID-20210215-WA0006.mp4\">https:\/\/blogsaverroes.juntadeandalucia.es\/iesalfonsoxi\/files\/2021\/03\/VID-20210215-WA0006.mp4<\/a><\/video><\/div>\n<table class=\" aligncenter\" style=\"height: 342px;width: 74.9602%;background-color: #fffcfc\">\n<tbody>\n<tr style=\"height: 57px\">\n<td style=\"width: 57.8512%;height: 57px\" colspan=\"2\">&nbsp;<\/td>\n<td style=\"width: 39.876%;height: 57px\" bgcolor=\"#E3CEF6\">&nbsp;<\/p>\n<h6 style=\"text-align: center\">&nbsp;<strong>Puesto o Especialidad<\/strong><\/h6>\n<\/td>\n<\/tr>\n<tr style=\"height: 43px\">\n<td style=\"width: 18.1818%;height: 43px\" bgcolor=\"#E3CEF6\">\n<h6><strong>Jefatura de departamento<\/strong><\/h6>\n<\/td>\n<td style=\"width: 39.6694%;height: 43px;border-style: solid;text-align: center\">\n<h6>Antonia Lucena Prieto<\/h6>\n<\/td>\n<td style=\"width: 39.876%;height: 43px;border-style: solid;text-align: center\">\n<h6>Orientaci\u00f3n educativa PES<\/h6>\n<\/td>\n<\/tr>\n<tr style=\"height: 57px\">\n<td style=\"width: 18.1818%;height: 100.042px\" rowspan=\"2\" bgcolor=\"#E3CEF6\">\n<h6><strong>Componentes<\/strong><\/h6>\n<\/td>\n<td style=\"width: 39.6694%;height: 57px;border-style: solid;text-align: center\">\n<h6>Carrillo Var\u00f3n Antonio David<\/h6>\n<\/td>\n<td style=\"width: 39.876%;height: 57px;border-style: solid;text-align: center\">\n<h6>Pedagog\u00eda Terap\u00e9utica ESO<\/h6>\n<\/td>\n<\/tr>\n<tr style=\"height: 43.0417px\">\n<td style=\"width: 39.6694%;height: 43.0417px;border-style: solid;text-align: center\">\n<h6>&nbsp;<\/h6>\n<\/td>\n<td style=\"width: 39.876%;height: 43.0417px;border-style: solid;text-align: center\">\n<h6>Monitora Educaci\u00f3n especial<\/h6>\n<\/td>\n<\/tr>\n<\/tbody>\n<\/table>\n<h3>&nbsp;<\/h3>\n<h3>&nbsp;<\/h3>\n<h3>&nbsp;<\/h3>\n<h3>&nbsp;<\/h3>\n<h3><strong><span style=\"color: #993366\">Programaci\u00f3n:<\/span> <\/strong>&nbsp;<a href=\"https:\/\/drive.google.com\/file\/d\/1bnJX6vFL5VS1CDBpHhA2Upl4MhXMNIgg\/view?usp=sharing\">POAT 21-22<\/a><\/h3>\n<div class=\"pt-cv-wrapper\"><div class=\"pt-cv-view pt-cv-grid pt-cv-colsys\" id=\"pt-cv-view-57d23bbscd\"><div data-id=\"pt-cv-page-1\" class=\"pt-cv-page\" data-cvc=\"2\"><div class=\"col-md-6 col-sm-6 col-xs-12 pt-cv-content-item pt-cv-1-col\" ><div class='pt-cv-ifield'><a href=\"https:\/\/blogsaverroes.juntadeandalucia.es\/iesalfonsoxi\/2024\/06\/03\/15707\/\" class=\"_self pt-cv-href-thumbnail pt-cv-thumb-default\" target=\"_self\" ><img decoding=\"async\" width=\"150\" height=\"150\" src=\"https:\/\/blogsaverroes.juntadeandalucia.es\/iesalfonsoxi\/files\/2024\/06\/WhatsApp-Image-2024-06-03-at-10.50.11-150x150.jpeg\" class=\"pt-cv-thumbnail\" alt=\"\" \/><\/a>\n<h4 class=\"pt-cv-title\"><a href=\"https:\/\/blogsaverroes.juntadeandalucia.es\/iesalfonsoxi\/2024\/06\/03\/15707\/\" class=\"_self\" target=\"_self\" >Conocemos la FP B\u00e1sica<\/a><\/h4>\n<div class=\"pt-cv-content\">Hoy nuestros alumn@s conocen la Formaci\u00f3n Profesional B\u00e1sica de Inform\u00e1tica y Comunicaciones. Opci\u00f3n educativa que podr\u00e1n cursar en el IES ...<br \/><div class=\"pt-cv-rmwrap\"><a href=\"https:\/\/blogsaverroes.juntadeandalucia.es\/iesalfonsoxi\/2024\/06\/03\/15707\/\" class=\"_self pt-cv-readmore btn btn-success\" target=\"_self\">Leer M\u00e1s<\/a><\/div><\/div><\/div><\/div>\n<div class=\"col-md-6 col-sm-6 col-xs-12 pt-cv-content-item pt-cv-1-col\" ><div class='pt-cv-ifield'><a href=\"https:\/\/blogsaverroes.juntadeandalucia.es\/iesalfonsoxi\/2024\/05\/10\/jornadas-de-puertas-abiertas-ensenanzas-post-obligatorias\/\" class=\"_self pt-cv-href-thumbnail pt-cv-thumb-default\" target=\"_self\" ><img decoding=\"async\" width=\"150\" height=\"150\" src=\"https:\/\/blogsaverroes.juntadeandalucia.es\/iesalfonsoxi\/files\/2024\/05\/j14-150x150.jpg\" class=\"pt-cv-thumbnail\" alt=\"\" \/><\/a>\n<h4 class=\"pt-cv-title\"><a href=\"https:\/\/blogsaverroes.juntadeandalucia.es\/iesalfonsoxi\/2024\/05\/10\/jornadas-de-puertas-abiertas-ensenanzas-post-obligatorias\/\" class=\"_self\" target=\"_self\" >Jornadas de puertas abiertas ense\u00f1anzas post-obligatorias<\/a><\/h4>\n<div class=\"pt-cv-content\">Hoy estamos encantados de haber abierto nuestro centro a alumnado de IES Antonio de Mendoza, SAFA y Cristo Rey. Todos ...<br \/><div class=\"pt-cv-rmwrap\"><a href=\"https:\/\/blogsaverroes.juntadeandalucia.es\/iesalfonsoxi\/2024\/05\/10\/jornadas-de-puertas-abiertas-ensenanzas-post-obligatorias\/\" class=\"_self pt-cv-readmore btn btn-success\" target=\"_self\">Leer M\u00e1s<\/a><\/div><\/div><\/div><\/div>\n<div class=\"col-md-6 col-sm-6 col-xs-12 pt-cv-content-item pt-cv-1-col\" ><div class='pt-cv-ifield'><a href=\"https:\/\/blogsaverroes.juntadeandalucia.es\/iesalfonsoxi\/2024\/04\/30\/ayudas-para-alumnado-con-necesidades-especificas-de-apoyo-educativo\/\" class=\"_self pt-cv-href-thumbnail pt-cv-thumb-default\" target=\"_self\" ><\/a>\n<h4 class=\"pt-cv-title\"><a href=\"https:\/\/blogsaverroes.juntadeandalucia.es\/iesalfonsoxi\/2024\/04\/30\/ayudas-para-alumnado-con-necesidades-especificas-de-apoyo-educativo\/\" class=\"_self\" target=\"_self\" >Ayudas para alumnado con necesidades espec\u00edficas de apoyo educativo<\/a><\/h4>\n<div class=\"pt-cv-content\">Plazo de solicitud abierto: del 30 de abril al 13 de septiembre de 2024. En funci\u00f3n de si el alumn@ ...<br \/><div class=\"pt-cv-rmwrap\"><a href=\"https:\/\/blogsaverroes.juntadeandalucia.es\/iesalfonsoxi\/2024\/04\/30\/ayudas-para-alumnado-con-necesidades-especificas-de-apoyo-educativo\/\" class=\"_self pt-cv-readmore btn btn-success\" target=\"_self\">Leer M\u00e1s<\/a><\/div><\/div><\/div><\/div>\n<div class=\"col-md-6 col-sm-6 col-xs-12 pt-cv-content-item pt-cv-1-col\" ><div class='pt-cv-ifield'><a href=\"https:\/\/blogsaverroes.juntadeandalucia.es\/iesalfonsoxi\/2024\/04\/22\/charla-sobre-el-virus-del-papiloma-humano\/\" class=\"_self pt-cv-href-thumbnail pt-cv-thumb-default\" target=\"_self\" ><img loading=\"lazy\" decoding=\"async\" width=\"150\" height=\"150\" src=\"https:\/\/blogsaverroes.juntadeandalucia.es\/iesalfonsoxi\/files\/2024\/04\/WhatsApp-Image-2024-04-22-at-09.44.32-150x150.jpeg\" class=\"pt-cv-thumbnail\" alt=\"\" \/><\/a>\n<h4 class=\"pt-cv-title\"><a href=\"https:\/\/blogsaverroes.juntadeandalucia.es\/iesalfonsoxi\/2024\/04\/22\/charla-sobre-el-virus-del-papiloma-humano\/\" class=\"_self\" target=\"_self\" >Charla sobre el Virus del Papiloma Humano<\/a><\/h4>\n<div class=\"pt-cv-content\">Charla sobre el Virus del Papiloma Humano: qu\u00e9 es, c\u00f3mo se contagia, c\u00f3mo prevenirlo y todo sobre su vacuna. Impartida ...<br \/><div class=\"pt-cv-rmwrap\"><a href=\"https:\/\/blogsaverroes.juntadeandalucia.es\/iesalfonsoxi\/2024\/04\/22\/charla-sobre-el-virus-del-papiloma-humano\/\" class=\"_self pt-cv-readmore btn btn-success\" target=\"_self\">Leer M\u00e1s<\/a><\/div><\/div><\/div><\/div>\n<div class=\"col-md-6 col-sm-6 col-xs-12 pt-cv-content-item pt-cv-1-col\" ><div class='pt-cv-ifield'><a href=\"https:\/\/blogsaverroes.juntadeandalucia.es\/iesalfonsoxi\/2024\/04\/17\/ix-salon-estudiantil-de-la-ugr\/\" class=\"_self pt-cv-href-thumbnail pt-cv-thumb-default\" target=\"_self\" ><img loading=\"lazy\" decoding=\"async\" width=\"150\" height=\"150\" src=\"https:\/\/blogsaverroes.juntadeandalucia.es\/iesalfonsoxi\/files\/2024\/04\/WhatsApp-Image-2024-04-15-at-10.56.40-150x150.jpeg\" class=\"pt-cv-thumbnail\" alt=\"\" \/><\/a>\n<h4 class=\"pt-cv-title\"><a href=\"https:\/\/blogsaverroes.juntadeandalucia.es\/iesalfonsoxi\/2024\/04\/17\/ix-salon-estudiantil-de-la-ugr\/\" class=\"_self\" target=\"_self\" >IX Sal\u00f3n estudiantil de la UGR<\/a><\/h4>\n<div class=\"pt-cv-content\">Nuestro alumnado de 2 de Bachillerato visita hoy el IX Sal\u00f3n estudiantil de la UGR, para ampliar el conocimiento de ...<br \/><div class=\"pt-cv-rmwrap\"><a href=\"https:\/\/blogsaverroes.juntadeandalucia.es\/iesalfonsoxi\/2024\/04\/17\/ix-salon-estudiantil-de-la-ugr\/\" class=\"_self pt-cv-readmore btn btn-success\" target=\"_self\">Leer M\u00e1s<\/a><\/div><\/div><\/div><\/div>\n<div class=\"col-md-6 col-sm-6 col-xs-12 pt-cv-content-item pt-cv-1-col\" ><div class='pt-cv-ifield'><a href=\"https:\/\/blogsaverroes.juntadeandalucia.es\/iesalfonsoxi\/2024\/04\/10\/pioneras-informaticas\/\" class=\"_self pt-cv-href-thumbnail pt-cv-thumb-default\" target=\"_self\" ><img loading=\"lazy\" decoding=\"async\" width=\"150\" height=\"150\" src=\"https:\/\/blogsaverroes.juntadeandalucia.es\/iesalfonsoxi\/files\/2024\/04\/WhatsApp-Image-2024-04-09-at-11.03.20-1-150x150.jpeg\" class=\"pt-cv-thumbnail\" alt=\"\" \/><\/a>\n<h4 class=\"pt-cv-title\"><a href=\"https:\/\/blogsaverroes.juntadeandalucia.es\/iesalfonsoxi\/2024\/04\/10\/pioneras-informaticas\/\" class=\"_self\" target=\"_self\" >Pioneras Inform\u00e1ticas<\/a><\/h4>\n<div class=\"pt-cv-content\">La inform\u00e1tica es una carrera prodigiosa para alguien que quiera cambiar el mundo. Los beneficios que obtiene la Sociedad de ...<br \/><div class=\"pt-cv-rmwrap\"><a href=\"https:\/\/blogsaverroes.juntadeandalucia.es\/iesalfonsoxi\/2024\/04\/10\/pioneras-informaticas\/\" class=\"_self pt-cv-readmore btn btn-success\" target=\"_self\">Leer M\u00e1s<\/a><\/div><\/div><\/div><\/div>\n<div class=\"col-md-6 col-sm-6 col-xs-12 pt-cv-content-item pt-cv-1-col\" ><div class='pt-cv-ifield'><a href=\"https:\/\/blogsaverroes.juntadeandalucia.es\/iesalfonsoxi\/2024\/03\/18\/pide-ya-tu-beca\/\" class=\"_self pt-cv-href-thumbnail pt-cv-thumb-default\" target=\"_self\" ><img loading=\"lazy\" decoding=\"async\" width=\"150\" height=\"150\" src=\"https:\/\/blogsaverroes.juntadeandalucia.es\/iesalfonsoxi\/files\/2024\/03\/WhatsApp-Image-2024-03-17-at-20.17.49-150x150.jpeg\" class=\"pt-cv-thumbnail\" alt=\"\" \/><\/a>\n<h4 class=\"pt-cv-title\"><a href=\"https:\/\/blogsaverroes.juntadeandalucia.es\/iesalfonsoxi\/2024\/03\/18\/pide-ya-tu-beca\/\" class=\"_self\" target=\"_self\" >Pide ya tu beca<\/a><\/h4>\n<div class=\"pt-cv-content\">La convocatoria general de becas y ayudas al estudio para el curso 2024-2025 se abrir\u00e1 el pr\u00f3ximo martes, 19 de ...<br \/><div class=\"pt-cv-rmwrap\"><a href=\"https:\/\/blogsaverroes.juntadeandalucia.es\/iesalfonsoxi\/2024\/03\/18\/pide-ya-tu-beca\/\" class=\"_self pt-cv-readmore btn btn-success\" target=\"_self\">Leer M\u00e1s<\/a><\/div><\/div><\/div><\/div>\n<div class=\"col-md-6 col-sm-6 col-xs-12 pt-cv-content-item pt-cv-1-col\" ><div class='pt-cv-ifield'><a href=\"https:\/\/blogsaverroes.juntadeandalucia.es\/iesalfonsoxi\/2024\/03\/13\/talleres-de-educacion-afectivo-sexual\/\" class=\"_self pt-cv-href-thumbnail pt-cv-thumb-default\" target=\"_self\" ><img loading=\"lazy\" decoding=\"async\" width=\"150\" height=\"150\" src=\"https:\/\/blogsaverroes.juntadeandalucia.es\/iesalfonsoxi\/files\/2024\/03\/WhatsApp-Image-2024-03-13-at-19.54.18-150x150.jpeg\" class=\"pt-cv-thumbnail\" alt=\"\" \/><\/a>\n<h4 class=\"pt-cv-title\"><a href=\"https:\/\/blogsaverroes.juntadeandalucia.es\/iesalfonsoxi\/2024\/03\/13\/talleres-de-educacion-afectivo-sexual\/\" class=\"_self\" target=\"_self\" >Talleres de educaci\u00f3n afectivo sexual<\/a><\/h4>\n<div class=\"pt-cv-content\">Estrenando en los talleres de educaci\u00f3n Afectivo sexual con los grupos de 2 de ESO los libros que compr\u00f3 el ...<br \/><div class=\"pt-cv-rmwrap\"><a href=\"https:\/\/blogsaverroes.juntadeandalucia.es\/iesalfonsoxi\/2024\/03\/13\/talleres-de-educacion-afectivo-sexual\/\" class=\"_self pt-cv-readmore btn btn-success\" target=\"_self\">Leer M\u00e1s<\/a><\/div><\/div><\/div><\/div>\n<div class=\"col-md-6 col-sm-6 col-xs-12 pt-cv-content-item pt-cv-1-col\" ><div class='pt-cv-ifield'><a href=\"https:\/\/blogsaverroes.juntadeandalucia.es\/iesalfonsoxi\/2024\/03\/13\/8-de-marzo-dia-internacional-de-la-mujer-trabajadora\/\" class=\"_self pt-cv-href-thumbnail pt-cv-thumb-default\" target=\"_self\" ><img loading=\"lazy\" decoding=\"async\" width=\"150\" height=\"150\" src=\"https:\/\/blogsaverroes.juntadeandalucia.es\/iesalfonsoxi\/files\/2024\/03\/WhatsApp-Image-2024-03-13-at-21.38.18-150x150.jpeg\" class=\"pt-cv-thumbnail\" alt=\"\" \/><\/a>\n<h4 class=\"pt-cv-title\"><a href=\"https:\/\/blogsaverroes.juntadeandalucia.es\/iesalfonsoxi\/2024\/03\/13\/8-de-marzo-dia-internacional-de-la-mujer-trabajadora\/\" class=\"_self\" target=\"_self\" >8 DE MARZO: D\u00cdA INTERNACIONAL DE LA MUJER TRABAJADORA<\/a><\/h4>\n<div class=\"pt-cv-content\">Es tradici\u00f3n ya en el centro celebrar esta efem\u00e9ride conociendo el papel de la mujer en diferentes sectores. Tras conocer ...<br \/><div class=\"pt-cv-rmwrap\"><a href=\"https:\/\/blogsaverroes.juntadeandalucia.es\/iesalfonsoxi\/2024\/03\/13\/8-de-marzo-dia-internacional-de-la-mujer-trabajadora\/\" class=\"_self pt-cv-readmore btn btn-success\" target=\"_self\">Leer M\u00e1s<\/a><\/div><\/div><\/div><\/div>\n<div class=\"col-md-6 col-sm-6 col-xs-12 pt-cv-content-item pt-cv-1-col\" ><div class='pt-cv-ifield'><a href=\"https:\/\/blogsaverroes.juntadeandalucia.es\/iesalfonsoxi\/2024\/03\/04\/solicitud-de-plazas-en-residencias-escolares\/\" class=\"_self pt-cv-href-thumbnail pt-cv-thumb-default\" target=\"_self\" ><img loading=\"lazy\" decoding=\"async\" width=\"150\" height=\"150\" src=\"https:\/\/blogsaverroes.juntadeandalucia.es\/iesalfonsoxi\/files\/2024\/03\/r-150x150.jpeg\" class=\"pt-cv-thumbnail\" alt=\"\" \/><\/a>\n<h4 class=\"pt-cv-title\"><a href=\"https:\/\/blogsaverroes.juntadeandalucia.es\/iesalfonsoxi\/2024\/03\/04\/solicitud-de-plazas-en-residencias-escolares\/\" class=\"_self\" target=\"_self\" >Solicitud de plaza en Residencias escolares<\/a><\/h4>\n<div class=\"pt-cv-content\">Abierto el plazo para la solicitud de plaza en Residencias escolares para el alumnado que desee cursar ense\u00f1anzas postobligatorias (Ciclos ...<br \/><div class=\"pt-cv-rmwrap\"><a href=\"https:\/\/blogsaverroes.juntadeandalucia.es\/iesalfonsoxi\/2024\/03\/04\/solicitud-de-plazas-en-residencias-escolares\/\" class=\"_self pt-cv-readmore btn btn-success\" target=\"_self\">Leer M\u00e1s<\/a><\/div><\/div><\/div><\/div><\/div><\/div><\/div>\n&nbsp;<\/p>\n<p>&nbsp;<\/p>\n","protected":false},"excerpt":{"rendered":"<p>&nbsp; Orientaci\u00f3n educativa &nbsp; &nbsp; La orientaci\u00f3n contribuye al desarrollo de las facetas personal, acad\u00e9mica y profesional de los alumnos y alumnas. Es un proceso en el que deben involucrarse las familias y para el cual pueden acudir a los tutores y al asesoramiento y apoyo de los orientadores de los centros educativos. Entre sus &hellip; <\/p>\n<p><a class=\"more-link btn\" href=\"https:\/\/blogsaverroes.juntadeandalucia.es\/iesalfonsoxi\/orientacion-4\/\">Seguir leyendo<\/a><\/p>\n","protected":false},"author":6379,"featured_media":0,"parent":0,"menu_order":0,"comment_status":"closed","ping_status":"closed","template":"page-cs.php","meta":{"ngg_post_thumbnail":0,"footnotes":"","_mc_calendar":[]},"aioseo_notices":[],"_links":{"self":[{"href":"https:\/\/blogsaverroes.juntadeandalucia.es\/iesalfonsoxi\/wp-json\/wp\/v2\/pages\/3099"}],"collection":[{"href":"https:\/\/blogsaverroes.juntadeandalucia.es\/iesalfonsoxi\/wp-json\/wp\/v2\/pages"}],"about":[{"href":"https:\/\/blogsaverroes.juntadeandalucia.es\/iesalfonsoxi\/wp-json\/wp\/v2\/types\/page"}],"author":[{"embeddable":true,"href":"https:\/\/blogsaverroes.juntadeandalucia.es\/iesalfonsoxi\/wp-json\/wp\/v2\/users\/6379"}],"replies":[{"embeddable":true,"href":"https:\/\/blogsaverroes.juntadeandalucia.es\/iesalfonsoxi\/wp-json\/wp\/v2\/comments?post=3099"}],"version-history":[{"count":34,"href":"https:\/\/blogsaverroes.juntadeandalucia.es\/iesalfonsoxi\/wp-json\/wp\/v2\/pages\/3099\/revisions"}],"predecessor-version":[{"id":3776,"href":"https:\/\/blogsaverroes.juntadeandalucia.es\/iesalfonsoxi\/wp-json\/wp\/v2\/pages\/3099\/revisions\/3776"}],"wp:attachment":[{"href":"https:\/\/blogsaverroes.juntadeandalucia.es\/iesalfonsoxi\/wp-json\/wp\/v2\/media?parent=3099"}],"curies":[{"name":"wp","href":"https:\/\/api.w.org\/{rel}","templated":true}]}}