{"id":4967,"date":"2019-03-19T10:27:12","date_gmt":"2019-03-19T10:27:12","guid":{"rendered":"https:\/\/blogsaverroes.juntadeandalucia.es\/iesalfonsoxi\/?page_id=4967"},"modified":"2024-07-09T08:31:55","modified_gmt":"2024-07-09T08:31:55","slug":"tic-pasen","status":"publish","type":"page","link":"https:\/\/blogsaverroes.juntadeandalucia.es\/iesalfonsoxi\/tic-pasen\/","title":{"rendered":"TIC-Pasen"},"content":{"rendered":"<p><b>PASEN: <\/b>es servicio de la Consejer\u00eda de Educaci\u00f3n&nbsp;que permite la&nbsp;<b>comunicaci\u00f3n<\/b> entre los distintos miembros de la comunidad educativa&nbsp;(tutores\/as legales, alumnado, cargos directivos y profesorado).&nbsp;<\/p>\n<div class=\"embed-container\"><iframe title=\"PASEN\" width=\"750\" height=\"422\" src=\"https:\/\/www.youtube.com\/embed\/7ShGT1uK_Wg?feature=oembed\" frameborder=\"0\" allow=\"accelerometer; autoplay; clipboard-write; encrypted-media; gyroscope; picture-in-picture; web-share\" referrerpolicy=\"strict-origin-when-cross-origin\" allowfullscreen><\/iframe><\/div>\n<p><b>iPasen<\/b> es la versi\u00f3n para m\u00f3viles y tabletas de PASEN.<\/p>\n<p>Ya pueden descargarse las versiones de iPasen para iOS y Android. Ambas est\u00e1n disponibles en sus respectivos repositorios de la <b>AppStore<\/b> y <b>Google Play<\/b><\/p>\n<p><a href=\"https:\/\/blogsaverroes.juntadeandalucia.es\/iesalfonsoxi\/files\/2019\/03\/ipasen-android.jpg\"><img fetchpriority=\"high\" decoding=\"async\" class=\"wp-image-4954 alignleft\" src=\"https:\/\/blogsaverroes.juntadeandalucia.es\/iesalfonsoxi\/files\/2019\/03\/ipasen-android.jpg\" alt=\"\" width=\"309\" height=\"222\" srcset=\"https:\/\/blogsaverroes.juntadeandalucia.es\/iesalfonsoxi\/files\/2019\/03\/ipasen-android.jpg 521w, https:\/\/blogsaverroes.juntadeandalucia.es\/iesalfonsoxi\/files\/2019\/03\/ipasen-android-300x215.jpg 300w, https:\/\/blogsaverroes.juntadeandalucia.es\/iesalfonsoxi\/files\/2019\/03\/ipasen-android-24x17.jpg 24w, https:\/\/blogsaverroes.juntadeandalucia.es\/iesalfonsoxi\/files\/2019\/03\/ipasen-android-36x26.jpg 36w, https:\/\/blogsaverroes.juntadeandalucia.es\/iesalfonsoxi\/files\/2019\/03\/ipasen-android-48x34.jpg 48w\" sizes=\"(max-width: 309px) 100vw, 309px\" \/><\/a><a href=\"https:\/\/blogsaverroes.juntadeandalucia.es\/iesalfonsoxi\/files\/2019\/03\/ipasen-ios.jpg\"><img decoding=\"async\" class=\" wp-image-4953 alignleft\" src=\"https:\/\/blogsaverroes.juntadeandalucia.es\/iesalfonsoxi\/files\/2019\/03\/ipasen-ios.jpg\" alt=\"\" width=\"309\" height=\"216\" srcset=\"https:\/\/blogsaverroes.juntadeandalucia.es\/iesalfonsoxi\/files\/2019\/03\/ipasen-ios.jpg 514w, https:\/\/blogsaverroes.juntadeandalucia.es\/iesalfonsoxi\/files\/2019\/03\/ipasen-ios-300x210.jpg 300w, https:\/\/blogsaverroes.juntadeandalucia.es\/iesalfonsoxi\/files\/2019\/03\/ipasen-ios-24x17.jpg 24w, https:\/\/blogsaverroes.juntadeandalucia.es\/iesalfonsoxi\/files\/2019\/03\/ipasen-ios-36x25.jpg 36w, https:\/\/blogsaverroes.juntadeandalucia.es\/iesalfonsoxi\/files\/2019\/03\/ipasen-ios-48x34.jpg 48w\" sizes=\"(max-width: 309px) 100vw, 309px\" \/><\/a><\/p>\n<p>&nbsp;<\/p>\n<p>&nbsp;<\/p>\n<p>&nbsp;<\/p>\n<p>&nbsp;<\/p>\n<p>&nbsp;<\/p>\n<p>&nbsp;<\/p>\n<p>&nbsp;<\/p>\n<p><b>Funcionalidades:<\/b><\/p>\n<p>&#8211; Consultas de los datos del centro educativo.<br \/>\n&#8211; Consulta del Calendario escolar oficial.<br \/>\n&#8211; Consulta del Tabl\u00f3n de anuncios.<br \/>\n&#8211; Consulta del Horario escolar de sus hijos.<br \/>\n&#8211; Consulta, justificaci\u00f3n y comunicaci\u00f3n de ausencias de sus hijos.<br \/>\n&#8211; Consulta de las Calificaciones en cualquier materia.<br \/>\n&#8211; Consulta de las actividades evaluables, tareas, controles, etc, creados en los Cuadernos de clase del profesorado.<br \/>\n&#8211; Consulta de las Observaciones que se hayan introducido por parte del profesorado sobre la marcha de sus hijos.<br \/>\n&#8211; Recepci\u00f3n de Notificaciones enviadas desde S\u00e9neca por ausencias de sus hijos o cualquier otro tipo de mensaje.<br \/>\n&#8211; Subida de la foto del alumnado a su ficha.<\/p>\n<p>&nbsp;<\/p>\n<p><strong>Si no puede acceder a Pasen:<\/strong><\/p>\n<div class=\"inner_cuerpo\">\n<p>Est\u00e1 disponible un nuevo procedimiento de \u00abautologin\u00bb para usuarios con perfiles tutor\/a legal y alumnado (tanto emancipado como no), mediante el cual cualquier padre\/madre o alumno\/a podr\u00e1 realizar un proceso de \u00abautologin\u00bb para obtener las credenciales de acceso a PASEN.<\/p>\n<p>Para realizar el \u00abautologin\u00bb a trav\u00e9s de la aplicaci\u00f3n web o de la app iPasen, las familias deber\u00e1n pinchar en el enlace &#8216;No tengo acceso&#8217; de la pantalla de login. Se requerir\u00e1n tres datos: El NIF, una fecha de nacimiento (de algunos de sus hijos\/as o la suya propia) y un n\u00famero de tel\u00e9fono m\u00f3vil donde recibir\u00e1 por SMS las credenciales. Este \u00faltimo deber\u00e1 coincidir con el que consta en S\u00e9neca para los tutores legales o para el alumnado.<\/p>\n<p><span class=\"wrapper-img\">Videotutorial sobre c\u00f3mo realizar el autologin en la app iPasen<\/span><\/p>\n<div class=\"embed-container\"><iframe title=\"Autologin o autorregistro en iPasen\" width=\"750\" height=\"563\" src=\"https:\/\/www.youtube.com\/embed\/cHLova48ULE?feature=oembed\" frameborder=\"0\" allow=\"accelerometer; autoplay; clipboard-write; encrypted-media; gyroscope; picture-in-picture; web-share\" referrerpolicy=\"strict-origin-when-cross-origin\" allowfullscreen><\/iframe><\/div>\n<p>Manuales:<\/p>\n<p><a href=\"https:\/\/blogsaverroes.juntadeandalucia.es\/iesalfonsoxi\/files\/2019\/03\/Manual_Pasen_perfil_Tutores-Legales.pdf\">Manual_Pasen_perfil_Tutores Legales<\/a><\/p>\n<p><a href=\"https:\/\/blogsaverroes.juntadeandalucia.es\/iesalfonsoxi\/files\/2019\/03\/Manual_Pasen_perfil_Alumnado.pdf\">Manual_Pasen_perfil_Alumnado<\/a><\/p>\n<p>&nbsp;<\/p>\n<p>&nbsp;<\/p>\n<\/div>\n","protected":false},"excerpt":{"rendered":"<p>PASEN: es servicio de la Consejer\u00eda de Educaci\u00f3n&nbsp;que permite la&nbsp;comunicaci\u00f3n entre los distintos miembros de la comunidad educativa&nbsp;(tutores\/as legales, alumnado, cargos directivos y profesorado).&nbsp; iPasen es la versi\u00f3n para m\u00f3viles y tabletas de PASEN. Ya pueden descargarse las versiones de iPasen para iOS y Android. Ambas est\u00e1n disponibles en sus respectivos repositorios de la AppStore &hellip; <\/p>\n<p><a class=\"more-link btn\" href=\"https:\/\/blogsaverroes.juntadeandalucia.es\/iesalfonsoxi\/tic-pasen\/\">Seguir leyendo<\/a><\/p>\n","protected":false},"author":6379,"featured_media":0,"parent":0,"menu_order":0,"comment_status":"closed","ping_status":"closed","template":"","meta":{"ngg_post_thumbnail":0,"footnotes":"","_mc_calendar":[]},"aioseo_notices":[],"_links":{"self":[{"href":"https:\/\/blogsaverroes.juntadeandalucia.es\/iesalfonsoxi\/wp-json\/wp\/v2\/pages\/4967"}],"collection":[{"href":"https:\/\/blogsaverroes.juntadeandalucia.es\/iesalfonsoxi\/wp-json\/wp\/v2\/pages"}],"about":[{"href":"https:\/\/blogsaverroes.juntadeandalucia.es\/iesalfonsoxi\/wp-json\/wp\/v2\/types\/page"}],"author":[{"embeddable":true,"href":"https:\/\/blogsaverroes.juntadeandalucia.es\/iesalfonsoxi\/wp-json\/wp\/v2\/users\/6379"}],"replies":[{"embeddable":true,"href":"https:\/\/blogsaverroes.juntadeandalucia.es\/iesalfonsoxi\/wp-json\/wp\/v2\/comments?post=4967"}],"version-history":[{"count":8,"href":"https:\/\/blogsaverroes.juntadeandalucia.es\/iesalfonsoxi\/wp-json\/wp\/v2\/pages\/4967\/revisions"}],"predecessor-version":[{"id":16165,"href":"https:\/\/blogsaverroes.juntadeandalucia.es\/iesalfonsoxi\/wp-json\/wp\/v2\/pages\/4967\/revisions\/16165"}],"wp:attachment":[{"href":"https:\/\/blogsaverroes.juntadeandalucia.es\/iesalfonsoxi\/wp-json\/wp\/v2\/media?parent=4967"}],"curies":[{"name":"wp","href":"https:\/\/api.w.org\/{rel}","templated":true}]}}