{"id":4986,"date":"2019-03-19T11:26:05","date_gmt":"2019-03-19T11:26:05","guid":{"rendered":"https:\/\/blogsaverroes.juntadeandalucia.es\/iesalfonsoxi\/?page_id=4986"},"modified":"2023-09-15T11:21:19","modified_gmt":"2023-09-15T11:21:19","slug":"area-sociolinguistica","status":"publish","type":"page","link":"https:\/\/blogsaverroes.juntadeandalucia.es\/iesalfonsoxi\/area-sociolinguistica\/","title":{"rendered":"\u00c1rea Human\u00edstica"},"content":{"rendered":"<p><a href=\"https:\/\/blogsaverroes.juntadeandalucia.es\/iesalfonsoxi\/files\/2020\/07\/huma.jpg\"><img fetchpriority=\"high\" decoding=\"async\" class=\"wp-image-9060 aligncenter\" src=\"https:\/\/blogsaverroes.juntadeandalucia.es\/iesalfonsoxi\/files\/2020\/07\/huma.jpg\" alt=\"\" width=\"288\" height=\"200\" srcset=\"https:\/\/blogsaverroes.juntadeandalucia.es\/iesalfonsoxi\/files\/2020\/07\/huma.jpg 269w, https:\/\/blogsaverroes.juntadeandalucia.es\/iesalfonsoxi\/files\/2020\/07\/huma-24x17.jpg 24w, https:\/\/blogsaverroes.juntadeandalucia.es\/iesalfonsoxi\/files\/2020\/07\/huma-36x25.jpg 36w, https:\/\/blogsaverroes.juntadeandalucia.es\/iesalfonsoxi\/files\/2020\/07\/huma-48x33.jpg 48w\" sizes=\"(max-width: 288px) 100vw, 288px\" \/><\/a><\/p>\n<ul>\n<li style=\"text-align: center\"><a href=\"https:\/\/blogsaverroes.juntadeandalucia.es\/iesalfonsoxi\/dibujo\/\"><strong><span style=\"color: #993366\">Dibujo<\/span><\/strong><\/a><\/li>\n<li style=\"text-align: center\"><a href=\"https:\/\/blogsaverroes.juntadeandalucia.es\/iesalfonsoxi\/musica\/\"><strong><span style=\"color: #993366\">M\u00fasica<\/span><\/strong><\/a><\/li>\n<li style=\"text-align: center\"><a href=\"https:\/\/blogsaverroes.juntadeandalucia.es\/iesalfonsoxi\/filosofia-2\/\"><strong><span style=\"color: #993366\">Filosof\u00eda<\/span><\/strong><\/a><\/li>\n<li style=\"text-align: center\"><a href=\"https:\/\/blogsaverroes.juntadeandalucia.es\/iesalfonsoxi\/geografia-e-historia-2\/\"><strong><span style=\"color: #993366\">Geograf\u00eda e Historia<\/span><\/strong><\/a><\/li>\n<li style=\"text-align: center\"><a href=\"https:\/\/blogsaverroes.juntadeandalucia.es\/iesalfonsoxi\/educacion-fisica-2\/\"><strong><span style=\"color: #993366\">Educaci\u00f3n F\u00edsica<\/span><\/strong><\/a><\/li>\n<\/ul>\n<p>&nbsp;<\/p>\n<p>&nbsp;<\/p>\n<p style=\"text-align: center\"><strong><span style=\"color: #993366\">Coordinador de \u00c1rea: M\u00aa Olalla Esp\u00ednola Valenzuela<br \/>\n<\/span><\/strong><\/p>\n<p>&nbsp;<\/p>\n<p>&nbsp;<\/p>\n<p>&nbsp;<\/p>\n<p>&nbsp;<\/p>\n","protected":false},"excerpt":{"rendered":"<p>Dibujo M\u00fasica Filosof\u00eda Geograf\u00eda e Historia Educaci\u00f3n F\u00edsica &nbsp; &nbsp; Coordinador de \u00c1rea: M\u00aa Olalla Esp\u00ednola Valenzuela &nbsp; &nbsp; &nbsp; &nbsp;<\/p>\n","protected":false},"author":6379,"featured_media":0,"parent":0,"menu_order":0,"comment_status":"closed","ping_status":"closed","template":"","meta":{"ngg_post_thumbnail":0,"footnotes":"","_mc_calendar":[]},"aioseo_notices":[],"_links":{"self":[{"href":"https:\/\/blogsaverroes.juntadeandalucia.es\/iesalfonsoxi\/wp-json\/wp\/v2\/pages\/4986"}],"collection":[{"href":"https:\/\/blogsaverroes.juntadeandalucia.es\/iesalfonsoxi\/wp-json\/wp\/v2\/pages"}],"about":[{"href":"https:\/\/blogsaverroes.juntadeandalucia.es\/iesalfonsoxi\/wp-json\/wp\/v2\/types\/page"}],"author":[{"embeddable":true,"href":"https:\/\/blogsaverroes.juntadeandalucia.es\/iesalfonsoxi\/wp-json\/wp\/v2\/users\/6379"}],"replies":[{"embeddable":true,"href":"https:\/\/blogsaverroes.juntadeandalucia.es\/iesalfonsoxi\/wp-json\/wp\/v2\/comments?post=4986"}],"version-history":[{"count":12,"href":"https:\/\/blogsaverroes.juntadeandalucia.es\/iesalfonsoxi\/wp-json\/wp\/v2\/pages\/4986\/revisions"}],"predecessor-version":[{"id":14350,"href":"https:\/\/blogsaverroes.juntadeandalucia.es\/iesalfonsoxi\/wp-json\/wp\/v2\/pages\/4986\/revisions\/14350"}],"wp:attachment":[{"href":"https:\/\/blogsaverroes.juntadeandalucia.es\/iesalfonsoxi\/wp-json\/wp\/v2\/media?parent=4986"}],"curies":[{"name":"wp","href":"https:\/\/api.w.org\/{rel}","templated":true}]}}