{"id":5021,"date":"2019-03-19T11:47:34","date_gmt":"2019-03-19T11:47:34","guid":{"rendered":"https:\/\/blogsaverroes.juntadeandalucia.es\/iesalfonsoxi\/?page_id=5021"},"modified":"2020-07-02T10:06:34","modified_gmt":"2020-07-02T10:06:34","slug":"centro-2","status":"publish","type":"page","link":"https:\/\/blogsaverroes.juntadeandalucia.es\/iesalfonsoxi\/centro-2\/","title":{"rendered":"Centro"},"content":{"rendered":"<h2 style=\"text-align: center\"><strong><span style=\"color: #993366\">IES ALFONSO XI<\/span><\/strong><\/h2>\n<p><strong><em><span style=\"color: #993366\">C\/Rodr\u00edguez Acosta n\u00ba2<\/span><\/em><\/strong><\/p>\n<p><strong><em><span style=\"color: #993366\">Tel\u00e9fono:953599534<\/span><\/em><\/strong><\/p>\n<p><strong><em><span style=\"color: #993366\">email: iesalfonso11@gmail.com<\/span><\/em><\/strong><\/p>\n<p><em><strong><span style=\"color: #993366\">www.iesalfonsoxi.com<\/span><\/strong><\/em><\/p>\n<p>&nbsp;<\/p>\nngg_shortcode_0_placeholder\n<p style=\"text-align: center\"><strong><span style=\"color: #993366\">ORGANIZACI\u00d3N DEL CENTRO<\/span><\/strong><\/p>\n<div id=\"comp-iuo9x63g\" class=\"txtNew\" data-packed=\"true\" data-vertical-text=\"false\">\n<p class=\"font_8\" style=\"text-align: justify\">La estructura organizativa es la forma en la que se ordena todo el conjunto de relaciones del Centro Educativo (puestos de trabajo, tareas, flujos de autoridad, coordinaci\u00f3n y toma de decisiones) mediante un nivel adecuado de comunicaci\u00f3n y coordinaci\u00f3n entre todos los miembros.<\/p>\n<p class=\"font_8\" style=\"text-align: justify\">Para coordinar su funcionamiento el Centro Escolar est\u00e1 organizado en la siguiente estructura b\u00e1sica:<\/p>\n<p class=\"font_8\" style=\"text-align: justify\">&nbsp;<\/p>\n<p class=\"font_8\"><span class=\"color_14\"><strong><span style=\"color: #993366\">\u00d3RGANOS DE GOBIERNO<\/span><\/strong>:<\/span><\/p>\n<ul class=\"color_20 font_8\">\n<li>\n<p class=\"font_8\"><span class=\"color_20\"><span style=\"color: #993366\">\u00d3rganos unipersonales<\/span>:<\/span> Conforman el Equipo Directivo, constituido por: director, vicedirector, jefa de estudios, jefa de estudios adjunta y secretaria.<\/p>\n<\/li>\n<\/ul>\n<ul class=\"color_20 font_8\">\n<li>\n<p class=\"font_8\">\u200b<span class=\"color_20\"><span style=\"color: #993366\">\u00d3rganos Colegiados<\/span>:<\/span> Consejo Escolar y el Claustro de Profesores.<\/p>\n<\/li>\n<\/ul>\n<p class=\"font_8\">&nbsp;<\/p>\n<p class=\"font_8\"><strong><span style=\"color: #993366\">\u00d3RGANOS DE COORDINACI\u00d3N DOCENTE:<\/span><\/strong><\/p>\n<p class=\"font_8\"><span class=\"wixGuard\">\u200b<\/span><\/p>\n<ul class=\"color_20 font_8\">\n<li>\n<p class=\"font_8\"><span class=\"color_20\"><span style=\"color: #993366\">Equipo T\u00e9cnico de Coordinaci\u00f3n Pedag\u00f3gica<\/span>:<\/span> Constituido por el Director, el Jefe de Estudios, los jefes\/as de los departamentos encargados de la coordinaci\u00f3n de las \u00e1reas de competencias, la jefa de los departamentos de orientaci\u00f3n y el jefe del departamento formaci\u00f3n, evaluaci\u00f3n e innovaci\u00f3n educativa, y adem\u00e1s el Vicedirector.<\/p>\n<\/li>\n<li><span class=\"color_20\"><span style=\"color: #993366\">Departamentos de Coordinaci\u00f3n Did\u00e1ctica.<\/span><\/span><\/li>\n<\/ul>\n<\/div>\n<div id=\"comp-iuo9ly231\" class=\"c1\" data-is-absolute-layout=\"true\">\n<div id=\"comp-iuo9ly231bg\" class=\"c1bg\">&nbsp;<\/div>\n<div id=\"comp-iuo9ly231inlineContent\" class=\"c1inlineContent\">\n<div id=\"comp-iuo9ly24\" class=\"txtNew\" data-packed=\"true\" data-vertical-text=\"false\">\n<h2 class=\"font_2\"><strong><span class=\"color_11\" style=\"color: #993366\">\u00c1reas Competencias<\/span><\/strong><\/h2>\n<ul>\n<li><em><strong><span style=\"color: #993366\">\u00c1rea Human\u00edstica:<\/span><\/strong><\/em>\n<ul>\n<li>Dibujo.<\/li>\n<li>M\u00fasica.<\/li>\n<li>Filosof\u00eda.<\/li>\n<li>Geograf\u00eda e Historia.<\/li>\n<li>Educaci\u00f3n F\u00edsica.<\/li>\n<\/ul>\n<\/li>\n<li><em><strong><span style=\"color: #993366\">\u00c1rea Cient\u00edfica:<\/span><\/strong><\/em>\n<ul>\n<li>Biolog\u00eda y Geolog\u00eda.<\/li>\n<li>F\u00edsica y Qu\u00edmica.<\/li>\n<li>Matem\u00e1ticas.<\/li>\n<li>Tecnolog\u00eda.<\/li>\n<\/ul>\n<\/li>\n<li><em><strong><span style=\"color: #993366\">\u00c1rea Ling\u00fc\u00edstica:<\/span><\/strong><\/em>\n<ul>\n<li>Franc\u00e9s.<\/li>\n<li>Cultura Cl\u00e1sica.<\/li>\n<li>Ingl\u00e9s.<\/li>\n<li>Lengua Castellana.<\/li>\n<\/ul>\n<\/li>\n<li><em><strong><span style=\"color: #993366\">\u00c1rea Profesional:<\/span><\/strong><\/em>\n<ul>\n<li>Fol y Econom\u00eda.<\/li>\n<li>Inform\u00e1tica.<\/li>\n<\/ul>\n<\/li>\n<\/ul>\n<p class=\"font_8\"><strong><span class=\"color_14\" style=\"color: #993366\">\u00d3RGANOS DE REPRESENTACI\u00d3N:<\/span><\/strong><\/p>\n<ul class=\"font_8\">\n<li>\n<p class=\"font_8\"><span class=\"color_20\">Junta de delegados y delegadas de alumnado:<\/span>&nbsp;Constituida por todos los delegados y delegadas de los diferentes grupos del alumnado, adem\u00e1s de los representantes del alumnado en el Consejo Escolar.<\/p>\n<\/li>\n<li>\n<p class=\"font_8\"><span class=\"color_20\">Junta de delegados y delegadas de padres y madres del alumnado:<\/span>&nbsp;Constituida por todos los delegados y delegadas de padres y madres del alumnado de los diferentes grupos, adem\u00e1s de los representantes de padres y madres en el Consejo Escolar.<\/p>\n<\/li>\n<li>\n<p class=\"font_8\"><span class=\"color_20\">Asociaciones:<\/span> Del alumnado del Centro y de Padres\/Madres del Alumnado \u201cAMPA Maestro Garrido\u201d.<\/p>\n<\/li>\n<\/ul>\n<\/div>\n<div id=\"comp-iuo9ly252\" class=\"b3\" data-align=\"center\" data-disabled=\"false\" data-margin=\"0\" data-should-use-flex=\"true\" data-width=\"21\" data-height=\"21\" data-state=\"desktop shouldUseFlex center\">&nbsp;<\/div>\n<\/div>\n<\/div>\n<div id=\"comp-iuo9r84n\" class=\"c4\" data-is-absolute-layout=\"true\">\n<div id=\"comp-iuo9r84nbg\" class=\"c4bg\">&nbsp;<\/div>\n<div id=\"comp-iuo9r84ninlineContent\" class=\"c4inlineContent\">\n<div id=\"comp-iuo9r857\" class=\"txtNew\" data-packed=\"true\" data-vertical-text=\"false\">&nbsp;<\/div>\n<\/div>\n<\/div>\n<div id=\"comp-iuv0eoo6\" class=\"c1\" data-is-absolute-layout=\"true\">\n<div id=\"comp-iuv0eoo6inlineContent\" class=\"c1inlineContent\">\n<div id=\"comp-iuv0eoom\" class=\"txtNew\" data-packed=\"true\" data-vertical-text=\"false\">\n<h2 class=\"font_2\">&nbsp;<\/h2>\n<\/div>\n<div id=\"comp-iuv0eoon\" class=\"b3\" data-align=\"center\" data-disabled=\"false\" data-margin=\"0\" data-should-use-flex=\"true\" data-width=\"21\" data-height=\"21\" data-state=\"desktop shouldUseFlex center\">&nbsp;<\/div>\n<\/div>\n<\/div>\n<div id=\"comp-iuv0vkjy\" class=\"hl3\" data-border-width=\"1px\">&nbsp;<\/div>\n<div id=\"comp-iuoa33lh\" class=\"txtNew\" data-packed=\"true\" data-vertical-text=\"false\">\n<p class=\"font_8\">&nbsp;<\/p>\n<p class=\"font_8\">&nbsp;<\/p>\n<p class=\"font_8\">&nbsp;<\/p>\n<p class=\"font_8\">&nbsp;<\/p>\n<p class=\"font_8\"><span class=\"wixGuard\">\u200b<\/span><\/p>\n<p>&nbsp;<\/p>\n<p class=\"font_8\">&nbsp;<\/p>\n<\/div>\n","protected":false},"excerpt":{"rendered":"<p>IES ALFONSO XI C\/Rodr\u00edguez Acosta n\u00ba2 Tel\u00e9fono:953599534 email: iesalfonso11@gmail.com www.iesalfonsoxi.com &nbsp; &nbsp; ORGANIZACI\u00d3N DEL CENTRO La estructura organizativa es la forma en la que se ordena todo el conjunto de relaciones del Centro Educativo (puestos de trabajo, tareas, flujos de autoridad, coordinaci\u00f3n y toma de decisiones) mediante un nivel adecuado de comunicaci\u00f3n y coordinaci\u00f3n entre &hellip; <\/p>\n<p><a class=\"more-link btn\" href=\"https:\/\/blogsaverroes.juntadeandalucia.es\/iesalfonsoxi\/centro-2\/\">Seguir leyendo<\/a><\/p>\n","protected":false},"author":6379,"featured_media":0,"parent":0,"menu_order":0,"comment_status":"closed","ping_status":"closed","template":"","meta":{"ngg_post_thumbnail":0,"footnotes":"","_mc_calendar":[]},"aioseo_notices":[],"_links":{"self":[{"href":"https:\/\/blogsaverroes.juntadeandalucia.es\/iesalfonsoxi\/wp-json\/wp\/v2\/pages\/5021"}],"collection":[{"href":"https:\/\/blogsaverroes.juntadeandalucia.es\/iesalfonsoxi\/wp-json\/wp\/v2\/pages"}],"about":[{"href":"https:\/\/blogsaverroes.juntadeandalucia.es\/iesalfonsoxi\/wp-json\/wp\/v2\/types\/page"}],"author":[{"embeddable":true,"href":"https:\/\/blogsaverroes.juntadeandalucia.es\/iesalfonsoxi\/wp-json\/wp\/v2\/users\/6379"}],"replies":[{"embeddable":true,"href":"https:\/\/blogsaverroes.juntadeandalucia.es\/iesalfonsoxi\/wp-json\/wp\/v2\/comments?post=5021"}],"version-history":[{"count":15,"href":"https:\/\/blogsaverroes.juntadeandalucia.es\/iesalfonsoxi\/wp-json\/wp\/v2\/pages\/5021\/revisions"}],"predecessor-version":[{"id":9059,"href":"https:\/\/blogsaverroes.juntadeandalucia.es\/iesalfonsoxi\/wp-json\/wp\/v2\/pages\/5021\/revisions\/9059"}],"wp:attachment":[{"href":"https:\/\/blogsaverroes.juntadeandalucia.es\/iesalfonsoxi\/wp-json\/wp\/v2\/media?parent=5021"}],"curies":[{"name":"wp","href":"https:\/\/api.w.org\/{rel}","templated":true}]}}