{"id":871,"date":"2015-03-16T07:25:46","date_gmt":"2015-03-16T07:25:46","guid":{"rendered":"http:\/\/blogsaverroes.juntadeandalucia.es\/pre\/ceip\/?page_id=106"},"modified":"2025-11-18T10:10:57","modified_gmt":"2025-11-18T10:10:57","slug":"actividades-extraescolares","status":"publish","type":"page","link":"https:\/\/blogsaverroes.juntadeandalucia.es\/iesalfonsoxi\/actividades-extraescolares\/","title":{"rendered":"Actividades extraescolares"},"content":{"rendered":"<p><a href=\"https:\/\/blogsaverroes.juntadeandalucia.es\/iesalfonsoxi\/files\/2015\/03\/extraescolares.jpg\"><img decoding=\"async\" class=\"size-medium wp-image-3858 aligncenter\" src=\"https:\/\/blogsaverroes.juntadeandalucia.es\/iesalfonsoxi\/files\/2015\/03\/extraescolares-300x77.jpg\" alt=\"\" width=\"300\" height=\"77\" srcset=\"https:\/\/blogsaverroes.juntadeandalucia.es\/iesalfonsoxi\/files\/2015\/03\/extraescolares-300x77.jpg 300w, https:\/\/blogsaverroes.juntadeandalucia.es\/iesalfonsoxi\/files\/2015\/03\/extraescolares-24x6.jpg 24w, https:\/\/blogsaverroes.juntadeandalucia.es\/iesalfonsoxi\/files\/2015\/03\/extraescolares-36x9.jpg 36w, https:\/\/blogsaverroes.juntadeandalucia.es\/iesalfonsoxi\/files\/2015\/03\/extraescolares-48x12.jpg 48w, https:\/\/blogsaverroes.juntadeandalucia.es\/iesalfonsoxi\/files\/2015\/03\/extraescolares.jpg 442w\" sizes=\"(max-width: 300px) 100vw, 300px\" \/><\/a>Las&nbsp;<strong><span style=\"color: #993366\">actividades extraescolares y complementarias<\/span><\/strong>&nbsp;refuerzan el&nbsp;desarrollo f\u00edsico,&nbsp;intelectual&nbsp;y&nbsp;social&nbsp;de los j\u00f3venes&nbsp;fuera del horario lectivo de clases, ya sea en los propios centros a trav\u00e9sdel AMPA. Independientemente de la&nbsp;actividad elegida, las actividades&nbsp;extraescolares suelen estar relacionadas con la&nbsp;educaci\u00f3n, frecuentemente apoy\u00e1ndose en la&nbsp;ense\u00f1anza y el aprendizaje no formales&nbsp;que permiten&nbsp;desarrollar el ingenio,&nbsp;divertirse&nbsp;y&nbsp;expresarse&nbsp;con m\u00e1s&nbsp;libertad&nbsp;que en el horario de clases.<\/p>\n<ul style=\"list-style-type: circle\">\n<li><strong>Programaci\u00f3n del dpto de AAEE 2025-26: <a href=\"https:\/\/drive.google.com\/file\/d\/107C4ZNBgcZa51zUZgFNk3EKVY1fT0LfS\/view?usp=sharing\">ACTIVIDADES COMPLEMENTARIAS Y EXTRAESCOLARES<\/a>&nbsp;<\/strong><\/li>\n<\/ul>\n<ul style=\"list-style-type: circle\">\n<li><strong>Coordinador de AAEE<\/strong>&nbsp;<strong>: Ildefonso Redondo L\u00f3pez<\/strong><\/li>\n<\/ul>\n<ul style=\"list-style-type: circle\">\n<li><strong>Email de contacto:<\/strong>&nbsp;<strong>iesalfonsoxi.extraescolares@gmail.com<\/strong><\/li>\n<li><strong><a href=\"https:\/\/www.youtube.com\/watch?v=oWR1cESOFtU\">V\u00eddeo de ayuda de c\u00f3mo autorizar actividades extraescolares del IPASEN<\/a><\/strong><\/li>\n<\/ul>\n<p>&nbsp;<\/p>\n","protected":false},"excerpt":{"rendered":"<p>Las&nbsp;actividades extraescolares y complementarias&nbsp;refuerzan el&nbsp;desarrollo f\u00edsico,&nbsp;intelectual&nbsp;y&nbsp;social&nbsp;de los j\u00f3venes&nbsp;fuera del horario lectivo de clases, ya sea en los propios centros a trav\u00e9sdel AMPA. Independientemente de la&nbsp;actividad elegida, las actividades&nbsp;extraescolares suelen estar relacionadas con la&nbsp;educaci\u00f3n, frecuentemente apoy\u00e1ndose en la&nbsp;ense\u00f1anza y el aprendizaje no formales&nbsp;que permiten&nbsp;desarrollar el ingenio,&nbsp;divertirse&nbsp;y&nbsp;expresarse&nbsp;con m\u00e1s&nbsp;libertad&nbsp;que en el horario de clases. Programaci\u00f3n del dpto de &hellip; <\/p>\n<p><a class=\"more-link btn\" href=\"https:\/\/blogsaverroes.juntadeandalucia.es\/iesalfonsoxi\/actividades-extraescolares\/\">Seguir leyendo<\/a><\/p>\n","protected":false},"author":1,"featured_media":0,"parent":0,"menu_order":0,"comment_status":"closed","ping_status":"open","template":"","meta":{"ngg_post_thumbnail":0,"footnotes":"","_mc_calendar":[]},"aioseo_notices":[],"_links":{"self":[{"href":"https:\/\/blogsaverroes.juntadeandalucia.es\/iesalfonsoxi\/wp-json\/wp\/v2\/pages\/871"}],"collection":[{"href":"https:\/\/blogsaverroes.juntadeandalucia.es\/iesalfonsoxi\/wp-json\/wp\/v2\/pages"}],"about":[{"href":"https:\/\/blogsaverroes.juntadeandalucia.es\/iesalfonsoxi\/wp-json\/wp\/v2\/types\/page"}],"author":[{"embeddable":true,"href":"https:\/\/blogsaverroes.juntadeandalucia.es\/iesalfonsoxi\/wp-json\/wp\/v2\/users\/1"}],"replies":[{"embeddable":true,"href":"https:\/\/blogsaverroes.juntadeandalucia.es\/iesalfonsoxi\/wp-json\/wp\/v2\/comments?post=871"}],"version-history":[{"count":30,"href":"https:\/\/blogsaverroes.juntadeandalucia.es\/iesalfonsoxi\/wp-json\/wp\/v2\/pages\/871\/revisions"}],"predecessor-version":[{"id":6800,"href":"https:\/\/blogsaverroes.juntadeandalucia.es\/iesalfonsoxi\/wp-json\/wp\/v2\/pages\/871\/revisions\/6800"}],"wp:attachment":[{"href":"https:\/\/blogsaverroes.juntadeandalucia.es\/iesalfonsoxi\/wp-json\/wp\/v2\/media?parent=871"}],"curies":[{"name":"wp","href":"https:\/\/api.w.org\/{rel}","templated":true}]}}