{"id":1631,"date":"2019-05-21T08:12:45","date_gmt":"2019-05-21T08:12:45","guid":{"rendered":"http:\/\/iesalhadra.org\/wpAlhadra\/?page_id=1631"},"modified":"2021-03-17T12:56:06","modified_gmt":"2021-03-17T11:56:06","slug":"premios","status":"publish","type":"page","link":"https:\/\/blogsaverroes.juntadeandalucia.es\/iesalhadra\/premios\/","title":{"rendered":"Premios"},"content":{"rendered":"\r\n<ul>\r\n<li><strong>First Lego League<\/strong>: Ganadores del premio Universidad de Almer\u00eda al Emprendimiento. Los alumnos de 4\u00ba ESO A: <strong>Alejandro&nbsp;<\/strong>Hueso Mart\u00edn, <strong>Luis Jos\u00e9&nbsp;<\/strong>G\u00f3mez Benavente, <strong>Wen Hao<\/strong> Wu, <strong>Juan Ram\u00f3n<\/strong> De Haro Caparr\u00f3s, <strong>Lucas&nbsp;<\/strong>Florido Hern\u00e1ndez, <strong>Pablo&nbsp;<\/strong>Hormigo Gonz\u00e1lez, <strong>\u00c1ngel Rodr\u00edguez&nbsp;<\/strong>Murcia, <strong>Jos\u00e9 Manuel&nbsp;<\/strong>Ruiz Ram\u00f3n, <strong>Marta&nbsp;<\/strong>Castro Casado, <strong>\u00c1ngel Quesada&nbsp;<\/strong>Mu\u00f1oz y sus profesores Isabel Segovia y Pablo Dom\u00ednguez, han participado en la First Lego League con unos grandes resultados, llevando al Centro a lo m\u00e1s alto. Gracias!<\/li>\r\n<\/ul>\r\n<p>&nbsp;<\/p>\r\n\r\n\r\n\r\n<ul>\r\n<li>A un paso de las semifinales se han quedado nuestro alumnos\/as en el <strong>II Torneo Debate Educativo: Descubre el poder de la palabra&#8221;<\/strong>. Orgullosos de <strong>Cristian Romera<\/strong> (2\u00ba Bach. B), <strong>Estela Nanclares<\/strong> (2\u00ba Bach B), <strong>\u00c1ngela Pereda<\/strong> (1\u00ba Bach C) e <strong>Irene Sancho <\/strong>(1\u00ba Bach. C). Gracias a sus profes <strong>Conchi Mir\u00f3n y Antonio Maraver<\/strong> por su implicaci\u00f3n y capacidad de motivar.<\/li>\r\n<\/ul>\r\n<p>&nbsp;<\/p>\r\n<ul>\r\n<li>El IES Alhadra ganador del <strong>VII Concurso Municipal Audiovisual &#8220;Miradas Adolescentes&#8221;<\/strong> donde se pretende concienciar sobre la Violencia de G\u00e9nero. Nuestros alumnos y alumnas, <strong>Omayma Alouahdani, Gabriela Pasamontes, Alba Ru\u00edz y Pablo Torrijos<\/strong>, junto a su profesora <strong>Ana Serrano<\/strong>, han sido los ganadores en la categor\u00eda de primero, segundo y tercero de la ESO, con el trabajo titulado &#8220;No s\u00f3lo duelen los golpes&#8221;.<\/li>\r\n<\/ul>\r\n<p>&nbsp;<\/p>\r\n\r\n\r\n\r\n<ul>\r\n<li>Enhorabuena a nuestros alumnos\/as de 2\u00ba Bachillerato A y B, segundos en el&nbsp;<strong>I Torneo Nacional de Debate Econ\u00f3mico<\/strong> y a sus profesores\/as por su trabajo y esfuerzo diario. Alumnos\/as: <strong>David Guti\u00e9rrez, Jes\u00fas Garc\u00eda, Estela del Carmen Nanclares, Bernardo Ojeda y Cristian Romera.<\/strong> Profesores\/as: M\u00aa Dolores Majuelos, Antonio Maraver, Natalia Alcaraz.<\/li>\r\n<\/ul>\r\n<p>&nbsp;<\/p>\r\n\r\n\r\n\r\n<ul>\r\n<li>Hemos recibido la visita a nuestro centro de la antigua alumna <strong>Laura Sancho Salazar<\/strong> que curs\u00f3 en el IES Alhadra la etapa de la ESO. Al finalizar la etapa estudi\u00f3 el Bachillerato Internacional en uno de los centros de los Colegios del Mundo Unido, concretamente en Costa Rica. Actualmente, se est\u00e1 preparando para estudiar Neurociencia en la prestigiosa universidad Minerva y una estancia en un barco alrededor del mundo para investigar durante los pr\u00f3ximos 6 meses. Todas estas vivencias y experiencias las vino a contar al alumnado de 4\u00ba de ESO y 1\u00ba de Bachillerato en una charla con estos grupos con la intenci\u00f3n de motivar y concienciar a nuestros alumnos\/as sobre la importancia de formarse, estar preparados para cambios, afrontar retos, esp\u00edritu de superaci\u00f3n,\u2026.e informarles de los pasos que deben dar para poder participar en los Colegios del Mundo Unido. Fue una charla apasionante, cargada de ilusi\u00f3n y verdad, fue un placer tenerla de vuelta entre nosotros y es un motivo de orgullo para todos los miembros de este centro, desde aqu\u00ed le damos las gracias por su inter\u00e9s en colaborar siempre con el centro, cuando era alumna y ahora que ya est\u00e1 fuera y sigue participando de la vida del centro.<\/li>\r\n<\/ul>\r\n<p>&nbsp;<\/p>\r\n\r\n\r\n\r\n<ul>\r\n<li>Nuestra alumna<strong> Isabel Ju\u00e1rez<\/strong>, de segundo de Bachillerato, &nbsp;ha conseguido una beca acad\u00e9mica para estudiar en Estados Unidos. En el siguiente <strong><span style=\"color: #800080\"><a style=\"color: #800080\" href=\"https:\/\/talentoydeporte.com\/isabel-beca-academica-para-estudiar-en-estados-unidos\/\">enlace<\/a><\/span><\/strong> puedes ver toda la informaci\u00f3n.<\/li>\r\n<\/ul>\r\n<p>&nbsp;<\/p>\r\n\r\n\r\n\r\n<ul>\r\n<li>Una alumna <strong>Andrea Mercader<\/strong>, de 4\u00ba de ESO fue distinguida entre las 10 mejores de la provincia en el concurso de problemas de ingenio de las sociedad Thales que se realiz\u00f3 en Dalias.<\/li>\r\n<\/ul>\r\n<p>&nbsp;<\/p>\r\n\r\n\r\n\r\n<ul>\r\n<li>Las chicas del Almer\u00eda son de Oro y acarician el ascenso. Nuestra alumna <strong>Nadia L\u00f3pez<\/strong> es una de las m\u00e1ximas goleadoras del equipo. M\u00e1s informaci\u00f3n pinchando <strong><span style=\"color: #800080\"><a style=\"color: #800080\" href=\"https:\/\/www.lavozdealmeria.com\/noticia\/6\/deportes\/172174\/las-chicas-del-almeria-son-de-oro-y-acarician-el-ascenso\">aqu\u00ed<\/a><\/span><\/strong>.<\/li>\r\n<\/ul>\r\n<p>&nbsp;<\/p>\r\n\r\n\r\n\r\n<ul>\r\n<li>Dos equipos de nuestro Centro llegaron a la final del &#8220;Desaf\u00edo Club de Rob\u00f3tica&#8221; celebrado por la Universidad de Almer\u00eda. Los equipos lo formaban :<\/li>\r\n<\/ul>\r\n\r\n\r\n\r\n<p style=\"text-align: center\"><strong>Equipo A<\/strong><br>Isabel G\u00f3mez Lipatova \/ Mar\u00eda Felices Hern\u00e1ndez \/ Marta Salguero L\u00f3pez \/ Ainhoa S\u00e1nchez Gonz\u00e1lez<\/p>\r\n<p style=\"text-align: center\"><strong>Equipo B<\/strong><br>Pedro S\u00e1nchez Estrella \/Antonio Robalo Cabrera \/ Mat\u00edas Marcelo Garc\u00eda Bueno \/ Daniel Moreno Gil.<\/p>\r\n\r\n\r\n\r\n<p>Al final&#8230;..ganamos!!!!<\/p>\r\n\r\n\r\n\r\n<figure class=\"wp-block-gallery-1 is-layout-flex wp-block-gallery-is-layout-flex\"><img loading=\"lazy\" decoding=\"async\" width=\"1024\" height=\"740\" class=\"wp-image-1644 aligncenter\" src=\"https:\/\/blogsaverroes.juntadeandalucia.es\/iesalhadra\/files\/2019\/05\/20190527_202154-1024x740.jpg\" alt=\"\" data-id=\"1644\" data-link=\"http:\/\/iesalhadra.org\/wpAlhadra\/premios\/20190527_202154\/\" srcset=\"https:\/\/blogsaverroes.juntadeandalucia.es\/iesalhadra\/files\/2019\/05\/20190527_202154-1024x740.jpg 1024w, https:\/\/blogsaverroes.juntadeandalucia.es\/iesalhadra\/files\/2019\/05\/20190527_202154-980x709.jpg 980w, https:\/\/blogsaverroes.juntadeandalucia.es\/iesalhadra\/files\/2019\/05\/20190527_202154-480x347.jpg 480w\" sizes=\"(min-width: 0px) and (max-width: 480px) 480px, (min-width: 481px) and (max-width: 980px) 980px, (min-width: 981px) 1024px, 100vw\" \/><\/figure>\r\n<figure><img loading=\"lazy\" decoding=\"async\" width=\"1024\" height=\"684\" class=\"wp-image-1645 aligncenter\" src=\"https:\/\/blogsaverroes.juntadeandalucia.es\/iesalhadra\/files\/2019\/05\/20190527_202215-1024x684.jpg\" alt=\"\" data-id=\"1645\" data-link=\"http:\/\/iesalhadra.org\/wpAlhadra\/premios\/20190527_202215\/\" srcset=\"https:\/\/blogsaverroes.juntadeandalucia.es\/iesalhadra\/files\/2019\/05\/20190527_202215-1024x684.jpg 1024w, https:\/\/blogsaverroes.juntadeandalucia.es\/iesalhadra\/files\/2019\/05\/20190527_202215-980x654.jpg 980w, https:\/\/blogsaverroes.juntadeandalucia.es\/iesalhadra\/files\/2019\/05\/20190527_202215-480x320.jpg 480w\" sizes=\"(min-width: 0px) and (max-width: 480px) 480px, (min-width: 481px) and (max-width: 980px) 980px, (min-width: 981px) 1024px, 100vw\" \/><\/figure>\r\n\r\n\r\n\r\n<p>Gracias a su Profesora, Isabel Segovia y al alumnado por llevarnos a lo m\u00e1s alto!!!<\/p>\r\n\r\n\r\n\r\n<figure class=\"wp-block-gallery-2 is-layout-flex wp-block-gallery-is-layout-flex\"><img loading=\"lazy\" decoding=\"async\" width=\"1024\" height=\"768\" class=\"wp-image-1698 aligncenter\" src=\"https:\/\/blogsaverroes.juntadeandalucia.es\/iesalhadra\/files\/2019\/05\/IMG_20190524_180641-1024x768.jpg\" alt=\"\" data-id=\"1698\" data-link=\"http:\/\/iesalhadra.org\/wpAlhadra\/premios\/img_20190524_180641\/\" srcset=\"https:\/\/blogsaverroes.juntadeandalucia.es\/iesalhadra\/files\/2019\/05\/IMG_20190524_180641-980x735.jpg 980w, https:\/\/blogsaverroes.juntadeandalucia.es\/iesalhadra\/files\/2019\/05\/IMG_20190524_180641-480x360.jpg 480w\" sizes=\"(min-width: 0px) and (max-width: 480px) 480px, (min-width: 481px) and (max-width: 980px) 980px, (min-width: 981px) 1024px, 100vw\" \/>\r\n<figcaption><\/figcaption>\r\n<\/figure>\r\n<figure><img loading=\"lazy\" decoding=\"async\" width=\"1024\" height=\"768\" class=\"wp-image-1699 alignnone\" src=\"https:\/\/blogsaverroes.juntadeandalucia.es\/iesalhadra\/files\/2019\/05\/IMG_20190524_181357-1024x768.jpg\" alt=\"\" data-id=\"1699\" data-link=\"http:\/\/iesalhadra.org\/wpAlhadra\/premios\/img_20190524_181357\/\" srcset=\"https:\/\/blogsaverroes.juntadeandalucia.es\/iesalhadra\/files\/2019\/05\/IMG_20190524_181357-980x735.jpg 980w, https:\/\/blogsaverroes.juntadeandalucia.es\/iesalhadra\/files\/2019\/05\/IMG_20190524_181357-480x360.jpg 480w\" sizes=\"(min-width: 0px) and (max-width: 480px) 480px, (min-width: 481px) and (max-width: 980px) 980px, (min-width: 981px) 1024px, 100vw\" \/>\r\n<figcaption><\/figcaption>\r\n<\/figure>\r\n<figure><img loading=\"lazy\" decoding=\"async\" width=\"1024\" height=\"768\" class=\"wp-image-1700 aligncenter\" src=\"https:\/\/blogsaverroes.juntadeandalucia.es\/iesalhadra\/files\/2019\/05\/IMG_20190524_181504_1-1024x768.jpg\" alt=\"\" data-id=\"1700\" data-link=\"http:\/\/iesalhadra.org\/wpAlhadra\/premios\/img_20190524_181504_1\/\" srcset=\"https:\/\/blogsaverroes.juntadeandalucia.es\/iesalhadra\/files\/2019\/05\/IMG_20190524_181504_1-980x735.jpg 980w, https:\/\/blogsaverroes.juntadeandalucia.es\/iesalhadra\/files\/2019\/05\/IMG_20190524_181504_1-480x360.jpg 480w\" sizes=\"(min-width: 0px) and (max-width: 480px) 480px, (min-width: 481px) and (max-width: 980px) 980px, (min-width: 981px) 1024px, 100vw\" \/>\r\n<figcaption><\/figcaption>\r\n<\/figure>\r\n<figure><img loading=\"lazy\" decoding=\"async\" width=\"768\" height=\"1024\" class=\"wp-image-1701 alignnone\" src=\"https:\/\/blogsaverroes.juntadeandalucia.es\/iesalhadra\/files\/2019\/05\/IMG_20190524_181556-768x1024.jpg\" alt=\"\" data-id=\"1701\" data-link=\"http:\/\/iesalhadra.org\/wpAlhadra\/premios\/img_20190524_181556\/\">\r\n<figcaption><\/figcaption>\r\n<\/figure>\r\n\r\n<p>&nbsp;<\/p>","protected":false},"excerpt":{"rendered":"<p>First Lego League: Ganadores del premio Universidad de Almer\u00eda al Emprendimiento. Los alumnos de 4\u00ba ESO A: Alejandro&nbsp;Hueso Mart\u00edn, Luis Jos\u00e9&nbsp;G\u00f3mez Benavente, Wen Hao Wu, Juan Ram\u00f3n De Haro Caparr\u00f3s, Lucas&nbsp;Florido Hern\u00e1ndez, Pablo&nbsp;Hormigo Gonz\u00e1lez, \u00c1ngel Rodr\u00edguez&nbsp;Murcia, Jos\u00e9 Manuel&nbsp;Ruiz Ram\u00f3n, Marta&nbsp;Castro Casado, \u00c1ngel Quesada&nbsp;Mu\u00f1oz y sus profesores Isabel Segovia y Pablo Dom\u00ednguez, han participado en la [&hellip;]<\/p>\n","protected":false},"author":11612,"featured_media":0,"parent":0,"menu_order":7,"comment_status":"closed","ping_status":"closed","template":"","meta":{"_et_pb_use_builder":"","_et_pb_old_content":"","_et_gb_content_width":"","ngg_post_thumbnail":0,"footnotes":""},"aioseo_notices":[],"_links":{"self":[{"href":"https:\/\/blogsaverroes.juntadeandalucia.es\/iesalhadra\/wp-json\/wp\/v2\/pages\/1631"}],"collection":[{"href":"https:\/\/blogsaverroes.juntadeandalucia.es\/iesalhadra\/wp-json\/wp\/v2\/pages"}],"about":[{"href":"https:\/\/blogsaverroes.juntadeandalucia.es\/iesalhadra\/wp-json\/wp\/v2\/types\/page"}],"author":[{"embeddable":true,"href":"https:\/\/blogsaverroes.juntadeandalucia.es\/iesalhadra\/wp-json\/wp\/v2\/users\/11612"}],"replies":[{"embeddable":true,"href":"https:\/\/blogsaverroes.juntadeandalucia.es\/iesalhadra\/wp-json\/wp\/v2\/comments?post=1631"}],"version-history":[{"count":2,"href":"https:\/\/blogsaverroes.juntadeandalucia.es\/iesalhadra\/wp-json\/wp\/v2\/pages\/1631\/revisions"}],"predecessor-version":[{"id":4132,"href":"https:\/\/blogsaverroes.juntadeandalucia.es\/iesalhadra\/wp-json\/wp\/v2\/pages\/1631\/revisions\/4132"}],"wp:attachment":[{"href":"https:\/\/blogsaverroes.juntadeandalucia.es\/iesalhadra\/wp-json\/wp\/v2\/media?parent=1631"}],"curies":[{"name":"wp","href":"https:\/\/api.w.org\/{rel}","templated":true}]}}