{"id":207,"date":"2018-09-14T12:28:25","date_gmt":"2018-09-14T12:28:25","guid":{"rendered":"https:\/\/iesalhadra.wordpress.com\/?page_id=207"},"modified":"2025-09-23T17:19:41","modified_gmt":"2025-09-23T16:19:41","slug":"matematicas","status":"publish","type":"page","link":"https:\/\/blogsaverroes.juntadeandalucia.es\/iesalhadra\/departamentos\/matematicas\/","title":{"rendered":"Matem\u00e1ticas"},"content":{"rendered":"<p>[et_pb_section fb_built=&#8221;1&#8243; _builder_version=&#8221;4.16&#8243; global_colors_info=&#8221;{}&#8221;][et_pb_row column_structure=&#8221;3_4,1_4&#8243; _builder_version=&#8221;4.16&#8243; background_size=&#8221;initial&#8221; background_position=&#8221;top_left&#8221; background_repeat=&#8221;repeat&#8221; global_colors_info=&#8221;{}&#8221;][et_pb_column type=&#8221;3_4&#8243; _builder_version=&#8221;4.16&#8243; custom_padding=&#8221;|||&#8221; global_colors_info=&#8221;{}&#8221; custom_padding__hover=&#8221;|||&#8221;][et_pb_post_title title=&#8221;off&#8221; meta=&#8221;off&#8221; _builder_version=&#8221;4.16&#8243; _module_preset=&#8221;default&#8221; global_colors_info=&#8221;{}&#8221;][\/et_pb_post_title][et_pb_text admin_label=&#8221;Profesorado&#8221; _builder_version=&#8221;4.24.2&#8243; background_size=&#8221;initial&#8221; background_position=&#8221;top_left&#8221; background_repeat=&#8221;repeat&#8221; hover_enabled=&#8221;0&#8243; global_colors_info=&#8221;{}&#8221; sticky_enabled=&#8221;0&#8243;]<\/p>\n<h2>Docentes<\/h2>\n<p>&nbsp;<\/p>\n<table class=\" alignleft\" style=\"height: 209px;width: 100%\" cellspacing=\"2\">\n<tbody>\n<tr style=\"height: 23px\">\n<td style=\"width: 71.7087%;height: 23px\">Artero Bernal, Juan Francisco<\/td>\n<td style=\"width: 27.1709%;height: 23px\"><span style=\"color: #800080\"><a style=\"color: #800080\" href=\"mailto:jartber215@g.educaand.es\">jartber215@g.educaand.es<\/a><\/span><\/td>\n<\/tr>\n<tr style=\"height: 23px\">\n<td style=\"width: 71.7087%;height: 23px\">Carre\u00f1o Alonso, Francisco Javier<\/td>\n<td style=\"width: 27.1709%;height: 23px\"><span style=\"color: #800080\"><a style=\"color: #800080\" href=\"mailto:fcaralo062@g.educaand.es\">fcaralo062@g.educaand.es<\/a><\/span><\/td>\n<\/tr>\n<tr style=\"height: 24px\">\n<td style=\"width: 71.7087%;height: 24px\">Cortes Grima, Antonio<\/td>\n<td style=\"width: 27.1709%;height: 24px\"><span style=\"color: #800080\"><a style=\"color: #800080\" href=\"mailto:acorgri245@g.educaand.es\">acorgri245@g.educaand.es<\/a><\/span><\/td>\n<\/tr>\n<tr style=\"height: 23px\">\n<td style=\"width: 71.7087%;height: 23px\">Figueredo Villegas, Mar\u00eda \u00c1ngeles<\/td>\n<td style=\"width: 27.1709%;height: 23px\"><span style=\"color: #800080\"><a style=\"color: #800080\" href=\"mailto:mfigvil012@g.educaand.es\">mfigvil012@g.educaand.es<\/a><\/span><\/td>\n<\/tr>\n<tr>\n<td style=\"width: 71.7087%\">Freire Quesada, Juan Francisco<\/td>\n<td style=\"width: 27.1709%\"><span style=\"color: #800080\"><a style=\"color: #800080\" href=\"mailto:jfreque967@g.educaand.es\">jfreque967@g.educaand.es<\/a><\/span><\/td>\n<\/tr>\n<tr style=\"height: 23px\">\n<td style=\"width: 71.7087%;height: 23px\">G\u00e1lvez S\u00e1nchez, Francisca<\/td>\n<td style=\"width: 27.1709%;height: 23px\"><span style=\"color: #800080\"><a style=\"color: #800080\" href=\"mailto:fgalsan879@g.educaand.es\">fgalsan879@g.educaand.es<\/a><\/span><\/td>\n<\/tr>\n<tr>\n<td style=\"width: 71.7087%\">Haro Miguel, Jos\u00e9 Manuel de (Jefe de departamento)<\/td>\n<td style=\"width: 27.1709%\"><span style=\"color: #800080\">jharmig269@g.educaand.es<\/span><\/td>\n<\/tr>\n<tr style=\"height: 23px\">\n<td style=\"width: 71.7087%;height: 23px\">Morante Quirantes, Francisco&nbsp;<\/td>\n<td style=\"width: 27.1709%;height: 23px\"><span style=\"color: #800080\"><a style=\"color: #800080\" href=\"mailto:fmorqui792@g.educaand.es\">fmorqui792@g.educaand.es<\/a><\/span><\/td>\n<\/tr>\n<tr>\n<td style=\"width: 71.7087%\">P\u00e9rez Vicente, Manuel<\/td>\n<td style=\"width: 27.1709%\"><span style=\"color: #800080\">mpervic573@g.educaand.es<\/span><\/td>\n<\/tr>\n<tr style=\"height: 23px\">\n<td style=\"width: 71.7087%;height: 23px\">Salvador Miras, Manuel<\/td>\n<td style=\"width: 27.1709%;height: 23px\"><span style=\"color: #800080\"><a style=\"color: #800080\" href=\"mailto:msalmir074@g.educaand.es\">msalmir074@g.educaand.es<\/a><\/span><\/td>\n<\/tr>\n<\/tbody>\n<\/table>\n<p>[\/et_pb_text][et_pb_text _builder_version=&#8221;4.16&#8243; _module_preset=&#8221;default&#8221; global_colors_info=&#8221;{}&#8221;]<\/p>\n<h2>\u00a0<\/h2>\n<h2><\/h2>\n<p>[\/et_pb_text][et_pb_button button_url=&#8221;https:\/\/sites.google.com\/site\/matematicasgabriel\/matematicas?authuser=0&#8243; url_new_window=&#8221;on&#8221; button_text=&#8221;Site de Matem\u00e1ticas del profesor Gabriel Jim\u00e9nez Fern\u00e1ndez&#8221; button_alignment=&#8221;left&#8221; disabled_on=&#8221;on|on|on&#8221; _builder_version=&#8221;4.16&#8243; _module_preset=&#8221;default&#8221; custom_button=&#8221;on&#8221; button_text_size=&#8221;14px&#8221; button_text_color=&#8221;#ffffff&#8221; button_bg_color=&#8221;#8300e9&#8243; button_border_color=&#8221;#8300e9&#8243; button_icon=&#8221;&#xe0e3;||divi||400&#8243; disabled=&#8221;on&#8221; global_colors_info=&#8221;{}&#8221;][\/et_pb_button][et_pb_text _builder_version=&#8221;4.16&#8243; _module_preset=&#8221;default&#8221; global_colors_info=&#8221;{}&#8221;]<\/p>\n<h2>Actividades<\/h2>\n<p>[\/et_pb_text][et_pb_blog fullwidth=&#8221;off&#8221; include_categories=&#8221;30&#8243; show_more=&#8221;on&#8221; show_author=&#8221;off&#8221; show_categories=&#8221;off&#8221; _builder_version=&#8221;4.16&#8243; _module_preset=&#8221;default&#8221; global_colors_info=&#8221;{}&#8221;][\/et_pb_blog][\/et_pb_column][et_pb_column type=&#8221;1_4&#8243; _builder_version=&#8221;4.16&#8243; custom_padding=&#8221;|||&#8221; global_colors_info=&#8221;{}&#8221; custom_padding__hover=&#8221;|||&#8221;][et_pb_sidebar area=&#8221;sidebar-1&#8243; _builder_version=&#8221;4.16&#8243; _module_preset=&#8221;default&#8221; global_colors_info=&#8221;{}&#8221;][\/et_pb_sidebar][\/et_pb_column][\/et_pb_row][\/et_pb_section]<\/p>\n","protected":false},"excerpt":{"rendered":"\n<p>Matem\u00e1ticas<\/p>\n","protected":false},"author":11169,"featured_media":6639,"parent":43,"menu_order":0,"comment_status":"closed","ping_status":"closed","template":"","meta":{"_et_pb_use_builder":"on","_et_pb_old_content":"<h2><img class=\"aligncenter wp-image-4312 size-full\" src=\"https:\/\/blogsaverroes.juntadeandalucia.es\/iesalhadra\/files\/2021\/04\/mathematics-3821034_640.jpg\" alt=\"\" width=\"640\" height=\"434\"><\/h2>\r\n<h2>\u00a0<\/h2>\r\n<h2>Curso acad\u00e9mico 2020_2021<\/h2>\r\n<h3>\u00a0<\/h3>\r\n<h3><em>Recursos del profesorado:<\/em><\/h3>\r\n<p>\u00a0<\/p>\r\n<ul>\r\n<li><strong><a href=\"https:\/\/blogsaverroes.juntadeandalucia.es\/ticalhadra\/\" target=\"_blank\" rel=\"noopener noreferrer\"><span style=\"font-size: 12pt; color: #800080;\">Blog de Las TIC en el IES Alhadra<\/span><\/a><\/strong><\/li>\r\n<\/ul>\r\n<p>\u00a0<\/p>\r\n<!-- wp:heading --><hr>\r\n<h2>Curso acad\u00e9mico 2019_2020<\/h2>\r\n<p>\u00a0<\/p>\r\n<!-- \/wp:heading --><!-- wp:file {\"id\":2067,\"href\":\"http:\\\/\\\/iesalhadra.org\\\/wpAlhadra\\\/wp-content\\\/uploads\\\/2019\\\/12\\\/CRITERIOSCALIFICACION.pdf\"} -->\r\n<div class=\"wp-block-file\"><a href=\"https:\/\/blogsaverroes.juntadeandalucia.es\/iesalhadra\/files\/2019\/12\/CRITERIOSCALIFICACION.pdf\">CRITERIOS CALIFICACI\u00d3N ESO Y BACHILLERATO<\/a><a class=\"wp-block-file__button\" href=\"https:\/\/blogsaverroes.juntadeandalucia.es\/iesalhadra\/files\/2019\/12\/CRITERIOSCALIFICACION.pdf\">Descarga<\/a><\/div>\r\n<!-- \/wp:file --><!-- wp:file {\"id\":2068,\"href\":\"http:\\\/\\\/iesalhadra.org\\\/wpAlhadra\\\/wp-content\\\/uploads\\\/2019\\\/12\\\/CRITERIOSCALIFICACIONPENDIENTES.pdf\"} -->\r\n<div class=\"wp-block-file\"><a href=\"https:\/\/blogsaverroes.juntadeandalucia.es\/iesalhadra\/files\/2019\/12\/CRITERIOSCALIFICACIONPENDIENTES.pdf\">CRITERIOS CALIFICACI\u00d3N PENDIENTES<\/a><a class=\"wp-block-file__button\" href=\"https:\/\/blogsaverroes.juntadeandalucia.es\/iesalhadra\/files\/2019\/12\/CRITERIOSCALIFICACIONPENDIENTES.pdf\">Descarga<\/a><\/div>\r\n<!-- \/wp:file --><!-- wp:file {\"id\":2069,\"href\":\"http:\\\/\\\/iesalhadra.org\\\/wpAlhadra\\\/wp-content\\\/uploads\\\/2019\\\/12\\\/relacion1\\u00aaeva1\\u00baeso.pdf\"} -->\r\n<div class=\"wp-block-file\"><a href=\"https:\/\/blogsaverroes.juntadeandalucia.es\/iesalhadra\/files\/2019\/12\/relacion1\u00aaeva1\u00baeso.pdf\">Relaci\u00f3n de ejercicios recuperaci\u00f3n pendientes 1\u00baESO<\/a><a class=\"wp-block-file__button\" href=\"https:\/\/blogsaverroes.juntadeandalucia.es\/iesalhadra\/files\/2019\/12\/relacion1\u00aaeva1\u00baeso.pdf\">Descarga<\/a><\/div>\r\n<!-- \/wp:file --><!-- wp:file {\"id\":2070,\"href\":\"http:\\\/\\\/iesalhadra.org\\\/wpAlhadra\\\/wp-content\\\/uploads\\\/2019\\\/12\\\/relacion1\\u00aaeva2\\u00baeso.pdf\"} -->\r\n<div class=\"wp-block-file\"><a href=\"https:\/\/blogsaverroes.juntadeandalucia.es\/iesalhadra\/files\/2019\/12\/relacion1\u00aaeva2\u00baeso.pdf\">Relaci\u00f3n de ejercicios de recuperaci\u00f3n pendientes 2\u00ba ESO <\/a><a class=\"wp-block-file__button\" href=\"https:\/\/blogsaverroes.juntadeandalucia.es\/iesalhadra\/files\/2019\/12\/relacion1\u00aaeva2\u00baeso.pdf\">Descarga<\/a><\/div>\r\n<!-- \/wp:file --><!-- wp:file {\"id\":2071,\"href\":\"http:\\\/\\\/iesalhadra.org\\\/wpAlhadra\\\/wp-content\\\/uploads\\\/2019\\\/12\\\/relacion1\\u00aaeva3\\u00baeso.pdf\"} -->\r\n<div class=\"wp-block-file\"><a href=\"https:\/\/blogsaverroes.juntadeandalucia.es\/iesalhadra\/files\/2019\/12\/relacion1\u00aaeva3\u00baeso.pdf\"> <br>Relaci\u00f3n de ejercicios de recuperaci\u00f3n pendientes 3\u00ba ESO <\/a><a class=\"wp-block-file__button\" href=\"https:\/\/blogsaverroes.juntadeandalucia.es\/iesalhadra\/files\/2019\/12\/relacion1\u00aaeva3\u00baeso.pdf\">Descarga<\/a><\/div>\r\n<!-- \/wp:file --><!-- wp:heading {\"level\":3} -->\r\n<h3>\u00a0<\/h3>\r\n<h3><strong>ACTIVIDADES COMPLEMENTARIAS Y EXTRAESCOLARES<\/strong><\/h3>\r\n<!-- \/wp:heading --><!-- wp:paragraph -->\r\n<h4>\u00a0<\/h4>\r\n<h4><strong>V INDALMAT<\/strong><\/h4>\r\n<!-- \/wp:paragraph --><!-- wp:paragraph {\"align\":\"justify\"} -->\r\n<p style=\"text-align: justify;\">El pasado viernes 4 de Octubre se celebr\u00f3 en la Universidad de Almer\u00eda la <strong>V edici\u00f3n del concurso Indalmat<\/strong> en el cual participaron alumnos\/as de 1\u00ba de Bachillerato de Ciencias de nuestro instituto acompa\u00f1ados por D. Gabriel Jim\u00e9nez como profesorado de Matem\u00e1ticas del Departamento, siguiendo la \"tradici\u00f3n\" de asistir a esta convocatoria de la Facultad de Matem\u00e1ticas de la UAL. La actividad permiti\u00f3 al alumnado tener contacto con nuestra UAL y empezar a relacionarse con la misma, adem\u00e1s de competir y compartir experiencias con alumnado de otros centros de la provincia, por lo que fue un d\u00eda en el que disfrutaron con las matem\u00e1ticas desde otra perspectiva ya m\u00e1s enfocada hacia cursos superiores.<\/p>\r\n<!-- \/wp:paragraph --><!-- wp:gallery {\"ids\":[1820]} -->\r\n<figure><img class=\"wp-image-1820\" src=\"https:\/\/blogsaverroes.juntadeandalucia.es\/iesalhadra\/files\/2019\/10\/IN-1024x768.jpg\" alt=\"\" data-id=\"1820\" data-link=\"http:\/\/iesalhadra.org\/wpAlhadra\/departamentos\/matematicas\/in\/\"><\/figure>\r\n<!-- \/wp:gallery --><!-- wp:heading -->\r\n<h3>ACADEMIA DE CIENCIAS EN EL RECREO<\/h3>\r\n<!-- \/wp:heading --><!-- wp:paragraph {\"align\":\"justify\"} -->\r\n<p style=\"text-align: justify;\">Desde principio del presente curso se ha retomado la actividad en los recreos del Departamento de Matem\u00e1ticas que ya comenz\u00f3 el pasado curso. As\u00ed, entre las distintas actividades que se desarrollan est\u00e1n el estudio, trabajo, tareas, resoluci\u00f3n de dudas y trabajos de tipo cient\u00edfico. De forma m\u00e1s l\u00fadica y atractiva se desarrollar\u00e1n tambi\u00e9n otras actividades encaminadas a fomentar el esp\u00edritu matem\u00e1tico entre nuestro alumnado como es el comienzo del segundo concurso de problemas matem\u00e1ticos dirigido al alumnado de 1\u00ba y 2\u00ba de ESO (por separado), animamos a todo el alumnado de esos cursos a participar, usando la Academia como espacio de consulta y resoluci\u00f3n de dudas relativas al concurso. Tambi\u00e9n en ese espacio se desarrollan actividades como jugar al ajedrez, las damas, los cubos de rubik, el domin\u00f3 matem\u00e1tico\u2026 y relacionado con ello se ha creado tambi\u00e9n un concurso de ajedrez para todo el alumnado del centro. Toda la informaci\u00f3n ser\u00e1 expuesta en los recreos dentro del Departamento de Matem\u00e1ticas (este cuso solamente de lunes a jueves) y durante esos 30 minutos la entrada ser\u00e1 libre y siempre estar\u00e1n acompa\u00f1ados por miembros del Departamento de Matem\u00e1ticas \u00a1Esperamos la visita de todos nuestros alumnos\/as para disfrutar de las ciencias desde un punto de vista m\u00e1s l\u00fadico!<\/p>\r\n<p style=\"text-align: justify;\"><img class=\"aligncenter wp-image-1826 \" src=\"https:\/\/blogsaverroes.juntadeandalucia.es\/iesalhadra\/files\/2019\/10\/ajedrEZ-1024x768.jpg\" alt=\"\" width=\"813\" height=\"610\" data-id=\"1826\" data-link=\"http:\/\/iesalhadra.org\/wpAlhadra\/departamentos\/matematicas\/ajedrez\/\"><\/p>\r\n<h2><span style=\"color: #800080;\"><a style=\"color: #800080;\" href=\"http:\/\/iesalhadra.org\/wpAlhadra\/departamentos\/matematicas\/informatica\/\">Inform\u00e1tica <\/a><\/span><\/h2>\r\n<!-- \/wp:paragraph --><hr><!-- \/wp:heading --><!-- wp:heading -->\r\n<h2>\u00a0<\/h2>\r\n<h2>Curso acad\u00e9mico 2018_2019<\/h2>\r\n<!-- \/wp:heading --><!-- wp:heading -->\r\n<h3>\u00a0<\/h3>\r\n<h3><strong>IV INDALMAT<\/strong><\/h3>\r\n<!-- \/wp:heading --><!-- wp:paragraph {\"align\":\"justify\"} -->\r\n<p style=\"text-align: justify;\">El pasado viernes 5 de Octubre se celebr\u00f3 en la Universidad de Almer\u00eda la <strong>IV edici\u00f3n del concurso Indalmat<\/strong> en el cual participaron alumnos\/as de 1\u00ba de Bachillerato de Ciencias de nuestro instituto, acompa\u00f1ados por D. Francisco Morante y D\u00aa. Obdulia Guirado como profesorado de Matem\u00e1ticas del Departamento, siguiendo la \"tradici\u00f3n\" de asistir a esta convocatoria de la Facultad de Matem\u00e1ticas de la UAL. La actividad permiti\u00f3 al alumnado tener contacto con nuestra UAL y empezar a relacionarse con la misma, adem\u00e1s de competir y compartir experiencias con alumnado de otros centros de la provincia, por lo que fue un d\u00eda en el que disfrutaron con las matem\u00e1ticas desde otra perspectiva ya m\u00e1s enfocada hacia cursos superiores.<\/p>\r\n<!-- \/wp:paragraph --><!-- wp:image {\"id\":1648,\"align\":\"center\"} -->\r\n<div class=\"wp-block-image\">\r\n<figure class=\"aligncenter\"><img class=\"wp-image-1648 aligncenter\" src=\"https:\/\/blogsaverroes.juntadeandalucia.es\/iesalhadra\/files\/2019\/05\/Indalmat.jpg\" alt=\"\"><\/figure>\r\n<\/div>\r\n<!-- \/wp:image --><!-- wp:heading -->\r\n<h2>\u00a0<\/h2>\r\n<h3>\u00a0<\/h3>\r\n<h3><strong>ACADEMIA DE CIENCIAS EN EL RECREO<\/strong><\/h3>\r\n<!-- \/wp:heading --><!-- wp:paragraph -->\r\n<p>Desde principio de curso se vienen desarrollando distintas actividades y talleres en los recreos del IES Alhadra, y el Departamento de Matem\u00e1ticas se ha unido a esta iniciativa con la creaci\u00f3n de una Academia de Ciencias durante el horario del recreo, que se desarrolla en el propio Departamento a lo largo de toda la semana. Durante esos 30 minutos todo el alumnado tiene entrada libre ya sea para estudiar, preguntar dudas de matem\u00e1ticas u otras materias, realizar trabajos en los ordenadores, leer,....pero tambi\u00e9n para jugar a los cubos de rubik, al ajedrez, las damas, al domin\u00f3 matem\u00e1tico... \u00a1El alumnado siempre est\u00e1 acompa\u00f1ado por miembros del Departamento de Matem\u00e1ticas y esperamos la visita de todos nuestros alumnos\/as para disfrutar de las ciencias desde un punto de vista m\u00e1s l\u00fadico!<\/p>\r\n<!-- \/wp:paragraph --><!-- wp:gallery {\"ids\":[1650]} -->\r\n<figure><img class=\"wp-image-1650\" src=\"https:\/\/blogsaverroes.juntadeandalucia.es\/iesalhadra\/files\/2019\/05\/Academia-1-1024x768.jpg\" alt=\"\" data-id=\"1650\" data-link=\"http:\/\/iesalhadra.org\/wpAlhadra\/departamentos\/matematicas\/academia-2\/\"><\/figure>\r\n<!-- \/wp:gallery --><!-- wp:heading -->\r\n<h2>\u00a0<\/h2>\r\n<h3><strong>ACTIVIDAD EXTRAESCOLAR AJEDREZ<\/strong><\/h3>\r\n<!-- \/wp:heading --><!-- wp:paragraph {\"align\":\"justify\"} -->\r\n<p style=\"text-align: justify;\">El desarrollo de la actividad en los recreos de la Academia de Ciencias ha tra\u00eddo consigo el fomento del ajedrez entre el alumnado de nuestro centro. Es por ello que ha comenzado una actividad de ajedrez en horario extraescolar en nuestro centro, se lleva a cabo todos los martes y jueves de 16 a 17 horas y es impartida por un profesor de la Federaci\u00f3n Almeriense de Ajedrez de forma totalmente gratuita para nuestro alumnado. Las clases ya han comenzado pero siempre se est\u00e1 a tiempo de incorporarse tanto para aprender a jugar como para desarrollar los conocimientos que ya posean los alumn@s de nuestro IES Alhadra.<\/p>\r\n<!-- \/wp:paragraph --><!-- wp:heading -->\r\n<h3>\u00a0<\/h3>\r\n<h3><strong>CONCURSO DE FOTOGRAF\u00cdA MATEM\u00c1TICAS DE THALES<\/strong><\/h3>\r\n<!-- \/wp:heading --><!-- wp:paragraph -->\r\n<p>Como cada a\u00f1o la Sociedad Matem\u00e1tica Thales convoc\u00f3 un concurso de fotograf\u00eda matem\u00e1tica para alumnado de ESO y Bachillerato. A trav\u00e9s de la asignatura de TIC y con la supervisi\u00f3n de nuestra compa\u00f1era Isabel Segovia, han participado unas alumnas de nuestro centro en dicho concurso y aunque todav\u00eda no se saben los resultados os adjunto las fotos para que ve\u00e1is el resultado obtenido.<\/p>\r\n<!-- \/wp:paragraph --><!-- wp:gallery {\"ids\":[1653]} -->\r\n<figure><img class=\"wp-image-1653\" src=\"https:\/\/blogsaverroes.juntadeandalucia.es\/iesalhadra\/files\/2019\/05\/Thalos-1024x777.jpg\" alt=\"\" data-id=\"1653\" data-link=\"http:\/\/iesalhadra.org\/wpAlhadra\/departamentos\/matematicas\/thalos\/\"><\/figure>\r\n<!-- \/wp:gallery --><!-- wp:heading -->\r\n<h3>\u00a0<\/h3>\r\n<h3><strong>CONCURSO DE PROBLEMAS MATEM\u00c1TICOS<\/strong><\/h3>\r\n<!-- \/wp:heading --><!-- wp:paragraph {\"align\":\"justify\"} -->\r\n<p style=\"text-align: justify;\">Ya ha comenzado el concurso de problemas matem\u00e1ticos en el IES Alhadra dirigido a alumnado de 1\u00ba de ESO. El objetivo de este concurso es motivar y promover el estudio, an\u00e1lisis y soluci\u00f3n de problemas matem\u00e1ticos, adem\u00e1s de preparar a nuestro alumnado para las Olimpiadas Matem\u00e1ticas del pr\u00f3ximo curso. Queremos acercar la materia a nuestro alumnado con actividades l\u00fadicas y que motive al alumnado a trabajar, pensar, esforzarse\u2026 valores que promueve el estudio de las matem\u00e1ticas. Semanalmente se propondr\u00e1n 3 problemas con tres niveles de dificultad que el alumnado podr\u00e1 obtener en el Departamento de Matem\u00e1ticas o preguntando al profesorado que le imparte docencia.<\/p>\r\n<!-- \/wp:paragraph --><!-- wp:paragraph {\"align\":\"justify\"} -->\r\n<p style=\"text-align: justify;\">Antes de finalizar el curso los tres mejores alumnos\/as ser\u00e1n premiados por parte del Departamento y para el pr\u00f3ximo curso se pretende continuar para poder preparar a nuestro alumnado tanto para las Olimpiadas Matem\u00e1ticas de 2\u00ba de ESO como para el concurso de problemas de ingenio de 4\u00ba de ESO.<\/p>\r\n<!-- \/wp:paragraph --><!-- wp:heading -->\r\n<h3>\u00a0<\/h3>\r\n<h3><strong>CONCURSO DE PROBLEMAS DE INGENIO 2019<\/strong><\/h3>\r\n<!-- \/wp:heading --><!-- wp:paragraph {\"align\":\"justify\"} -->\r\n<p style=\"text-align: justify;\">El pasado Domingo 12 de Mayo se celebr\u00f3 en Dal\u00edas una nueva edici\u00f3n del concurso de Problemas de Ingenio de la Sociedad Matem\u00e1tica Thales. En esta edici\u00f3n el Departamento de Matem\u00e1ticas de nuestro centro particip\u00f3 con 10 alumnas de 4\u00ba de ESO A y B acompa\u00f1adas de profesorado del centro. La prueba individual por escrito se celebr\u00f3 en el IES \"Ciudad de Dal\u00edas\" y la prueba por equipos se celebr\u00f3 por diversos lugares del centro de la ciudad. El alumnado lleg\u00f3 a la actividad en bus, se le dio de desayunar y almorzar, y antes de finalizar el d\u00eda se entregaron los premios a los 10 mejores alumnos\/as entre los 120 participantes de la provincia que se dieron cita y cabe destacar que una alumna de nuestro centro, Andrea Mercader de 4\u00ba A obtuvo un diploma y una copa por quedar clasificada entre esos 10 alumnos\/as. El d\u00eda fue fant\u00e1stico y el alumnado disfrut\u00f3 mucho de la actividad.<\/p>\r\n<!-- \/wp:paragraph --><!-- wp:gallery {\"ids\":[1655,1656]} -->\r\n<figure><img class=\"wp-image-1655\" src=\"https:\/\/blogsaverroes.juntadeandalucia.es\/iesalhadra\/files\/2019\/05\/Andrea.jpg\" alt=\"\" data-id=\"1655\" data-link=\"http:\/\/iesalhadra.org\/wpAlhadra\/departamentos\/matematicas\/andrea\/\"><\/figure>\r\n<figure><img class=\"wp-image-1656\" src=\"https:\/\/blogsaverroes.juntadeandalucia.es\/iesalhadra\/files\/2019\/05\/Grupo.jpg\" alt=\"\" data-id=\"1656\" data-link=\"http:\/\/iesalhadra.org\/wpAlhadra\/departamentos\/matematicas\/grupo\/\"><\/figure>\r\n<!-- \/wp:gallery --><!-- wp:heading -->\r\n<h3>\u00a0<\/h3>\r\n<h3><strong>D\u00cdA ESCOLAR DE LAS MATEM\u00c1TICAS<\/strong><\/h3>\r\n<!-- \/wp:heading --><!-- wp:paragraph {\"align\":\"justify\"} -->\r\n<p style=\"text-align: justify;\">El 12 de Mayo fue el d\u00eda escolar de las matem\u00e1ticas y siempre hemos celebrado este d\u00eda en nuestro Centro. Para este curso, como el d\u00eda 12 fue Domingo, decidimos retrasar la actividad al viernes 17 de Mayo, d\u00eda en el que se realizaron unos talleres para el alumnado de ESO exclusivamente. Hubo dos tipos de actividades, una para 1\u00ba y 2\u00ba de ESO donde se realiz\u00f3 la construcci\u00f3n de una figura geom\u00e9trica en clase y otra para 3\u00ba y 4\u00ba de ESO, que fue una gymkana matem\u00e1tica realizada por nuestra compa\u00f1era Isabel Segovia de TIC.<\/p>\r\n<!-- \/wp:paragraph --><!-- wp:gallery {\"ids\":[1657,1658]} -->\r\n<figure><img class=\"wp-image-1657\" src=\"http:\/\/iesalhadra.org\/wpAlhadra\/wp-content\/uploads\/2019\/05\/\u00eda-1024x768.jpg\" alt=\"\" data-id=\"1657\" data-link=\"http:\/\/iesalhadra.org\/wpAlhadra\/departamentos\/matematicas\/ia\/\"><\/figure>\r\n<!-- \/wp:gallery --><!-- wp:heading -->\r\n<h2>\u00a0<\/h2>\r\n<h3><strong>PREMIOS I CONCURSO PROBLEMAS MATEM\u00c1TICOS<\/strong><\/h3>\r\n<!-- \/wp:heading --><!-- wp:paragraph -->\r\n<p>El Departamento de Matem\u00e1ticas ha otorgado los premios del I Concurso de problemas matem\u00e1ticos a 3 alumn@s de 1\u00ba de ESO. Los premiados son M\u00aa Mar Guti\u00e9rrez S\u00e1nchez de 1\u00ba ESO B que ha obtenido un juego de comp\u00e1s y una camiseta; Pedro Andr\u00e9s Segura Guardia de 1\u00ba ESO B que ha obtenido una calculadora y una camiseta; Pablo Torrijos L\u00f3pez de 1\u00ba ESO C que ha obtenido un pen-drive y una camiseta. Enhorabuena a los premiados y muchas gracias a los alumnos\/as participantes, ha sido una experiencia gratificante y el pr\u00f3ximo curso haremos el concurso para 1\u00ba y 2\u00ba de ESO con la idea de ir bien preparados a las Olimpiadas Matem\u00e1ticas Thales de 2\u00ba de ESO.<\/p>\r\n<!-- \/wp:paragraph --><!-- wp:gallery {\"ids\":[1757,1758]} -->\r\n<figure><img class=\"wp-image-1757 alignleft\" src=\"https:\/\/blogsaverroes.juntadeandalucia.es\/iesalhadra\/files\/2019\/06\/IMG_20190620_131612.jpg\" alt=\"\" data-id=\"1757\" data-link=\"http:\/\/iesalhadra.org\/wpAlhadra\/departamentos\/matematicas\/img_20190620_131612\/\">\r\n<figure><img class=\"wp-image-1758 alignright\" src=\"https:\/\/blogsaverroes.juntadeandalucia.es\/iesalhadra\/files\/2019\/06\/IMG_20190620_132100_1.jpg\" alt=\"\" data-id=\"1758\" data-link=\"http:\/\/iesalhadra.org\/wpAlhadra\/departamentos\/matematicas\/img_20190620_132100_1\/\"><\/figure>\r\n<\/figure>\r\n<!-- \/wp:gallery --><!-- wp:paragraph -->\r\n<p>\u00a0<\/p>\r\n<!-- \/wp:paragraph -->\r\n<p>\u00a0<\/p>","_et_gb_content_width":"","ngg_post_thumbnail":0,"footnotes":""},"aioseo_notices":[],"_links":{"self":[{"href":"https:\/\/blogsaverroes.juntadeandalucia.es\/iesalhadra\/wp-json\/wp\/v2\/pages\/207"}],"collection":[{"href":"https:\/\/blogsaverroes.juntadeandalucia.es\/iesalhadra\/wp-json\/wp\/v2\/pages"}],"about":[{"href":"https:\/\/blogsaverroes.juntadeandalucia.es\/iesalhadra\/wp-json\/wp\/v2\/types\/page"}],"author":[{"embeddable":true,"href":"https:\/\/blogsaverroes.juntadeandalucia.es\/iesalhadra\/wp-json\/wp\/v2\/users\/11169"}],"replies":[{"embeddable":true,"href":"https:\/\/blogsaverroes.juntadeandalucia.es\/iesalhadra\/wp-json\/wp\/v2\/comments?post=207"}],"version-history":[{"count":27,"href":"https:\/\/blogsaverroes.juntadeandalucia.es\/iesalhadra\/wp-json\/wp\/v2\/pages\/207\/revisions"}],"predecessor-version":[{"id":15048,"href":"https:\/\/blogsaverroes.juntadeandalucia.es\/iesalhadra\/wp-json\/wp\/v2\/pages\/207\/revisions\/15048"}],"up":[{"embeddable":true,"href":"https:\/\/blogsaverroes.juntadeandalucia.es\/iesalhadra\/wp-json\/wp\/v2\/pages\/43"}],"wp:featuredmedia":[{"embeddable":true,"href":"https:\/\/blogsaverroes.juntadeandalucia.es\/iesalhadra\/wp-json\/wp\/v2\/media\/6639"}],"wp:attachment":[{"href":"https:\/\/blogsaverroes.juntadeandalucia.es\/iesalhadra\/wp-json\/wp\/v2\/media?parent=207"}],"curies":[{"name":"wp","href":"https:\/\/api.w.org\/{rel}","templated":true}]}}